This is the mail archive of the
gcc-testresults@gcc.gnu.org
mailing list for the GCC project.
Results for 4.2.0 20060903 (experimental) testsuite on x86_64-unknown-linux-gnu
- From: Toon Moene <toon at moene dot indiv dot nluug dot nl>
- To: gcc-testresults at gcc dot gnu dot org
- Date: Sun, 03 Sep 2006 19:57:22 +0200
- Subject: Results for 4.2.0 20060903 (experimental) testsuite on x86_64-unknown-linux-gnu
LAST_UPDATED: Sun Sep 3 11:57:40 UTC 2006 (revision 116670)
=== acats tests ===
FAIL: c35507m
FAIL: cd2a23e
FAIL: cdd2a02
FAIL: cxh1001
=== acats Summary ===
# of expected passes 2313
# of unexpected failures 4
Native configuration is x86_64-unknown-linux-gnu
=== gcc tests ===
Running target unix
FAIL: gcc.c-torture/execute/mayalias-2.c compilation, -O3 -g (internal compiler error)
UNRESOLVED: gcc.c-torture/execute/mayalias-2.c execution, -O3 -g
FAIL: gcc.dg/nrv3.c scan-tree-dump-times return slot optimization 2
UNRESOLVED: gcc.dg/torture/fp-int-convert-float128-timode.c -O0 compilation failed to produce executable
UNRESOLVED: gcc.dg/torture/fp-int-convert-float128-timode.c -O1 compilation failed to produce executable
UNRESOLVED: gcc.dg/torture/fp-int-convert-float128-timode.c -O2 compilation failed to produce executable
UNRESOLVED: gcc.dg/torture/fp-int-convert-float128-timode.c -O3 -fomit-frame-pointer compilation failed to produce executable
UNRESOLVED: gcc.dg/torture/fp-int-convert-float128-timode.c -O3 -g compilation failed to produce executable
UNRESOLVED: gcc.dg/torture/fp-int-convert-float128-timode.c -Os compilation failed to produce executable
UNRESOLVED: gcc.dg/torture/fp-int-convert-float128.c -O0 compilation failed to produce executable
UNRESOLVED: gcc.dg/torture/fp-int-convert-float128.c -O1 compilation failed to produce executable
UNRESOLVED: gcc.dg/torture/fp-int-convert-float128.c -O2 compilation failed to produce executable
UNRESOLVED: gcc.dg/torture/fp-int-convert-float128.c -O3 -fomit-frame-pointer compilation failed to produce executable
UNRESOLVED: gcc.dg/torture/fp-int-convert-float128.c -O3 -g compilation failed to produce executable
UNRESOLVED: gcc.dg/torture/fp-int-convert-float128.c -Os compilation failed to produce executable
=== gcc Summary ===
# of expected passes 41011
# of unexpected failures 2
# of expected failures 123
# of unresolved testcases 13
# of untested testcases 28
# of unsupported tests 390
/home/toon/compilers/obj-t/gcc/xgcc version 4.2.0 20060903 (experimental)
=== gfortran tests ===
Running target unix
XPASS: gfortran.dg/vect/vect-5.f90 -O scan-tree-dump-times vectorized 2 loops 1
XPASS: gfortran.dg/vect/vect-5.f90 -O scan-tree-dump-times Alignment of access forced using peeling 1
XPASS: gfortran.dg/vect/vect-5.f90 -O scan-tree-dump-times Vectorizing an unaligned access 2
=== gfortran Summary ===
# of expected passes 14137
# of unexpected successes 3
# of expected failures 15
# of unsupported tests 17
/home/toon/compilers/obj-t/gcc/testsuite/gfortran/../../gfortran version 4.2.0 20060903 (experimental)
=== g++ tests ===
Running target unix
XPASS: g++.dg/tree-ssa/ivopts-1.C scan-tree-dump-not &x\\[5\\]
=== g++ Summary ===
# of expected passes 13038
# of unexpected successes 1
# of expected failures 67
# of unsupported tests 99
/home/toon/compilers/obj-t/gcc/testsuite/g++/../../g++ version 4.2.0 20060903 (experimental)
=== gnat tests ===
Running target unix
FAIL: gnat.dg/frame_overflow.adb (test for errors, line 12)
FAIL: gnat.dg/frame_overflow.adb (test for errors, line 21)
=== gnat Summary ===
# of expected passes 24
# of unexpected failures 2
=== obj-c++ tests ===
Running target unix
FAIL: obj-c++.dg/bitfield-1.mm (test for excess errors)
FAIL: obj-c++.dg/bitfield-4.mm (test for excess errors)
FAIL: obj-c++.dg/comp-types-10.mm (internal compiler error)
FAIL: obj-c++.dg/comp-types-10.mm (test for excess errors)
FAIL: obj-c++.dg/cxx-ivars-2.mm execution test
FAIL: obj-c++.dg/encode-3.mm (test for excess errors)
FAIL: obj-c++.dg/encode-3.mm execution test
FAIL: obj-c++.dg/encode-8.mm execution test
FAIL: obj-c++.dg/isa-field-1.mm (test for excess errors)
FAIL: obj-c++.dg/layout-1.mm (test for excess errors)
FAIL: obj-c++.dg/lookup-2.mm (test for excess errors)
UNRESOLVED: obj-c++.dg/lookup-2.mm compilation failed to produce executable
FAIL: obj-c++.dg/try-catch-2.mm (test for excess errors)
UNRESOLVED: obj-c++.dg/try-catch-2.mm compilation failed to produce executable
FAIL: obj-c++.dg/try-catch-9.mm (internal compiler error)
FAIL: obj-c++.dg/try-catch-9.mm (test for excess errors)
UNRESOLVED: obj-c++.dg/try-catch-9.mm compilation failed to produce executable
=== obj-c++ Summary ===
# of expected passes 423
# of unexpected failures 14
# of unresolved testcases 3
# of unsupported tests 13
/home/toon/compilers/obj-t/gcc/testsuite/obj-c++/../../g++ version 4.2.0 20060903 (experimental)
=== objc tests ===
Running target unix
=== objc Summary ===
# of expected passes 1754
# of expected failures 7
# of unsupported tests 24
/home/toon/compilers/obj-t/gcc/xgcc version 4.2.0 20060903 (experimental)
=== libffi tests ===
Running target unix
=== libffi Summary ===
# of expected passes 1084
# of unsupported tests 8
=== libgomp tests ===
Running target unix
=== libgomp Summary ===
# of expected passes 1500
=== libjava tests ===
Running target unix
=== libjava Summary ===
# of expected passes 6929
# of expected failures 12
# of untested testcases 8
=== libmudflap tests ===
Running target unix
=== libmudflap Summary ===
# of expected passes 1814
=== libstdc++ tests ===
Running target unix
FAIL: abi_check
XPASS: 26_numerics/cmath/c99_classification_macros_c.cc (test for excess errors)
XPASS: 27_io/fpos/14320-1.cc execution test
FAIL: ext/pb_ds/example/basic_map.cc (test for excess errors)
UNRESOLVED: ext/pb_ds/example/basic_map.cc compilation failed to produce executable
FAIL: ext/pb_ds/example/basic_multimap.cc (test for excess errors)
UNRESOLVED: ext/pb_ds/example/basic_multimap.cc compilation failed to produce executable
FAIL: ext/pb_ds/example/basic_multiset.cc (test for excess errors)
UNRESOLVED: ext/pb_ds/example/basic_multiset.cc compilation failed to produce executable
FAIL: ext/pb_ds/example/basic_priority_queue.cc (test for excess errors)
UNRESOLVED: ext/pb_ds/example/basic_priority_queue.cc compilation failed to produce executable
FAIL: ext/pb_ds/example/basic_set.cc (test for excess errors)
UNRESOLVED: ext/pb_ds/example/basic_set.cc compilation failed to produce executable
FAIL: ext/pb_ds/example/erase_if.cc (test for excess errors)
UNRESOLVED: ext/pb_ds/example/erase_if.cc compilation failed to produce executable
FAIL: ext/pb_ds/example/hash_find_neg.cc (test for excess errors)
FAIL: ext/pb_ds/example/hash_illegal_resize.cc (test for excess errors)
UNRESOLVED: ext/pb_ds/example/hash_illegal_resize.cc compilation failed to produce executable
FAIL: ext/pb_ds/example/hash_initial_size.cc (test for excess errors)
UNRESOLVED: ext/pb_ds/example/hash_initial_size.cc compilation failed to produce executable
FAIL: ext/pb_ds/example/hash_load_set_change.cc (test for excess errors)
UNRESOLVED: ext/pb_ds/example/hash_load_set_change.cc compilation failed to produce executable
FAIL: ext/pb_ds/example/hash_mod.cc (test for excess errors)
UNRESOLVED: ext/pb_ds/example/hash_mod.cc compilation failed to produce executable
FAIL: ext/pb_ds/example/hash_resize.cc (test for excess errors)
UNRESOLVED: ext/pb_ds/example/hash_resize.cc compilation failed to produce executable
FAIL: ext/pb_ds/example/hash_shift_mask.cc (test for excess errors)
UNRESOLVED: ext/pb_ds/example/hash_shift_mask.cc compilation failed to produce executable
FAIL: ext/pb_ds/example/priority_queue_dijkstra.cc (test for excess errors)
UNRESOLVED: ext/pb_ds/example/priority_queue_dijkstra.cc compilation failed to produce executable
FAIL: ext/pb_ds/example/priority_queue_erase_if.cc (test for excess errors)
UNRESOLVED: ext/pb_ds/example/priority_queue_erase_if.cc compilation failed to produce executable
FAIL: ext/pb_ds/example/priority_queue_split_join.cc (test for excess errors)
UNRESOLVED: ext/pb_ds/example/priority_queue_split_join.cc compilation failed to produce executable
FAIL: ext/pb_ds/example/priority_queue_xref.cc (test for excess errors)
UNRESOLVED: ext/pb_ds/example/priority_queue_xref.cc compilation failed to produce executable
FAIL: ext/pb_ds/example/ranged_hash.cc (test for excess errors)
UNRESOLVED: ext/pb_ds/example/ranged_hash.cc compilation failed to produce executable
FAIL: ext/pb_ds/example/store_hash.cc (test for excess errors)
UNRESOLVED: ext/pb_ds/example/store_hash.cc compilation failed to produce executable
FAIL: ext/pb_ds/example/tree_intervals.cc (test for excess errors)
UNRESOLVED: ext/pb_ds/example/tree_intervals.cc compilation failed to produce executable
FAIL: ext/pb_ds/example/tree_join.cc (test for excess errors)
UNRESOLVED: ext/pb_ds/example/tree_join.cc compilation failed to produce executable
FAIL: ext/pb_ds/example/tree_order_statistics.cc (test for excess errors)
UNRESOLVED: ext/pb_ds/example/tree_order_statistics.cc compilation failed to produce executable
FAIL: ext/pb_ds/example/tree_order_statistics_join.cc (test for excess errors)
UNRESOLVED: ext/pb_ds/example/tree_order_statistics_join.cc compilation failed to produce executable
FAIL: ext/pb_ds/example/trie_dna.cc (test for excess errors)
UNRESOLVED: ext/pb_ds/example/trie_dna.cc compilation failed to produce executable
FAIL: ext/pb_ds/example/trie_prefix_search.cc (test for excess errors)
UNRESOLVED: ext/pb_ds/example/trie_prefix_search.cc compilation failed to produce executable
FAIL: ext/pb_ds/example/trie_split.cc (test for excess errors)
UNRESOLVED: ext/pb_ds/example/trie_split.cc compilation failed to produce executable
FAIL: ext/pb_ds/regression/associative_containers.cc (test for excess errors)
UNRESOLVED: ext/pb_ds/regression/associative_containers.cc compilation failed to produce executable
FAIL: ext/pb_ds/regression/hash_data_map_rand.cc (test for excess errors)
UNRESOLVED: ext/pb_ds/regression/hash_data_map_rand.cc compilation failed to produce executable
FAIL: ext/pb_ds/regression/hash_no_data_map_rand.cc (test for excess errors)
UNRESOLVED: ext/pb_ds/regression/hash_no_data_map_rand.cc compilation failed to produce executable
FAIL: ext/pb_ds/regression/priority_queue_rand.cc (test for excess errors)
UNRESOLVED: ext/pb_ds/regression/priority_queue_rand.cc compilation failed to produce executable
FAIL: ext/pb_ds/regression/priority_queues.cc (test for excess errors)
UNRESOLVED: ext/pb_ds/regression/priority_queues.cc compilation failed to produce executable
FAIL: ext/pb_ds/regression/tree_data_map_rand.cc (test for excess errors)
UNRESOLVED: ext/pb_ds/regression/tree_data_map_rand.cc compilation failed to produce executable
FAIL: ext/pb_ds/regression/tree_no_data_map_rand.cc (test for excess errors)
UNRESOLVED: ext/pb_ds/regression/tree_no_data_map_rand.cc compilation failed to produce executable
FAIL: ext/pb_ds/regression/trie_data_map_rand.cc (test for excess errors)
UNRESOLVED: ext/pb_ds/regression/trie_data_map_rand.cc compilation failed to produce executable
FAIL: ext/pb_ds/regression/trie_no_data_map_rand.cc (test for excess errors)
UNRESOLVED: ext/pb_ds/regression/trie_no_data_map_rand.cc compilation failed to produce executable
=== libstdc++ Summary ===
# of expected passes 3657
# of unexpected failures 36
# of unexpected successes 2
# of expected failures 12
# of unresolved testcases 34
# of unsupported tests 319
Compiler version: 4.2.0 20060903 (experimental)
Platform: x86_64-unknown-linux-gnu
configure flags: --disable-nls --disable-multilib --prefix=/usr/snp --enable-languages=c,ada,c++,fortran,java,objc,obj-c++