This is the mail archive of the gcc-testresults@gcc.gnu.org mailing list for the GCC project.


Index Nav: [Date Index] [Subject Index] [Author Index] [Thread Index]
Message Nav: [Date Prev] [Date Next] [Thread Prev] [Thread Next]
Other format: [Raw text]

Results for 4.2.0 20060823 (experimental) testsuite on sh64-unknown-linux-gnu


Remote host:  2.4.23-pre3 sh64
GNU C Library version 2.2.5
LAST_UPDATED: Wed Aug 23 22:09:13 UTC 2006 (revision 116356)

Target is sh64-unknown-linux-gnu
Host   is i686-pc-linux-gnu

		=== g++ tests ===


Running target unix
WARNING: Assuming target board is the local machine (which is probably wrong).
FAIL: tmpdir-g++.dg-struct-layout-1/t024 cp_compat_x_tst.o-cp_compat_y_tst.o execute 
FAIL: g++.dg/abi/bitfield5.C  (test for warnings, line 11)
FAIL: g++.dg/eh/registers1.C execution test
FAIL: g++.dg/ext/attrib21.C (test for excess errors)
XPASS: g++.old-deja/g++.jason/thunk3.C execution test
FAIL: g++.old-deja/g++.law/profile1.C (test for excess errors)

		=== g++ Summary ===

# of expected passes		12845
# of unexpected failures	5
# of unexpected successes	1
# of expected failures		66
# of unsupported tests		134
/ext3/suzaku/home/kkojima/xsh-gcc-orig/gcc/testsuite/g++/../../g++  version 4.2.0 20060823 (experimental)

Host   is i686-pc-linux-gnu

		=== gcc tests ===


Running target unix
WARNING: Assuming target board is the local machine (which is probably wrong).
WARNING: program timed out.
FAIL: gcc.c-torture/compile/20001226-1.c (test for excess errors)
WARNING: program timed out.
FAIL: gcc.c-torture/compile/20001226-1.c (test for excess errors)
WARNING: program timed out.
FAIL: gcc.c-torture/compile/20001226-1.c (test for excess errors)
WARNING: program timed out.
FAIL: gcc.c-torture/compile/20001226-1.c (test for excess errors)
FAIL: gcc.c-torture/execute/20050316-1.c execution,  -O2 
FAIL: gcc.c-torture/execute/960209-1.c compilation,  -O3 -fomit-frame-pointer  (internal compiler error)
UNRESOLVED: gcc.c-torture/execute/960209-1.c execution,  -O3 -fomit-frame-pointer 
FAIL: gcc.c-torture/execute/960209-1.c compilation,  -O3 -fomit-frame-pointer -funroll-loops  (internal compiler error)
UNRESOLVED: gcc.c-torture/execute/960209-1.c execution,  -O3 -fomit-frame-pointer -funroll-loops 
FAIL: gcc.c-torture/execute/960209-1.c compilation,  -O3 -fomit-frame-pointer -funroll-all-loops -finline-functions  (internal compiler error)
UNRESOLVED: gcc.c-torture/execute/960209-1.c execution,  -O3 -fomit-frame-pointer -funroll-all-loops -finline-functions 
FAIL: gcc.c-torture/execute/960209-1.c compilation,  -O3 -g  (internal compiler error)
UNRESOLVED: gcc.c-torture/execute/960209-1.c execution,  -O3 -g 
FAIL: gcc.c-torture/execute/ieee/mul-subnormal-single-1.c execution,  -O0 
FAIL: gcc.c-torture/execute/ieee/mul-subnormal-single-1.c execution,  -O1 
FAIL: gcc.c-torture/execute/ieee/mul-subnormal-single-1.c execution,  -O2 
FAIL: gcc.c-torture/execute/ieee/mul-subnormal-single-1.c execution,  -O3 -fomit-frame-pointer 
FAIL: gcc.c-torture/execute/ieee/mul-subnormal-single-1.c execution,  -O3 -fomit-frame-pointer -funroll-loops 
FAIL: gcc.c-torture/execute/ieee/mul-subnormal-single-1.c execution,  -O3 -fomit-frame-pointer -funroll-all-loops -finline-functions 
FAIL: gcc.c-torture/execute/ieee/mul-subnormal-single-1.c execution,  -O3 -g 
FAIL: gcc.c-torture/execute/ieee/mul-subnormal-single-1.c execution,  -Os 
FAIL: gcc.dg/20021014-1.c (test for excess errors)
FAIL: gcc.dg/Wpadded.c  (test for warnings, line 12)
FAIL: gcc.dg/assign-warn-2.c  (test for errors, line 124)
FAIL: gcc.dg/assign-warn-2.c (test for excess errors)
FAIL: gcc.dg/attr-weakref-1.c (test for excess errors)
WARNING: gcc.dg/attr-weakref-1.c compilation failed to produce executable
FAIL: gcc.dg/nest.c (test for excess errors)
FAIL: gcc.dg/nested-func-4.c (test for excess errors)
FAIL: gcc.dg/pack-test-5.c execution test
FAIL: gcc.dg/pr19340.c (internal compiler error)
FAIL: gcc.dg/pr19340.c (test for excess errors)
FAIL: gcc.dg/pr26570.c  (test for warnings, line 7)
FAIL: gcc.dg/pr26570.c  (test for warnings, line 14)
FAIL: gcc.dg/pr26570.c (test for excess errors)
XPASS: gcc.dg/tree-ssa/20040204-1.c scan-tree-dump-times link_error 0
FAIL: gcc.dg/tree-ssa/gen-vect-11c.c scan-tree-dump-times vectorized 0 loops 1
FAIL: gcc.dg/tree-ssa/loop-1.c scan-assembler-times jsr|blink	tr?,r18 5
XPASS: gcc.dg/tree-ssa/sra-2.c scan-tree-dump-times link_error 0
FAIL: gcc.dg/tree-ssa/ssa-fre-3.c scan-tree-dump Replaced \\(int\\) aa_.*with a_

		=== gcc Summary ===

# of expected passes		39581
# of unexpected failures	33
# of unexpected successes	2
# of expected failures		78
# of unresolved testcases	4
# of untested testcases		28
# of unsupported tests		400
/ext3/suzaku/home/kkojima/xsh-gcc-orig/gcc/xgcc  version 4.2.0 20060823 (experimental)

Host   is i686-pc-linux-gnu

		=== objc tests ===


Running target unix
WARNING: Assuming target board is the local machine (which is probably wrong).
FAIL: objc/execute/bf-10.m execution,  -O0  -fgnu-runtime
FAIL: objc/execute/bf-10.m execution,  -O1  -fgnu-runtime
FAIL: objc/execute/bf-10.m execution,  -O2  -fgnu-runtime
FAIL: objc/execute/bf-10.m execution,  -O3 -fomit-frame-pointer  -fgnu-runtime
FAIL: objc/execute/bf-10.m execution,  -O3 -g  -fgnu-runtime
FAIL: objc/execute/bf-10.m execution,  -Os  -fgnu-runtime
FAIL: objc/execute/bf-11.m execution,  -O0  -fgnu-runtime
FAIL: objc/execute/bf-11.m execution,  -O1  -fgnu-runtime
FAIL: objc/execute/bf-11.m execution,  -O2  -fgnu-runtime
FAIL: objc/execute/bf-11.m execution,  -O3 -fomit-frame-pointer  -fgnu-runtime
FAIL: objc/execute/bf-11.m execution,  -O3 -g  -fgnu-runtime
FAIL: objc/execute/bf-11.m execution,  -Os  -fgnu-runtime
FAIL: objc/execute/bf-12.m execution,  -O0  -fgnu-runtime
FAIL: objc/execute/bf-12.m execution,  -O1  -fgnu-runtime
FAIL: objc/execute/bf-12.m execution,  -O2  -fgnu-runtime
FAIL: objc/execute/bf-12.m execution,  -O3 -fomit-frame-pointer  -fgnu-runtime
FAIL: objc/execute/bf-12.m execution,  -O3 -g  -fgnu-runtime
FAIL: objc/execute/bf-12.m execution,  -Os  -fgnu-runtime
FAIL: objc/execute/bf-5.m execution,  -O0  -fgnu-runtime
FAIL: objc/execute/bf-5.m execution,  -O1  -fgnu-runtime
FAIL: objc/execute/bf-5.m execution,  -O2  -fgnu-runtime
FAIL: objc/execute/bf-5.m execution,  -O3 -fomit-frame-pointer  -fgnu-runtime
FAIL: objc/execute/bf-5.m execution,  -O3 -g  -fgnu-runtime
FAIL: objc/execute/bf-5.m execution,  -Os  -fgnu-runtime
FAIL: objc/execute/bf-6.m execution,  -O0  -fgnu-runtime
FAIL: objc/execute/bf-6.m execution,  -O1  -fgnu-runtime
FAIL: objc/execute/bf-6.m execution,  -O2  -fgnu-runtime
FAIL: objc/execute/bf-6.m execution,  -O3 -fomit-frame-pointer  -fgnu-runtime
FAIL: objc/execute/bf-6.m execution,  -O3 -g  -fgnu-runtime
FAIL: objc/execute/bf-6.m execution,  -Os  -fgnu-runtime
FAIL: objc/execute/bf-7.m execution,  -O0  -fgnu-runtime
FAIL: objc/execute/bf-7.m execution,  -O1  -fgnu-runtime
FAIL: objc/execute/bf-7.m execution,  -O2  -fgnu-runtime
FAIL: objc/execute/bf-7.m execution,  -O3 -fomit-frame-pointer  -fgnu-runtime
FAIL: objc/execute/bf-7.m execution,  -O3 -g  -fgnu-runtime
FAIL: objc/execute/bf-7.m execution,  -Os  -fgnu-runtime
FAIL: objc/execute/bf-8.m execution,  -O0  -fgnu-runtime
FAIL: objc/execute/bf-8.m execution,  -O1  -fgnu-runtime
FAIL: objc/execute/bf-8.m execution,  -O2  -fgnu-runtime
FAIL: objc/execute/bf-8.m execution,  -O3 -fomit-frame-pointer  -fgnu-runtime
FAIL: objc/execute/bf-8.m execution,  -O3 -g  -fgnu-runtime
FAIL: objc/execute/bf-8.m execution,  -Os  -fgnu-runtime
FAIL: objc/execute/bf-9.m execution,  -O0  -fgnu-runtime
FAIL: objc/execute/bf-9.m execution,  -O1  -fgnu-runtime
FAIL: objc/execute/bf-9.m execution,  -O2  -fgnu-runtime
FAIL: objc/execute/bf-9.m execution,  -O3 -fomit-frame-pointer  -fgnu-runtime
FAIL: objc/execute/bf-9.m execution,  -O3 -g  -fgnu-runtime
FAIL: objc/execute/bf-9.m execution,  -Os  -fgnu-runtime
FAIL: objc.dg/bitfield-3.m  (test for warnings, line 21)
FAIL: objc.dg/bitfield-3.m  (test for warnings, line 28)
FAIL: objc.dg/bitfield-3.m  (test for warnings, line 33)
FAIL: objc.dg/bitfield-3.m  (test for warnings, line 34)
FAIL: objc.dg/bitfield-3.m execution test
FAIL: objc.dg/bitfield-5.m  (test for warnings, line 24)
FAIL: objc.dg/bitfield-5.m  (test for warnings, line 33)
FAIL: objc.dg/bitfield-5.m  (test for warnings, line 40)
FAIL: objc.dg/bitfield-5.m  (test for warnings, line 52)
FAIL: objc.dg/bitfield-5.m  (test for warnings, line 57)
FAIL: objc.dg/bitfield-5.m  (test for warnings, line 70)
FAIL: objc.dg/bitfield-5.m  (test for warnings, line 74)
FAIL: objc.dg/bitfield-5.m  (test for warnings, line 75)
FAIL: objc.dg/bitfield-5.m  (test for warnings, line 76)
FAIL: objc.dg/bitfield-5.m execution test
FAIL: objc.dg/stabs-1.m scan-assembler (.SUBSPA.*[\$]CODE[\$]|.text"?)\\n\\t.stabs.*100,0,0,(\\\\.)?L?L[\$]?etext[0-9]*\\n(\\\\.)?L?L[\$]?etext

		=== objc Summary ===

# of expected passes		1690
# of unexpected failures	64
# of expected failures		7
# of unsupported tests		24
/ext3/suzaku/home/kkojima/xsh-gcc-orig/gcc/xgcc  version 4.2.0 20060823 (experimental)

Host   is sh64-unknown-linux-gnu

		=== libgomp tests ===


Running target unix
WARNING: Assuming target board is the local machine (which is probably wrong).

		=== libgomp Summary ===

# of expected passes		340
# of unsupported tests		62
Host   is sh64-unknown-linux-gnu

		=== libmudflap tests ===


Running target unix
WARNING: Assuming target board is the local machine (which is probably wrong).
FAIL: libmudflap.c/pass47-frag.c execution test
FAIL: libmudflap.c/pass47-frag.c execution test
FAIL: libmudflap.c/pass47-frag.c (-static) execution test
FAIL: libmudflap.c/pass47-frag.c (-static) execution test
FAIL: libmudflap.c/pass47-frag.c (-O2) execution test
FAIL: libmudflap.c/pass47-frag.c (-O2) execution test
FAIL: libmudflap.c/pass47-frag.c (-O3) execution test
FAIL: libmudflap.c/pass47-frag.c (-O3) execution test

		=== libmudflap Summary ===

# of expected passes		1806
# of unexpected failures	8
Host   is sh64-unknown-linux-gnu

		=== libstdc++ tests ===


Running target unix
WARNING: Assuming target board is the local machine (which is probably wrong).
XPASS: 26_numerics/cmath/c99_classification_macros_c.cc (test for excess errors)
FAIL: 26_numerics/complex/13450.cc execution test
FAIL: 27_io/fpos/14775.cc execution test
FAIL: ext/pb_ds/example/priority_queue_dijkstra.cc execution test
FAIL: ext/pb_ds/regression/hash_data_map_rand.cc execution test
FAIL: ext/pb_ds/regression/hash_no_data_map_rand.cc execution test
FAIL: tr1/2_general_utilities/memory/shared_ptr/thread/lockfree_weaktoshared.cc (test for excess errors)
WARNING: tr1/2_general_utilities/memory/shared_ptr/thread/lockfree_weaktoshared.cc compilation failed to produce executable

		=== libstdc++ Summary ===

# of expected passes		3713
# of unexpected failures	6
# of unexpected successes	1
# of expected failures		13
# of unsupported tests		321

Compiler version: 4.2.0 20060823 (experimental) 
Platform: sh64-unknown-linux-gnu
configure flags: --host=i686-pc-linux-gnu --target=sh64-unknown-linux-gnu --enable-shared --enable-threads --with-ld=/usr/local/bin/sh64-unknown-linux-gnu-ld --with-sysroot=/ext3/suzaku/ --disable-multilib --enable-languages=c,c++,objc


Index Nav: [Date Index] [Subject Index] [Author Index] [Thread Index]
Message Nav: [Date Prev] [Date Next] [Thread Prev] [Thread Next]