This is the mail archive of the
gcc-testresults@gcc.gnu.org
mailing list for the GCC project.
Results for 4.1.2 20060817 (Red Hat 4.1.1-18) [redhat/gcc-4_1-branch revision 116353] testsuite on x86_64-redhat-linux-gnu
- From: hjl at gnu-20 dot sc dot intel dot com (H.J. Lu)
- To: gcc-testresults at gcc dot gnu dot org
- Date: Wed, 23 Aug 2006 22:16:42 -0700 (PDT)
- Subject: Results for 4.1.2 20060817 (Red Hat 4.1.1-18) [redhat/gcc-4_1-branch revision 116353] testsuite on x86_64-redhat-linux-gnu
LAST_UPDATED: Wed Aug 23 16:36:04 UTC 2006 (revision 116353)
=== acats tests ===
=== acats Summary ===
# of expected passes 2317
# of unexpected failures 0
Native configuration is x86_64-redhat-linux-gnu
=== gcc tests ===
Running target unix/-m32
FAIL: gcc.dg/ipa/ipa-1.c (test for excess errors)
FAIL: gcc.dg/ipa/ipa-2.c (test for excess errors)
FAIL: gcc.dg/ipa/ipa-3.c (test for excess errors)
FAIL: gcc.dg/ipa/ipa-4.c (test for excess errors)
FAIL: gcc.dg/ipa/ipa-5.c (test for excess errors)
FAIL: gcc.dg/tree-ssa/pr23294.c scan-tree-dump-times a \\* 5 3
FAIL: gcc.dg/tree-ssa/pr23294.c scan-tree-dump \\(a - b \\* 3\\) \\* 2
FAIL: gcc.dg/tree-ssa/pr23294.c scan-tree-dump \\(a \\* 3 - b\\) \\* 2
FAIL: gcc.dg/tree-ssa/vrp22.c scan-tree-dump-times link_error 0
=== gcc Summary for unix/-m32 ===
# of expected passes 38948
# of unexpected failures 9
# of expected failures 105
# of untested testcases 28
# of unsupported tests 258
Running target unix
FAIL: gcc.dg/ipa/ipa-1.c (test for excess errors)
FAIL: gcc.dg/ipa/ipa-2.c (test for excess errors)
FAIL: gcc.dg/ipa/ipa-3.c (test for excess errors)
FAIL: gcc.dg/ipa/ipa-4.c (test for excess errors)
FAIL: gcc.dg/ipa/ipa-5.c (test for excess errors)
FAIL: gcc.dg/tree-ssa/pr23294.c scan-tree-dump-times a \\* 5 3
FAIL: gcc.dg/tree-ssa/pr23294.c scan-tree-dump \\(a - b \\* 3\\) \\* 2
FAIL: gcc.dg/tree-ssa/pr23294.c scan-tree-dump \\(a \\* 3 - b\\) \\* 2
FAIL: gcc.dg/tree-ssa/vrp22.c scan-tree-dump-times link_error 0
=== gcc Summary for unix ===
# of expected passes 38846
# of unexpected failures 9
# of expected failures 104
# of untested testcases 28
# of unsupported tests 359
=== gcc Summary ===
# of expected passes 77794
# of unexpected failures 18
# of expected failures 209
# of untested testcases 56
# of unsupported tests 617
/export/build/gnu/gcc-4.1-redhat/build-x86_64-redhat-linux/gcc/xgcc version 4.1.2 20060817 (Red Hat 4.1.1-18) [redhat/gcc-4_1-branch revision 116353]
=== gfortran tests ===
Running target unix/-m32
=== gfortran Summary for unix/-m32 ===
# of expected passes 13416
# of expected failures 15
# of unsupported tests 16
Running target unix
XPASS: gfortran.dg/vect/vect-5.f90 scan-tree-dump-times vectorized 2 loops 1
XPASS: gfortran.dg/vect/vect-5.f90 scan-tree-dump-times Alignment of access forced using peeling 1
XPASS: gfortran.dg/vect/vect-5.f90 scan-tree-dump-times Vectorizing an unaligned access 2
=== gfortran Summary for unix ===
# of expected passes 13413
# of unexpected successes 3
# of expected failures 15
# of unsupported tests 16
=== gfortran Summary ===
# of expected passes 26829
# of unexpected successes 3
# of expected failures 30
# of unsupported tests 32
/export/build/gnu/gcc-4.1-redhat/build-x86_64-redhat-linux/gcc/testsuite/gfortran/../../gfortran version 4.1.2 20060817 (Red Hat 4.1.1-18) [redhat/gcc-4_1-branch revision 116353]
=== g++ tests ===
Running target unix/-m32
XPASS: g++.dg/tree-ssa/pr14814.C scan-tree-dump-times &this 0
=== g++ Summary for unix/-m32 ===
# of expected passes 12621
# of unexpected successes 1
# of expected failures 67
# of unsupported tests 66
Running target unix
XPASS: g++.dg/tree-ssa/pr14814.C scan-tree-dump-times &this 0
=== g++ Summary for unix ===
# of expected passes 12536
# of unexpected successes 1
# of expected failures 67
# of unsupported tests 95
=== g++ Summary ===
# of expected passes 25157
# of unexpected successes 2
# of expected failures 134
# of unsupported tests 161
/export/build/gnu/gcc-4.1-redhat/build-x86_64-redhat-linux/gcc/testsuite/g++/../../g++ version 4.1.2 20060817 (Red Hat 4.1.1-18) [redhat/gcc-4_1-branch revision 116353]
=== objc tests ===
Running target unix/-m32
=== objc Summary for unix/-m32 ===
# of expected passes 1685
# of unsupported tests 23
Running target unix
=== objc Summary for unix ===
# of expected passes 1685
# of unsupported tests 23
=== objc Summary ===
# of expected passes 3370
# of unsupported tests 46
/export/build/gnu/gcc-4.1-redhat/build-x86_64-redhat-linux/gcc/xgcc version 4.1.2 20060817 (Red Hat 4.1.1-18) [redhat/gcc-4_1-branch revision 116353]
=== libffi tests ===
Running target unix/-m32
=== libffi Summary for unix/-m32 ===
# of expected passes 912
# of unsupported tests 8
Running target unix
=== libffi Summary for unix ===
# of expected passes 912
# of unsupported tests 8
=== libffi Summary ===
# of expected passes 1824
# of unsupported tests 16
=== libgomp tests ===
Running target unix/-m32
FAIL: libgomp.c/ordered-2.c (test for excess errors)
WARNING: libgomp.c/ordered-2.c compilation failed to produce executable
FAIL: libgomp.fortran/lib1.f90 execution test
FAIL: libgomp.fortran/lib1.f90 execution test
FAIL: libgomp.fortran/lib2.f execution test
FAIL: libgomp.fortran/lib2.f execution test
FAIL: libgomp.fortran/lib3.f execution test
FAIL: libgomp.fortran/lib3.f execution test
FAIL: libgomp.fortran/lib3.f execution test
=== libgomp Summary for unix/-m32 ===
# of expected passes 1475
# of unexpected failures 8
Running target unix
FAIL: libgomp.fortran/omp_parse3.f90 execution test
=== libgomp Summary for unix ===
# of expected passes 1483
# of unexpected failures 1
=== libgomp Summary ===
# of expected passes 2958
# of unexpected failures 9
=== libjava tests ===
Running target unix/-m32
FAIL: PR18699 -findirect-dispatch execution - bytecode->native test
FAIL: PR18699 -O3 -findirect-dispatch execution - bytecode->native test
FAIL: Process_1 -findirect-dispatch execution - bytecode->native test
FAIL: Process_1 -O3 -findirect-dispatch execution - bytecode->native test
FAIL: Process_2 -findirect-dispatch execution - bytecode->native test
FAIL: Process_2 -O3 -findirect-dispatch execution - bytecode->native test
FAIL: Process_3 -findirect-dispatch execution - bytecode->native test
FAIL: Process_3 -O3 -findirect-dispatch execution - bytecode->native test
FAIL: Process_4 -findirect-dispatch execution - bytecode->native test
FAIL: Process_4 -O3 -findirect-dispatch execution - bytecode->native test
FAIL: Process_5 -findirect-dispatch execution - bytecode->native test
FAIL: Process_5 -O3 -findirect-dispatch execution - bytecode->native test
FAIL: Process_6 -findirect-dispatch execution - bytecode->native test
FAIL: Process_6 -O3 -findirect-dispatch execution - bytecode->native test
FAIL: StackTrace2 -findirect-dispatch execution - bytecode->native test
FAIL: StackTrace2 -O3 execution - source compiled test
FAIL: StackTrace2 -O3 -findirect-dispatch execution - bytecode->native test
FAIL: SyncTest -findirect-dispatch execution - bytecode->native test
FAIL: SyncTest -O3 -findirect-dispatch execution - bytecode->native test
FAIL: TLtest -findirect-dispatch execution - bytecode->native test
FAIL: TLtest -O3 -findirect-dispatch execution - bytecode->native test
FAIL: Thread_Alive -findirect-dispatch execution - bytecode->native test
FAIL: Thread_Alive -O3 -findirect-dispatch execution - bytecode->native test
FAIL: Thread_Interrupt -findirect-dispatch execution - bytecode->native test
FAIL: Thread_Interrupt -O3 -findirect-dispatch execution - bytecode->native test
FAIL: Thread_Join -findirect-dispatch execution - bytecode->native test
FAIL: Thread_Join -O3 -findirect-dispatch execution - bytecode->native test
FAIL: Thread_Wait -findirect-dispatch execution - bytecode->native test
FAIL: Thread_Wait -O3 -findirect-dispatch execution - bytecode->native test
FAIL: Thread_Wait_2 -findirect-dispatch execution - bytecode->native test
FAIL: Thread_Wait_2 -O3 -findirect-dispatch execution - bytecode->native test
FAIL: Thread_Wait_Interrupt -findirect-dispatch execution - bytecode->native test
FAIL: Thread_Wait_Interrupt -O3 -findirect-dispatch execution - bytecode->native test
FAIL: stacktrace -findirect-dispatch execution - bytecode->native test
FAIL: stacktrace -O3 -findirect-dispatch execution - bytecode->native test
=== libjava Summary for unix/-m32 ===
# of expected passes 6739
# of unexpected failures 35
# of expected failures 12
# of untested testcases 43
Running target unix
FAIL: PR18699 -findirect-dispatch execution - bytecode->native test
FAIL: PR18699 -O3 -findirect-dispatch execution - bytecode->native test
FAIL: Process_1 -findirect-dispatch execution - bytecode->native test
FAIL: Process_1 -O3 -findirect-dispatch execution - bytecode->native test
FAIL: Process_2 -findirect-dispatch execution - bytecode->native test
FAIL: Process_2 -O3 -findirect-dispatch execution - bytecode->native test
FAIL: Process_3 -findirect-dispatch execution - bytecode->native test
FAIL: Process_3 -O3 -findirect-dispatch execution - bytecode->native test
FAIL: Process_4 -findirect-dispatch execution - bytecode->native test
FAIL: Process_4 -O3 -findirect-dispatch execution - bytecode->native test
FAIL: Process_5 -findirect-dispatch execution - bytecode->native test
FAIL: Process_5 -O3 -findirect-dispatch execution - bytecode->native test
FAIL: Process_6 -findirect-dispatch execution - bytecode->native test
FAIL: Process_6 -O3 -findirect-dispatch execution - bytecode->native test
FAIL: StackTrace2 -findirect-dispatch execution - bytecode->native test
FAIL: StackTrace2 -O3 execution - source compiled test
FAIL: StackTrace2 -O3 -findirect-dispatch execution - bytecode->native test
FAIL: SyncTest -findirect-dispatch execution - bytecode->native test
FAIL: SyncTest -O3 -findirect-dispatch execution - bytecode->native test
FAIL: TLtest -findirect-dispatch execution - bytecode->native test
FAIL: TLtest -O3 -findirect-dispatch execution - bytecode->native test
FAIL: Thread_Alive -findirect-dispatch execution - bytecode->native test
FAIL: Thread_Alive -O3 -findirect-dispatch execution - bytecode->native test
FAIL: Thread_Interrupt -findirect-dispatch execution - bytecode->native test
FAIL: Thread_Interrupt -O3 -findirect-dispatch execution - bytecode->native test
FAIL: Thread_Join -findirect-dispatch execution - bytecode->native test
FAIL: Thread_Join -O3 -findirect-dispatch execution - bytecode->native test
FAIL: Thread_Wait -findirect-dispatch execution - bytecode->native test
FAIL: Thread_Wait -O3 -findirect-dispatch execution - bytecode->native test
FAIL: Thread_Wait_2 -findirect-dispatch execution - bytecode->native test
FAIL: Thread_Wait_2 -O3 -findirect-dispatch execution - bytecode->native test
FAIL: Thread_Wait_Interrupt -findirect-dispatch execution - bytecode->native test
FAIL: Thread_Wait_Interrupt -O3 -findirect-dispatch execution - bytecode->native test
FAIL: stacktrace -findirect-dispatch execution - bytecode->native test
FAIL: stacktrace -O3 -findirect-dispatch execution - bytecode->native test
=== libjava Summary for unix ===
# of expected passes 6739
# of unexpected failures 35
# of expected failures 12
# of untested testcases 43
=== libjava Summary ===
# of expected passes 13478
# of unexpected failures 70
# of expected failures 24
# of untested testcases 86
=== libmudflap tests ===
Running target unix/-m32
=== libmudflap Summary for unix/-m32 ===
# of expected passes 1799
Running target unix
=== libmudflap Summary for unix ===
# of expected passes 1799
=== libmudflap Summary ===
# of expected passes 3598
=== libstdc++ tests ===
Running target unix/-m32
FAIL: 22_locale/messages/members/char/1.cc execution test
FAIL: 22_locale/messages/members/char/2.cc execution test
FAIL: 22_locale/messages/members/char/wrapped_env.cc execution test
FAIL: 22_locale/messages/members/char/wrapped_locale.cc execution test
FAIL: 22_locale/messages_byname/named_equivalence.cc execution test
XPASS: 26_numerics/cmath/c99_classification_macros_c.cc (test for excess errors)
=== libstdc++ Summary for unix/-m32 ===
# of expected passes 4029
# of unexpected failures 5
# of unexpected successes 1
# of expected failures 12
# of unsupported tests 4
Running target unix
FAIL: 22_locale/locale/cons/12438.cc execution test
XPASS: 26_numerics/cmath/c99_classification_macros_c.cc (test for excess errors)
XPASS: 27_io/fpos/14320-1.cc execution test
=== libstdc++ Summary for unix ===
# of expected passes 4033
# of unexpected failures 1
# of unexpected successes 2
# of expected failures 11
# of unsupported tests 4
=== libstdc++ Summary ===
# of expected passes 8062
# of unexpected failures 6
# of unexpected successes 3
# of expected failures 23
# of unsupported tests 8
Compiler version: 4.1.2 20060817 (Red Hat 4.1.1-18) [redhat/gcc-4_1-branch revision 116353]
Platform: x86_64-redhat-linux-gnu
configure flags: x86_64-redhat-linux --enable-clocale=gnu --with-system-zlib --with-cpu=generic --with-demangler-in-ld --enable-shared --enable-threads=posix --enable-haifa --enable-checking=assert --prefix=/usr/gcc-4.1-redhat --with-local-prefix=/usr/local --enable-languages=c,ada,c++,fortran,java,objc