This is the mail archive of the
gcc-testresults@gcc.gnu.org
mailing list for the GCC project.
Results for 4.2.0 20060822 (experimental) gcc testsuite on sh-unknown-elf
- From: mstein at phenix dot rootshell dot be (mstein)
- To: gcc-testresults at gcc dot gnu dot org
- Date: Wed, 23 Aug 2006 07:01:29 +0200 (CEST)
- Subject: Results for 4.2.0 20060822 (experimental) gcc testsuite on sh-unknown-elf
Ubuntu 5 on pentium3-smp
cross tool versions:
GNU assembler 2.17.50 20060820
GNU gdb 6.5.50.20060820-cvs
GNU ld version 2.17.50 20060820
GNU Make 3.80
expect version 5.42.1
host gcc version: gcc (GCC) 4.2.0 20060820 (experimental)
LAST_UPDATED: Tue Aug 22 00:22:00 UTC 2006 (revision 116318)
Target is sh-unknown-elf
Host is i686-pc-linux-gnu
=== gcc tests ===
Running target sh-sim
FAIL: gcc.c-torture/execute/920501-6.c execution, -O3 -fomit-frame-pointer -funroll-loops
FAIL: gcc.dg/attr-invalid.c (test for warnings, line 88)
FAIL: gcc.dg/attr-invalid.c (test for warnings, line 90)
FAIL: gcc.dg/attr-invalid.c (test for warnings, line 93)
FAIL: gcc.dg/attr-invalid.c (test for warnings, line 97)
FAIL: gcc.dg/attr-invalid.c (test for warnings, line 100)
FAIL: gcc.dg/attr-invalid.c (test for excess errors)
FAIL: gcc.dg/builtin-apply4.c execution test
FAIL: gcc.dg/pr26570.c (test for warnings, line 7)
FAIL: gcc.dg/pr26570.c (test for warnings, line 14)
FAIL: gcc.dg/pr26570.c (test for excess errors)
FAIL: gcc.dg/torture/pr26565.c -O0 execution test
FAIL: gcc.dg/tree-prof/inliner-1.c compilation, -fprofile-generate
UNRESOLVED: gcc.dg/tree-prof/inliner-1.c execution, -fprofile-generate
UNRESOLVED: gcc.dg/tree-prof/inliner-1.c compilation, -fprofile-use
UNRESOLVED: gcc.dg/tree-prof/inliner-1.c execution, -fprofile-use
FAIL: gcc.dg/tree-prof/update-cunroll-2.c execution: file update-cunroll-2.gcda does not exist, -fprofile-generate
UNRESOLVED: gcc.dg/tree-prof/update-cunroll-2.c compilation, -fprofile-use
UNRESOLVED: gcc.dg/tree-prof/update-cunroll-2.c execution, -fprofile-use
FAIL: gcc.dg/tree-prof/update-loopch.c execution: file update-loopch.gcda does not exist, -fprofile-generate
UNRESOLVED: gcc.dg/tree-prof/update-loopch.c compilation, -fprofile-use
UNRESOLVED: gcc.dg/tree-prof/update-loopch.c execution, -fprofile-use
FAIL: gcc.dg/tree-prof/update-tailcall.c execution: file update-tailcall.gcda does not exist, -fprofile-generate
UNRESOLVED: gcc.dg/tree-prof/update-tailcall.c compilation, -fprofile-use
UNRESOLVED: gcc.dg/tree-prof/update-tailcall.c execution, -fprofile-use
FAIL: gcc.dg/tree-prof/val-prof-1.c compilation, -fprofile-generate
UNRESOLVED: gcc.dg/tree-prof/val-prof-1.c execution, -fprofile-generate
UNRESOLVED: gcc.dg/tree-prof/val-prof-1.c compilation, -fprofile-use
UNRESOLVED: gcc.dg/tree-prof/val-prof-1.c execution, -fprofile-use
FAIL: gcc.dg/tree-prof/val-prof-2.c compilation, -fprofile-generate
UNRESOLVED: gcc.dg/tree-prof/val-prof-2.c execution, -fprofile-generate
UNRESOLVED: gcc.dg/tree-prof/val-prof-2.c compilation, -fprofile-use
UNRESOLVED: gcc.dg/tree-prof/val-prof-2.c execution, -fprofile-use
FAIL: gcc.dg/tree-prof/val-prof-3.c compilation, -fprofile-generate
UNRESOLVED: gcc.dg/tree-prof/val-prof-3.c execution, -fprofile-generate
UNRESOLVED: gcc.dg/tree-prof/val-prof-3.c compilation, -fprofile-use
UNRESOLVED: gcc.dg/tree-prof/val-prof-3.c execution, -fprofile-use
FAIL: gcc.dg/tree-prof/val-prof-4.c compilation, -fprofile-generate
UNRESOLVED: gcc.dg/tree-prof/val-prof-4.c execution, -fprofile-generate
UNRESOLVED: gcc.dg/tree-prof/val-prof-4.c compilation, -fprofile-use
UNRESOLVED: gcc.dg/tree-prof/val-prof-4.c execution, -fprofile-use
FAIL: gcc.dg/tree-prof/val-prof-5.c compilation, -fprofile-generate
UNRESOLVED: gcc.dg/tree-prof/val-prof-5.c execution, -fprofile-generate
UNRESOLVED: gcc.dg/tree-prof/val-prof-5.c compilation, -fprofile-use
UNRESOLVED: gcc.dg/tree-prof/val-prof-5.c execution, -fprofile-use
FAIL: gcc.misc-tests/bprob-1.c execution: file bprob-1.gcda does not exist, -fprofile-arcs
UNRESOLVED: gcc.misc-tests/bprob-1.c compilation, -fbranch-probabilities
UNRESOLVED: gcc.misc-tests/bprob-1.c execution, -fbranch-probabilities
FAIL: gcc.misc-tests/bprob-2.c execution: file bprob-2.gcda does not exist, -fprofile-arcs
UNRESOLVED: gcc.misc-tests/bprob-2.c compilation, -fbranch-probabilities
UNRESOLVED: gcc.misc-tests/bprob-2.c execution, -fbranch-probabilities
=== gcc Summary ===
# of expected passes 39244
# of unexpected failures 23
# of expected failures 76
# of unresolved testcases 28
# of untested testcases 28
# of unsupported tests 371
/home/mstein/sim/sh-elf/build/gcc/xgcc version 4.2.0 20060822 (experimental)
Compiler version: 4.2.0 20060822 (experimental) gcc
Platform: sh-unknown-elf
configure flags: --target=sh-elf --prefix=/n/07/mstein/cross-local/sh-elf --disable-nls --disable-build-warnings --with-ld=/n/07/mstein/cross-local/sh-elf/bin/sh-elf-ld --with-as=/n/07/mstein/cross-local/sh-elf/bin/sh-elf-as --disable-libssp --enable-languages=c