This is the mail archive of the
gcc-testresults@gcc.gnu.org
mailing list for the GCC project.
Results for 4.1.2 20060814 (prerelease) (Debian 4.1.1-11) testsuite on arm-unknown-linux-gnu
- From: Matthias Klose <doko at debian dot org>
- To: gcc-testresults at gcc dot gnu dot org
- Cc: debian-gcc at lists dot debian dot org
- Date: Tue, 22 Aug 2006 17:54:05 -0600
- Subject: Results for 4.1.2 20060814 (prerelease) (Debian 4.1.1-11) testsuite on arm-unknown-linux-gnu
- Reply-to: Matthias Klose <doko at debian dot org>
LAST_UPDATED: Mon Aug 14 22:35:40 UTC 2006 (revision 116137)
Native configuration is arm-unknown-linux-gnu
=== libffi tests ===
Running target unix
XPASS: libffi.call/closure_fn0.c -O0 -W -Wall execution test
XPASS: libffi.call/closure_fn1.c -O0 -W -Wall execution test
XPASS: libffi.call/closure_fn2.c -O0 -W -Wall execution test
XPASS: libffi.call/closure_fn3.c -O0 -W -Wall execution test
XPASS: libffi.call/closure_fn4.c -O0 -W -Wall execution test
XPASS: libffi.call/closure_fn5.c -O0 -W -Wall execution test
XPASS: libffi.call/closure_fn6.c -O0 -W -Wall execution test
XPASS: libffi.call/cls_12byte.c -O0 -W -Wall execution test
XPASS: libffi.call/cls_16byte.c -O0 -W -Wall execution test
XPASS: libffi.call/cls_18byte.c -O0 -W -Wall execution test
XPASS: libffi.call/cls_19byte.c -O0 -W -Wall execution test
XPASS: libffi.call/cls_20byte.c -O0 -W -Wall execution test
XPASS: libffi.call/cls_20byte1.c -O0 -W -Wall execution test
XPASS: libffi.call/cls_24byte.c -O0 -W -Wall execution test
XPASS: libffi.call/cls_2byte.c -O0 -W -Wall execution test
XPASS: libffi.call/cls_3_1byte.c -O0 -W -Wall execution test
XPASS: libffi.call/cls_3byte1.c -O0 -W -Wall execution test
XPASS: libffi.call/cls_3byte2.c -O0 -W -Wall execution test
XPASS: libffi.call/cls_4_1byte.c -O0 -W -Wall execution test
XPASS: libffi.call/cls_4byte.c -O0 -W -Wall execution test
XPASS: libffi.call/cls_5_1_byte.c -O0 -W -Wall execution test
FAIL: libffi.call/cls_5_1_byte.c -O0 -W -Wall output pattern test, is 127 120 1 3 4 3 4 0 0 100: 130 124 1 3 104
XPASS: libffi.call/cls_5byte.c -O0 -W -Wall execution test
FAIL: libffi.call/cls_5byte.c -O0 -W -Wall output pattern test, is 127 120 1 128 9 160: 255 129 161
XPASS: libffi.call/cls_64byte.c -O0 -W -Wall execution test
XPASS: libffi.call/cls_6_1_byte.c -O0 -W -Wall execution test
FAIL: libffi.call/cls_6_1_byte.c -O0 -W -Wall output pattern test, is 127 120 1 3 4 5 9 3 4 5 168 137: 136 123 5 8 172 142
XPASS: libffi.call/cls_6byte.c -O0 -W -Wall execution test
FAIL: libffi.call/cls_6byte.c -O0 -W -Wall output pattern test, is 127 120 1 128 128 32521 216 137: 255 32641 217 9
XPASS: libffi.call/cls_7_1_byte.c -O0 -W -Wall execution test
FAIL: libffi.call/cls_7_1_byte.c -O0 -W -Wall output pattern test, is 127 120 1 3 4 5 6 128 9 3 4 5 6 0: 255 129 4 7 9 11 6
XPASS: libffi.call/cls_7byte.c -O0 -W -Wall execution test
XPASS: libffi.call/cls_8byte.c -O0 -W -Wall execution test
XPASS: libffi.call/cls_9byte1.c -O0 -W -Wall execution test
XPASS: libffi.call/cls_9byte2.c -O0 -W -Wall execution test
XPASS: libffi.call/cls_align_double.c -O0 -W -Wall execution test
XPASS: libffi.call/cls_align_float.c -O0 -W -Wall execution test
XPASS: libffi.call/cls_align_longdouble.c -O0 -W -Wall execution test
XPASS: libffi.call/cls_align_pointer.c -O0 -W -Wall execution test
XPASS: libffi.call/cls_align_sint16.c -O0 -W -Wall execution test
FAIL: libffi.call/cls_align_sint16.c -O0 -W -Wall output pattern test, is 12 4951 127 104 13 116: 116 4964 243
XPASS: libffi.call/cls_align_sint32.c -O0 -W -Wall execution test
XPASS: libffi.call/cls_align_sint64.c -O0 -W -Wall execution test
XPASS: libffi.call/cls_align_uint16.c -O0 -W -Wall execution test
FAIL: libffi.call/cls_align_uint16.c -O0 -W -Wall output pattern test, is 12 4951 127 104 13 88: 116 4964 215
XPASS: libffi.call/cls_align_uint32.c -O0 -W -Wall execution test
XPASS: libffi.call/cls_align_uint64.c -O0 -W -Wall execution test
XPASS: libffi.call/cls_double.c -O0 -W -Wall execution test
XPASS: libffi.call/cls_float.c -O0 -W -Wall execution test
XPASS: libffi.call/cls_multi_schar.c -O0 -W -Wall execution test
XPASS: libffi.call/cls_multi_sshort.c -O0 -W -Wall execution test
XPASS: libffi.call/cls_multi_sshortchar.c -O0 -W -Wall execution test
XPASS: libffi.call/cls_multi_uchar.c -O0 -W -Wall execution test
XPASS: libffi.call/cls_multi_ushort.c -O0 -W -Wall execution test
XPASS: libffi.call/cls_multi_ushortchar.c -O0 -W -Wall execution test
XPASS: libffi.call/cls_schar.c -O0 -W -Wall execution test
XPASS: libffi.call/cls_sint.c -O0 -W -Wall execution test
XPASS: libffi.call/cls_sshort.c -O0 -W -Wall execution test
XPASS: libffi.call/cls_uchar.c -O0 -W -Wall execution test
XPASS: libffi.call/cls_uint.c -O0 -W -Wall execution test
XPASS: libffi.call/cls_ulonglong.c -O0 -W -Wall execution test
XPASS: libffi.call/cls_ushort.c -O0 -W -Wall execution test
XPASS: libffi.call/nested_struct.c -O0 -W -Wall execution test
XPASS: libffi.call/nested_struct1.c -O0 -W -Wall execution test
XPASS: libffi.call/nested_struct10.c -O0 -W -Wall execution test
XPASS: libffi.call/nested_struct2.c -O0 -W -Wall execution test
XPASS: libffi.call/nested_struct3.c -O0 -W -Wall execution test
XPASS: libffi.call/nested_struct4.c -O0 -W -Wall execution test
XPASS: libffi.call/nested_struct5.c -O0 -W -Wall execution test
XPASS: libffi.call/nested_struct6.c -O0 -W -Wall execution test
XPASS: libffi.call/nested_struct7.c -O0 -W -Wall execution test
XPASS: libffi.call/nested_struct8.c -O0 -W -Wall execution test
XPASS: libffi.call/nested_struct9.c -O0 -W -Wall execution test
XPASS: libffi.call/problem1.c -O0 -W -Wall execution test
FAIL: libffi.call/struct3.c -O0 -W -Wall execution test
XPASS: libffi.call/closure_fn0.c -O2 execution test
XPASS: libffi.call/closure_fn1.c -O2 execution test
XPASS: libffi.call/closure_fn2.c -O2 execution test
XPASS: libffi.call/closure_fn3.c -O2 execution test
XPASS: libffi.call/closure_fn4.c -O2 execution test
XPASS: libffi.call/closure_fn5.c -O2 execution test
XPASS: libffi.call/closure_fn6.c -O2 execution test
XPASS: libffi.call/cls_12byte.c -O2 execution test
XPASS: libffi.call/cls_16byte.c -O2 execution test
XPASS: libffi.call/cls_18byte.c -O2 execution test
XPASS: libffi.call/cls_19byte.c -O2 execution test
XPASS: libffi.call/cls_20byte.c -O2 execution test
XPASS: libffi.call/cls_20byte1.c -O2 execution test
XPASS: libffi.call/cls_24byte.c -O2 execution test
XPASS: libffi.call/cls_2byte.c -O2 execution test
XPASS: libffi.call/cls_3_1byte.c -O2 execution test
XPASS: libffi.call/cls_3byte1.c -O2 execution test
XPASS: libffi.call/cls_3byte2.c -O2 execution test
XPASS: libffi.call/cls_4_1byte.c -O2 execution test
XPASS: libffi.call/cls_4byte.c -O2 execution test
XPASS: libffi.call/cls_5_1_byte.c -O2 execution test
FAIL: libffi.call/cls_5_1_byte.c -O2 output pattern test, is 127 120 1 3 4 3 4 255 191 184: 130 124 0 194 188
XPASS: libffi.call/cls_5byte.c -O2 execution test
FAIL: libffi.call/cls_5byte.c -O2 output pattern test, is 127 120 1 128 9 152: 255 129 153
XPASS: libffi.call/cls_64byte.c -O2 execution test
XPASS: libffi.call/cls_6_1_byte.c -O2 execution test
FAIL: libffi.call/cls_6_1_byte.c -O2 output pattern test, is 127 120 1 3 4 5 9 3 4 5 240 136: 136 123 5 8 244 141
XPASS: libffi.call/cls_6byte.c -O2 execution test
FAIL: libffi.call/cls_6byte.c -O2 output pattern test, is 127 120 1 128 128 32521 204 136: 255 32641 205 8
XPASS: libffi.call/cls_7_1_byte.c -O2 execution test
FAIL: libffi.call/cls_7_1_byte.c -O2 output pattern test, is 127 120 1 3 4 5 6 128 9 3 4 5 6 0: 255 129 4 7 9 11 6
XPASS: libffi.call/cls_7byte.c -O2 execution test
XPASS: libffi.call/cls_8byte.c -O2 execution test
XPASS: libffi.call/cls_9byte1.c -O2 execution test
XPASS: libffi.call/cls_9byte2.c -O2 execution test
XPASS: libffi.call/cls_align_double.c -O2 execution test
XPASS: libffi.call/cls_align_float.c -O2 execution test
XPASS: libffi.call/cls_align_longdouble.c -O2 execution test
XPASS: libffi.call/cls_align_pointer.c -O2 execution test
XPASS: libffi.call/cls_align_sint16.c -O2 execution test
FAIL: libffi.call/cls_align_sint16.c -O2 output pattern test, is 12 4951 127 104 13 148: 116 4964 19
XPASS: libffi.call/cls_align_sint32.c -O2 execution test
XPASS: libffi.call/cls_align_sint64.c -O2 execution test
XPASS: libffi.call/cls_align_uint16.c -O2 execution test
FAIL: libffi.call/cls_align_uint16.c -O2 output pattern test, is 12 4951 127 104 13 128: 116 4964 255
XPASS: libffi.call/cls_align_uint32.c -O2 execution test
XPASS: libffi.call/cls_align_uint64.c -O2 execution test
XPASS: libffi.call/cls_double.c -O2 execution test
XPASS: libffi.call/cls_float.c -O2 execution test
XPASS: libffi.call/cls_multi_schar.c -O2 execution test
XPASS: libffi.call/cls_multi_sshort.c -O2 execution test
XPASS: libffi.call/cls_multi_sshortchar.c -O2 execution test
XPASS: libffi.call/cls_multi_uchar.c -O2 execution test
XPASS: libffi.call/cls_multi_ushort.c -O2 execution test
XPASS: libffi.call/cls_multi_ushortchar.c -O2 execution test
XPASS: libffi.call/cls_schar.c -O2 execution test
XPASS: libffi.call/cls_sint.c -O2 execution test
XPASS: libffi.call/cls_sshort.c -O2 execution test
XPASS: libffi.call/cls_uchar.c -O2 execution test
XPASS: libffi.call/cls_uint.c -O2 execution test
XPASS: libffi.call/cls_ulonglong.c -O2 execution test
XPASS: libffi.call/cls_ushort.c -O2 execution test
XPASS: libffi.call/nested_struct.c -O2 execution test
XPASS: libffi.call/nested_struct1.c -O2 execution test
XPASS: libffi.call/nested_struct10.c -O2 execution test
XPASS: libffi.call/nested_struct2.c -O2 execution test
XPASS: libffi.call/nested_struct3.c -O2 execution test
XPASS: libffi.call/nested_struct4.c -O2 execution test
XPASS: libffi.call/nested_struct5.c -O2 execution test
XPASS: libffi.call/nested_struct6.c -O2 execution test
XPASS: libffi.call/nested_struct7.c -O2 execution test
XPASS: libffi.call/nested_struct8.c -O2 execution test
XPASS: libffi.call/nested_struct9.c -O2 execution test
XPASS: libffi.call/problem1.c -O2 execution test
FAIL: libffi.call/struct3.c -O2 execution test
XPASS: libffi.call/closure_fn0.c -O3 execution test
XPASS: libffi.call/closure_fn1.c -O3 execution test
XPASS: libffi.call/closure_fn2.c -O3 execution test
XPASS: libffi.call/closure_fn3.c -O3 execution test
XPASS: libffi.call/closure_fn4.c -O3 execution test
XPASS: libffi.call/closure_fn5.c -O3 execution test
XPASS: libffi.call/closure_fn6.c -O3 execution test
XPASS: libffi.call/cls_12byte.c -O3 execution test
XPASS: libffi.call/cls_16byte.c -O3 execution test
XPASS: libffi.call/cls_18byte.c -O3 execution test
XPASS: libffi.call/cls_19byte.c -O3 execution test
XPASS: libffi.call/cls_20byte.c -O3 execution test
XPASS: libffi.call/cls_20byte1.c -O3 execution test
XPASS: libffi.call/cls_24byte.c -O3 execution test
XPASS: libffi.call/cls_2byte.c -O3 execution test
XPASS: libffi.call/cls_3_1byte.c -O3 execution test
XPASS: libffi.call/cls_3byte1.c -O3 execution test
XPASS: libffi.call/cls_3byte2.c -O3 execution test
XPASS: libffi.call/cls_4_1byte.c -O3 execution test
XPASS: libffi.call/cls_4byte.c -O3 execution test
XPASS: libffi.call/cls_5_1_byte.c -O3 execution test
FAIL: libffi.call/cls_5_1_byte.c -O3 output pattern test, is 127 120 1 3 4 3 4 255 191 120: 130 124 0 194 124
XPASS: libffi.call/cls_5byte.c -O3 execution test
FAIL: libffi.call/cls_5byte.c -O3 output pattern test, is 127 120 1 128 9 88: 255 129 89
XPASS: libffi.call/cls_64byte.c -O3 execution test
XPASS: libffi.call/cls_6_1_byte.c -O3 execution test
FAIL: libffi.call/cls_6_1_byte.c -O3 output pattern test, is 127 120 1 3 4 5 9 3 4 5 176 136: 136 123 5 8 180 141
XPASS: libffi.call/cls_6byte.c -O3 execution test
FAIL: libffi.call/cls_6byte.c -O3 output pattern test, is 127 120 1 128 128 32521 140 136: 255 32641 141 8
XPASS: libffi.call/cls_7_1_byte.c -O3 execution test
FAIL: libffi.call/cls_7_1_byte.c -O3 output pattern test, is 127 120 1 3 4 5 6 128 9 3 4 5 6 0: 255 129 4 7 9 11 6
XPASS: libffi.call/cls_7byte.c -O3 execution test
XPASS: libffi.call/cls_8byte.c -O3 execution test
XPASS: libffi.call/cls_9byte1.c -O3 execution test
XPASS: libffi.call/cls_9byte2.c -O3 execution test
XPASS: libffi.call/cls_align_double.c -O3 execution test
XPASS: libffi.call/cls_align_float.c -O3 execution test
XPASS: libffi.call/cls_align_longdouble.c -O3 execution test
XPASS: libffi.call/cls_align_pointer.c -O3 execution test
XPASS: libffi.call/cls_align_sint16.c -O3 execution test
FAIL: libffi.call/cls_align_sint16.c -O3 output pattern test, is 12 4951 127 104 13 84: 116 4964 211
XPASS: libffi.call/cls_align_sint32.c -O3 execution test
XPASS: libffi.call/cls_align_sint64.c -O3 execution test
XPASS: libffi.call/cls_align_uint16.c -O3 execution test
FAIL: libffi.call/cls_align_uint16.c -O3 output pattern test, is 12 4951 127 104 13 64: 116 4964 191
XPASS: libffi.call/cls_align_uint32.c -O3 execution test
XPASS: libffi.call/cls_align_uint64.c -O3 execution test
XPASS: libffi.call/cls_double.c -O3 execution test
XPASS: libffi.call/cls_float.c -O3 execution test
XPASS: libffi.call/cls_multi_schar.c -O3 execution test
XPASS: libffi.call/cls_multi_sshort.c -O3 execution test
XPASS: libffi.call/cls_multi_sshortchar.c -O3 execution test
XPASS: libffi.call/cls_multi_uchar.c -O3 execution test
XPASS: libffi.call/cls_multi_ushort.c -O3 execution test
XPASS: libffi.call/cls_multi_ushortchar.c -O3 execution test
XPASS: libffi.call/cls_schar.c -O3 execution test
XPASS: libffi.call/cls_sint.c -O3 execution test
XPASS: libffi.call/cls_sshort.c -O3 execution test
XPASS: libffi.call/cls_uchar.c -O3 execution test
XPASS: libffi.call/cls_uint.c -O3 execution test
XPASS: libffi.call/cls_ulonglong.c -O3 execution test
XPASS: libffi.call/cls_ushort.c -O3 execution test
XPASS: libffi.call/nested_struct.c -O3 execution test
XPASS: libffi.call/nested_struct1.c -O3 execution test
XPASS: libffi.call/nested_struct10.c -O3 execution test
XPASS: libffi.call/nested_struct2.c -O3 execution test
XPASS: libffi.call/nested_struct3.c -O3 execution test
XPASS: libffi.call/nested_struct4.c -O3 execution test
XPASS: libffi.call/nested_struct5.c -O3 execution test
XPASS: libffi.call/nested_struct6.c -O3 execution test
XPASS: libffi.call/nested_struct7.c -O3 execution test
XPASS: libffi.call/nested_struct8.c -O3 execution test
XPASS: libffi.call/nested_struct9.c -O3 execution test
XPASS: libffi.call/problem1.c -O3 execution test
FAIL: libffi.call/struct3.c -O3 execution test
XPASS: libffi.call/closure_fn0.c -Os execution test
XPASS: libffi.call/closure_fn1.c -Os execution test
XPASS: libffi.call/closure_fn2.c -Os execution test
XPASS: libffi.call/closure_fn3.c -Os execution test
XPASS: libffi.call/closure_fn4.c -Os execution test
XPASS: libffi.call/closure_fn5.c -Os execution test
XPASS: libffi.call/closure_fn6.c -Os execution test
XPASS: libffi.call/cls_12byte.c -Os execution test
XPASS: libffi.call/cls_16byte.c -Os execution test
XPASS: libffi.call/cls_18byte.c -Os execution test
XPASS: libffi.call/cls_19byte.c -Os execution test
XPASS: libffi.call/cls_20byte.c -Os execution test
XPASS: libffi.call/cls_20byte1.c -Os execution test
XPASS: libffi.call/cls_24byte.c -Os execution test
XPASS: libffi.call/cls_2byte.c -Os execution test
XPASS: libffi.call/cls_3_1byte.c -Os execution test
XPASS: libffi.call/cls_3byte1.c -Os execution test
XPASS: libffi.call/cls_3byte2.c -Os execution test
XPASS: libffi.call/cls_4_1byte.c -Os execution test
XPASS: libffi.call/cls_4byte.c -Os execution test
XPASS: libffi.call/cls_5_1_byte.c -Os execution test
FAIL: libffi.call/cls_5_1_byte.c -Os output pattern test, is 127 120 1 3 4 3 4 0 0 0: 130 124 1 3 4
XPASS: libffi.call/cls_5byte.c -Os execution test
FAIL: libffi.call/cls_5byte.c -Os output pattern test, is 127 120 1 128 9 0: 255 129 1
XPASS: libffi.call/cls_64byte.c -Os execution test
XPASS: libffi.call/cls_6_1_byte.c -Os execution test
FAIL: libffi.call/cls_6_1_byte.c -Os output pattern test, is 127 120 1 3 4 5 9 3 4 5 0 0: 136 123 5 8 4 5
XPASS: libffi.call/cls_6byte.c -Os execution test
FAIL: libffi.call/cls_6byte.c -Os output pattern test, is 127 120 1 128 128 32521 200 136: 255 32641 201 8
XPASS: libffi.call/cls_7_1_byte.c -Os execution test
FAIL: libffi.call/cls_7_1_byte.c -Os output pattern test, is 127 120 1 3 4 5 6 128 9 3 4 5 6 0: 255 129 4 7 9 11 6
XPASS: libffi.call/cls_7byte.c -Os execution test
XPASS: libffi.call/cls_8byte.c -Os execution test
XPASS: libffi.call/cls_9byte1.c -Os execution test
XPASS: libffi.call/cls_9byte2.c -Os execution test
XPASS: libffi.call/cls_align_double.c -Os execution test
XPASS: libffi.call/cls_align_float.c -Os execution test
XPASS: libffi.call/cls_align_longdouble.c -Os execution test
XPASS: libffi.call/cls_align_pointer.c -Os execution test
XPASS: libffi.call/cls_align_sint16.c -Os execution test
FAIL: libffi.call/cls_align_sint16.c -Os output pattern test, is 12 4951 127 104 13 13: 116 4964 140
XPASS: libffi.call/cls_align_sint32.c -Os execution test
XPASS: libffi.call/cls_align_sint64.c -Os execution test
XPASS: libffi.call/cls_align_uint16.c -Os execution test
FAIL: libffi.call/cls_align_uint16.c -Os output pattern test, is 12 4951 127 104 13 13: 116 4964 140
XPASS: libffi.call/cls_align_uint32.c -Os execution test
XPASS: libffi.call/cls_align_uint64.c -Os execution test
XPASS: libffi.call/cls_double.c -Os execution test
XPASS: libffi.call/cls_float.c -Os execution test
XPASS: libffi.call/cls_multi_schar.c -Os execution test
XPASS: libffi.call/cls_multi_sshort.c -Os execution test
XPASS: libffi.call/cls_multi_sshortchar.c -Os execution test
XPASS: libffi.call/cls_multi_uchar.c -Os execution test
XPASS: libffi.call/cls_multi_ushort.c -Os execution test
XPASS: libffi.call/cls_multi_ushortchar.c -Os execution test
XPASS: libffi.call/cls_schar.c -Os execution test
XPASS: libffi.call/cls_sint.c -Os execution test
XPASS: libffi.call/cls_sshort.c -Os execution test
XPASS: libffi.call/cls_uchar.c -Os execution test
XPASS: libffi.call/cls_uint.c -Os execution test
XPASS: libffi.call/cls_ulonglong.c -Os execution test
XPASS: libffi.call/cls_ushort.c -Os execution test
XPASS: libffi.call/nested_struct.c -Os execution test
XPASS: libffi.call/nested_struct1.c -Os execution test
XPASS: libffi.call/nested_struct10.c -Os execution test
XPASS: libffi.call/nested_struct2.c -Os execution test
XPASS: libffi.call/nested_struct3.c -Os execution test
XPASS: libffi.call/nested_struct4.c -Os execution test
XPASS: libffi.call/nested_struct5.c -Os execution test
XPASS: libffi.call/nested_struct6.c -Os execution test
XPASS: libffi.call/nested_struct7.c -Os execution test
XPASS: libffi.call/nested_struct8.c -Os execution test
XPASS: libffi.call/nested_struct9.c -Os execution test
XPASS: libffi.call/problem1.c -Os execution test
FAIL: libffi.call/struct3.c -Os execution test
XPASS: libffi.special/unwindtest.cc -shared-libgcc -lstdc++ execution test
XPASS: libffi.special/unwindtest.cc -shared-libgcc -lstdc++ execution test
XPASS: libffi.special/unwindtest.cc -shared-libgcc -lstdc++ execution test
XPASS: libffi.special/unwindtest.cc -shared-libgcc -lstdc++ execution test
=== libffi Summary ===
# of expected passes 772
# of unexpected failures 32
# of unexpected successes 272
# of expected failures 4
# of unsupported tests 8
=== libmudflap tests ===
Running target unix
=== libmudflap Summary ===
# of expected passes 1799
=== libstdc++ tests ===
Running target unix
XPASS: 26_numerics/cmath/c99_classification_macros_c.cc (test for excess errors)
FAIL: tr1/4_metaprogramming/other_transformations/aligned_storage/aligned_storage.cc execution test
FAIL: tr1/4_metaprogramming/type_properties/is_empty/is_empty.cc execution test
FAIL: tr1/4_metaprogramming/type_properties/is_polymorphic/is_polymorphic.cc execution test
=== libstdc++ Summary ===
# of expected passes 3408
# of unexpected failures 3
# of unexpected successes 1
# of expected failures 12
# of unsupported tests 315
=== g++ tests ===
Running target unix
FAIL: tmpdir-g++.dg-struct-layout-1/t026 cp_compat_x_tst.o-cp_compat_y_tst.o execute
FAIL: g++.dg/ext/packed6.C (test for excess errors)
FAIL: g++.dg/lookup/linkage1.C (test for errors, line 3)
FAIL: g++.dg/lookup/linkage1.C (test for errors, line 4)
FAIL: g++.dg/lookup/linkage2.C (test for excess errors)
XPASS: g++.dg/other/packed1.C execution test
FAIL: g++.dg/parse/pragma3.C execution test
XPASS: g++.dg/tree-ssa/pr14814.C scan-tree-dump-times &this 0
XPASS: g++.old-deja/g++.other/init5.C execution test
=== g++ Summary ===
# of expected passes 12196
# of unexpected failures 6
# of unexpected successes 3
# of expected failures 66
# of unsupported tests 107
/build/buildd/gcc-4.1-4.1.1/build/gcc/testsuite/g++/../../g++ version 4.1.2 20060814 (prerelease) (Debian 4.1.1-11)
=== gcc tests ===
Running target unix
WARNING: program timed out.
FAIL: gcc.c-torture/compile/20001226-1.c -O2 (test for excess errors)
WARNING: program timed out.
FAIL: gcc.c-torture/compile/20001226-1.c -O3 -fomit-frame-pointer (test for excess errors)
WARNING: program timed out.
FAIL: gcc.c-torture/compile/20001226-1.c -O3 -g (test for excess errors)
WARNING: program timed out.
FAIL: gcc.c-torture/compile/20001226-1.c -Os (test for excess errors)
FAIL: gcc.c-torture/execute/20050121-1.c compilation, -O0
UNRESOLVED: gcc.c-torture/execute/20050121-1.c execution, -O0
FAIL: gcc.dg/compat/scalar-return-4 c_compat_y_tst.o compile
UNRESOLVED: gcc.dg/compat/scalar-return-4 c_compat_x_tst.o-c_compat_y_tst.o link
UNRESOLVED: gcc.dg/compat/scalar-return-4 c_compat_x_tst.o-c_compat_y_tst.o execute
FAIL: gcc.dg/arm-mmx-1.c (test for excess errors)
ERROR: gcc.dg/arm-mmx-1.c: error executing dg-final: couldn't open "arm-mmx-1.s": no such file or directory
UNRESOLVED: gcc.dg/arm-mmx-1.c: error executing dg-final: couldn't open "arm-mmx-1.s": no such file or directory
FAIL: gcc.dg/pragma-pack-3.c execution test
FAIL: largefile.c -O0 -g (test for excess errors)
FAIL: largefile.c -O0 (test for excess errors)
FAIL: largefile.c -O1 (test for excess errors)
FAIL: largefile.c -O2 (test for excess errors)
FAIL: largefile.c -O3 -fomit-frame-pointer (test for excess errors)
FAIL: largefile.c -O3 -g (test for excess errors)
FAIL: largefile.c -Os (test for excess errors)
FAIL: gcc.dg/tls/alias-1.c (test for excess errors)
FAIL: gcc.dg/tls/opt-2.c (test for excess errors)
=== gcc Summary ===
# of expected passes 37356
# of unexpected failures 17
# of expected failures 77
# of unresolved testcases 4
# of untested testcases 35
# of unsupported tests 311
/build/buildd/gcc-4.1-4.1.1/build/gcc/xgcc version 4.1.2 20060814 (prerelease) (Debian 4.1.1-11)
=== gfortran tests ===
Running target unix
FAIL: gfortran.dg/common_5.f -O (test for warnings, line 6)
FAIL: gfortran.dg/secnds.f -O0 execution test
FAIL: gfortran.fortran-torture/execute/intrinsic_rrspacing.f90 execution, -O0
FAIL: gfortran.fortran-torture/execute/intrinsic_rrspacing.f90 execution, -O1
FAIL: gfortran.fortran-torture/execute/intrinsic_rrspacing.f90 execution, -O2
FAIL: gfortran.fortran-torture/execute/intrinsic_rrspacing.f90 execution, -O3 -fomit-frame-pointer
FAIL: gfortran.fortran-torture/execute/intrinsic_rrspacing.f90 execution, -O3 -fomit-frame-pointer -funroll-loops
FAIL: gfortran.fortran-torture/execute/intrinsic_rrspacing.f90 execution, -O3 -fomit-frame-pointer -funroll-all-loops -finline-functions
FAIL: gfortran.fortran-torture/execute/intrinsic_rrspacing.f90 execution, -O3 -g
FAIL: gfortran.fortran-torture/execute/intrinsic_rrspacing.f90 execution, -Os
FAIL: gfortran.fortran-torture/execute/intrinsic_set_exponent.f90 execution, -O0
FAIL: gfortran.fortran-torture/execute/intrinsic_set_exponent.f90 execution, -O1
FAIL: gfortran.fortran-torture/execute/intrinsic_set_exponent.f90 execution, -O2
FAIL: gfortran.fortran-torture/execute/intrinsic_set_exponent.f90 execution, -O3 -fomit-frame-pointer
FAIL: gfortran.fortran-torture/execute/intrinsic_set_exponent.f90 execution, -O3 -fomit-frame-pointer -funroll-loops
FAIL: gfortran.fortran-torture/execute/intrinsic_set_exponent.f90 execution, -O3 -fomit-frame-pointer -funroll-all-loops -finline-functions
FAIL: gfortran.fortran-torture/execute/intrinsic_set_exponent.f90 execution, -O3 -g
FAIL: gfortran.fortran-torture/execute/intrinsic_set_exponent.f90 execution, -Os
FAIL: gfortran.fortran-torture/execute/intrinsic_spacing.f90 execution, -O0
FAIL: gfortran.fortran-torture/execute/intrinsic_spacing.f90 execution, -O1
FAIL: gfortran.fortran-torture/execute/intrinsic_spacing.f90 execution, -O2
FAIL: gfortran.fortran-torture/execute/intrinsic_spacing.f90 execution, -O3 -fomit-frame-pointer
FAIL: gfortran.fortran-torture/execute/intrinsic_spacing.f90 execution, -O3 -fomit-frame-pointer -funroll-loops
FAIL: gfortran.fortran-torture/execute/intrinsic_spacing.f90 execution, -O3 -fomit-frame-pointer -funroll-all-loops -finline-functions
FAIL: gfortran.fortran-torture/execute/intrinsic_spacing.f90 execution, -O3 -g
FAIL: gfortran.fortran-torture/execute/intrinsic_spacing.f90 execution, -Os
=== gfortran Summary ===
# of expected passes 12925
# of unexpected failures 26
# of expected failures 12
# of unsupported tests 82
/build/buildd/gcc-4.1-4.1.1/build/gcc/testsuite/gfortran/../../gfortran version 4.1.2 20060814 (prerelease) (Debian 4.1.1-11)
=== obj-c++ tests ===
Running target unix
FAIL: obj-c++.dg/cxx-ivars-2.mm execution test
FAIL: obj-c++.dg/encode-8.mm execution test
FAIL: obj-c++.dg/isa-field-1.mm (test for excess errors)
FAIL: obj-c++.dg/lookup-2.mm (test for excess errors)
UNRESOLVED: obj-c++.dg/lookup-2.mm compilation failed to produce executable
FAIL: obj-c++.dg/try-catch-2.mm (test for excess errors)
UNRESOLVED: obj-c++.dg/try-catch-2.mm compilation failed to produce executable
FAIL: obj-c++.dg/try-catch-9.mm (test for excess errors)
UNRESOLVED: obj-c++.dg/try-catch-9.mm compilation failed to produce executable
=== obj-c++ Summary ===
# of expected passes 423
# of unexpected failures 6
# of unresolved testcases 3
# of unsupported tests 13
/build/buildd/gcc-4.1-4.1.1/build/gcc/testsuite/obj-c++/../../g++ version 4.1.2 20060814 (prerelease) (Debian 4.1.1-11)
=== objc tests ===
Running target unix
=== objc Summary ===
# of expected passes 1686
# of unsupported tests 22
/build/buildd/gcc-4.1-4.1.1/build/gcc/xgcc version 4.1.2 20060814 (prerelease) (Debian 4.1.1-11)
=== treelang tests ===
Running target unix
=== treelang Summary ===
# of expected passes 50
Compiler version: 4.1.2 20060814 (prerelease) (Debian 4.1.1-11)
Platform: arm-unknown-linux-gnu
configure flags: -v --prefix=/usr --enable-shared --with-system-zlib --libexecdir=/usr/lib --without-included-gettext --enable-threads=posix --enable-nls --program-suffix=-4.1 --enable-__cxa_atexit --enable-clocale=gnu --enable-libstdcxx-debug --enable-mpfr --enable-checking=release arm-linux-gnu --enable-languages=c,c++,fortran,objc,obj-c++,treelang
BOOT_CFLAGS=-O2
Build Dependencies:
Desired=Unknown/Install/Remove/Purge/Hold
| Status=Not/Installed/Config-files/Unpacked/Failed-config/Half-installed
|/ Err?=(none)/Hold/Reinst-required/X=both-problems (Status,Err: uppercase=bad)
||/ Name Version Description
+++-==============-==============-==============================================
ii binutils 2.17-2 The GNU assembler, linker and binary utilities
Patches that Debian applied in this version:
svn-updates:
CVS updates from the 4.1 branch upto 20060814.
libjava-update:
libjava awt & swing update, taken from trunk 2006-02-25
gcc-version:
Add package identification to the gcc version string
gcc-textdomain:
Set gettext's domain and textdomain to the versioned package name.
gcc-driver-extra-langs:
Add options and specs for languages that are not built from a source
(but built from separate sources).
rename-info-files:
Allow transformations on info file names. Reference the
transformed info file names in the texinfo files.
libstdc++-pic:
Build and install libstdc++_pic.a library.
libstdc++-doclink:
adjust hrefs to point to the local documentation
gccbug:
Use sensible-editor instead of vi as fallback editor
gccbug-posix:
Make gccbug POSIX compliant (patch by David Weinehall)
http://www.opengroup.org/onlinepubs/009695399/utilities/test.html
boehm-gc-nocheck:
Disable running the boehm-gc testsuite. Hangs the buildd at least on hppa.
fastjar-version:
Append GCC version to the fastjar version string.
libstdc++-doxygen:
libstdc++ doxygen docs: Set SHORT_NAMES to YES
classmap-path:
Set the location for gcj-dbtool's database to /var/lib/gcj-X.Y
libjava-dlsearch-path:
Add /usr/lib/gcj-4.1 to the dlsearch path.
libjava-stacktrace:
libgcj: Lookup source file name and line number in separated
debug files found in /usr/lib/debug
libjava-hppa:
2006-06-13 John David Anglin <dave.anglin@nrc-cnrc.gc.ca>
* configure.host (hppa*-*): Set 'enable_hash_synchronization_default' to
no.
libffi-configure:
Add --enable-libffi option to toplevel configure script
libffi-backport:
libffi backport
libffi-backport2:
Add missing bits for the libffi backport from the trunk
- parisc chunks
- missing testcases in testsuite/libffi.call
arm-libffi:
Add closure support to libffi for arm
arm-gij:
Enable gij interpreter on arm
hppa-cbranch:
Fix for PR target/26743 (hppa)
Backport from gcc trunk 2006-04-12 by tausq@debian.org
hppa-cbranch2:
Fix for PR target/26743 (hppa)
Backport from gcc trunk 2006-04-12 by tausq@debian.org
m68k-fjump:
gcc/config/m68k/m68k.md:
always use as fjcc pseudo op, we rely heavily on as
to generate the right size for the jump instructions
fixes #359281
m68k-gc:
boehm-gc:
the thread suspend handler has to save all registers
reenable MPROTECT_VDB, it should work, otherwise it's probably a kernel bug
m68k-save_pic:
gcc/config/m68k/m68k.c:
correctly save the pic register, when not done by reload()
(fixes _Unwind_RaiseException and thus exception handling)
m68k-libffi:
add closure support to libffi for m68k
m68k-dwarf:
correct the dwarf frame information, but preserve compatibility
pr25524:
Backport PR libstdc++/25524 from the trunk
pr26885:
Proposed patch for PR driver/26885
pr26864:
Backport fix for PR libmudflap/26864 from the trunk.
pr27227:
Revert the patch to fix PR c++/27227.
pr28634:
Proposed patch for PR rtl-optimization/28634.
deb-protoize:
build protoize/unprotoize binaries
link-libs:
cpu-default-i486:
set default 32bit ix86 architecture to i486
reporting:
Add Debian URL for bug reporting instructions.
gcc-ice-hack:
2004-01-23 Jakub Jelinek <jakub@redhat.com>
* system.h (ICE_EXIT_CODE): Define.
* gcc.c (execute): Don't free first string early, but at the end
of the function. Call retry_ice if compiler exited with
ICE_EXIT_CODE.
(retry_ice): New function.
* diagnostic.c (diagnostic_count_diagnostic,
diagnostic_action_after_output, error_recursion): Exit with
ICE_EXIT_CODE instead of FATAL_EXIT_CODE.
multiarch-include:
biarch-include.dpatch
Adds biarch include directories
/usr/local/include/<arch>-linux-gnu
/usr/include/<arch>-linux-gnu
to the system include paths, depending on 32/64 bit mode.
Counting all warnings,
there are 31 warnings in stage3 of this bootstrap.
Number of warnings per file:
11 treelang/lex.c
11 gengtype-lex.c
4 gcc/gcc.c
2 gcc/objc/lang-specs.h
2 gcc/config/arm/iwmmxt.md
1 gcc/protoize.c
Number of warning types:
22 no previous prototype for `???'
5 string length `???' is greater than the length `???' ISO C89 compilers are required to support
2 source missing a mode?
1 passing argument 2 of `???' from incompatible pointer type
1 argument `???' might be clobbered by `???' or `???'