This is the mail archive of the
gcc-testresults@gcc.gnu.org
mailing list for the GCC project.
Results for 4.2.0 20060818 (experimental) [trunk revision 116251 clean] testsuite on ia64-unknown-linux-gnu
- From: hjl at gnu-11 dot sc dot intel dot com (H.J. Lu)
- To: gcc-testresults at gcc dot gnu dot org
- Date: Sat, 19 Aug 2006 08:17:01 -0700 (PDT)
- Subject: Results for 4.2.0 20060818 (experimental) [trunk revision 116251 clean] testsuite on ia64-unknown-linux-gnu
LAST_UPDATED: Sat Aug 19 00:38:53 UTC 2006 (revision 116251)
Native configuration is ia64-unknown-linux-gnu
=== gcc tests ===
Running target unix
FAIL: gcc.c-torture/execute/20050604-1.c execution, -O3 -fomit-frame-pointer
FAIL: gcc.c-torture/execute/20050604-1.c execution, -O3 -fomit-frame-pointer -funroll-loops
FAIL: gcc.c-torture/execute/20050604-1.c execution, -O3 -fomit-frame-pointer -funroll-all-loops -finline-functions
FAIL: gcc.c-torture/execute/20050604-1.c execution, -O3 -g
FAIL: gcc.dg/builtin-apply4.c execution test
FAIL: gcc.dg/pr26570.c (test for warnings, line 7)
FAIL: gcc.dg/pr26570.c (test for warnings, line 14)
FAIL: gcc.dg/pr26570.c (test for excess errors)
WARNING: gcc.dg/torture/fp-int-convert-float128-timode.c -O0 compilation failed to produce executable
WARNING: gcc.dg/torture/fp-int-convert-float128-timode.c -O1 compilation failed to produce executable
WARNING: gcc.dg/torture/fp-int-convert-float128-timode.c -O2 compilation failed to produce executable
WARNING: gcc.dg/torture/fp-int-convert-float128-timode.c -O3 -fomit-frame-pointer compilation failed to produce executable
WARNING: gcc.dg/torture/fp-int-convert-float128-timode.c -O3 -g compilation failed to produce executable
WARNING: gcc.dg/torture/fp-int-convert-float128-timode.c -Os compilation failed to produce executable
FAIL: gcc.dg/torture/fp-int-convert-float128.c -O0 (test for excess errors)
WARNING: gcc.dg/torture/fp-int-convert-float128.c -O0 compilation failed to produce executable
FAIL: gcc.dg/torture/fp-int-convert-float128.c -O1 (test for excess errors)
WARNING: gcc.dg/torture/fp-int-convert-float128.c -O1 compilation failed to produce executable
FAIL: gcc.dg/torture/fp-int-convert-float128.c -O2 (test for excess errors)
WARNING: gcc.dg/torture/fp-int-convert-float128.c -O2 compilation failed to produce executable
FAIL: gcc.dg/torture/fp-int-convert-float128.c -O3 -fomit-frame-pointer (test for excess errors)
WARNING: gcc.dg/torture/fp-int-convert-float128.c -O3 -fomit-frame-pointer compilation failed to produce executable
FAIL: gcc.dg/torture/fp-int-convert-float128.c -O3 -g (test for excess errors)
WARNING: gcc.dg/torture/fp-int-convert-float128.c -O3 -g compilation failed to produce executable
FAIL: gcc.dg/torture/fp-int-convert-float128.c -Os (test for excess errors)
WARNING: gcc.dg/torture/fp-int-convert-float128.c -Os compilation failed to produce executable
XPASS: gcc.dg/tree-ssa/loop-1.c scan-assembler-times foo 5
XPASS: gcc.dg/vect/pr16105.c scan-tree-dump-times vectorized 1 loops 1
XPASS: gcc.dg/vect/pr20122.c scan-tree-dump-times vectorized 1 loops 2
XPASS: gcc.dg/vect/vect-105.c scan-tree-dump-times vectorized 1 loops 1
XPASS: gcc.dg/vect/vect-30.c scan-tree-dump-times vectorized 1 loops 2
XPASS: gcc.dg/vect/vect-42.c scan-tree-dump-times vectorized 1 loops 1
XPASS: gcc.dg/vect/vect-43.c scan-tree-dump-times vectorized 1 loops 1
XPASS: gcc.dg/vect/vect-74.c scan-tree-dump-times vectorized 1 loops 1
XPASS: gcc.dg/vect/vect-75.c scan-tree-dump-times vectorized 1 loops 1
XPASS: gcc.dg/vect/vect-8.c scan-tree-dump-times vectorized 1 loops 1
XPASS: gcc.dg/vect/vect-reduc-dot-u16.c scan-tree-dump-times vectorized 1 loops 1
=== gcc Summary ===
# of expected passes 39717
# of unexpected failures 14
# of unexpected successes 11
# of expected failures 148
# of untested testcases 28
# of unsupported tests 342
/export/build/gnu/gcc/build-ia64-linux/gcc/xgcc version 4.2.0 20060818 (experimental) [trunk revision 116251 clean]
=== gfortran tests ===
Running target unix
XPASS: gfortran.dg/csqrt_2.f -O0 execution test
XPASS: gfortran.dg/csqrt_2.f -O1 execution test
XPASS: gfortran.dg/csqrt_2.f -O2 execution test
XPASS: gfortran.dg/csqrt_2.f -O3 -fomit-frame-pointer execution test
XPASS: gfortran.dg/csqrt_2.f -O3 -fomit-frame-pointer -funroll-loops execution test
XPASS: gfortran.dg/csqrt_2.f -O3 -fomit-frame-pointer -funroll-all-loops -finline-functions execution test
XPASS: gfortran.dg/csqrt_2.f -O3 -g execution test
XPASS: gfortran.dg/csqrt_2.f -Os execution test
FAIL: gfortran.dg/vect/vect-4.f90 -O scan-tree-dump-times Alignment of access forced using peeling 1
FAIL: gfortran.dg/vect/vect-4.f90 -O scan-tree-dump-times Vectorizing an unaligned access 1
XPASS: gfortran.dg/vect/vect-5.f90 -O scan-tree-dump-times vectorized 2 loops 1
=== gfortran Summary ===
# of expected passes 14045
# of unexpected failures 2
# of unexpected successes 9
# of expected failures 11
# of unsupported tests 19
/export/build/gnu/gcc/build-ia64-linux/gcc/testsuite/gfortran/../../gfortran version 4.2.0 20060818 (experimental) [trunk revision 116251 clean]
=== g++ tests ===
Running target unix
=== g++ Summary ===
# of expected passes 12348
# of expected failures 66
# of unsupported tests 107
/export/build/gnu/gcc/build-ia64-linux/gcc/testsuite/g++/../../g++ version 4.2.0 20060818 (experimental) [trunk revision 116251 clean]
=== objc tests ===
Running target unix
=== objc Summary ===
# of expected passes 1752
# of expected failures 7
# of unsupported tests 25
/export/build/gnu/gcc/build-ia64-linux/gcc/xgcc version 4.2.0 20060818 (experimental) [trunk revision 116251 clean]
=== libffi tests ===
Running target unix
=== libffi Summary ===
# of expected passes 1084
# of unsupported tests 8
=== libgomp tests ===
Running target unix
=== libgomp Summary ===
# of expected passes 1500
=== libjava tests ===
Running target unix
FAIL: PR18699 -findirect-dispatch execution - bytecode->native test
FAIL: PR18699 -O3 -findirect-dispatch execution - bytecode->native test
FAIL: Process_1 -findirect-dispatch execution - bytecode->native test
FAIL: Process_1 -O3 -findirect-dispatch execution - bytecode->native test
FAIL: Process_2 -findirect-dispatch execution - bytecode->native test
FAIL: Process_2 -O3 -findirect-dispatch execution - bytecode->native test
FAIL: Process_3 -findirect-dispatch execution - bytecode->native test
FAIL: Process_3 -O3 -findirect-dispatch execution - bytecode->native test
FAIL: Process_4 -findirect-dispatch execution - bytecode->native test
FAIL: Process_4 -O3 -findirect-dispatch execution - bytecode->native test
FAIL: Process_5 -findirect-dispatch execution - bytecode->native test
FAIL: Process_5 -O3 -findirect-dispatch execution - bytecode->native test
FAIL: Process_6 -findirect-dispatch execution - bytecode->native test
FAIL: Process_6 -O3 -findirect-dispatch execution - bytecode->native test
FAIL: StackTrace2 -findirect-dispatch execution - bytecode->native test
FAIL: StackTrace2 -O3 -findirect-dispatch execution - bytecode->native test
FAIL: SyncTest -findirect-dispatch execution - bytecode->native test
FAIL: SyncTest -O3 -findirect-dispatch execution - bytecode->native test
FAIL: TLtest -findirect-dispatch execution - bytecode->native test
FAIL: TLtest -O3 -findirect-dispatch execution - bytecode->native test
FAIL: Thread_Alive -findirect-dispatch execution - bytecode->native test
FAIL: Thread_Alive -O3 -findirect-dispatch execution - bytecode->native test
FAIL: Thread_Interrupt -findirect-dispatch execution - bytecode->native test
FAIL: Thread_Interrupt -O3 -findirect-dispatch execution - bytecode->native test
FAIL: Thread_Join -findirect-dispatch execution - bytecode->native test
FAIL: Thread_Join -O3 -findirect-dispatch execution - bytecode->native test
FAIL: Thread_Wait -findirect-dispatch execution - bytecode->native test
FAIL: Thread_Wait -O3 -findirect-dispatch execution - bytecode->native test
FAIL: Thread_Wait_2 -findirect-dispatch execution - bytecode->native test
FAIL: Thread_Wait_2 -O3 -findirect-dispatch execution - bytecode->native test
FAIL: Thread_Wait_Interrupt -findirect-dispatch execution - bytecode->native test
FAIL: Thread_Wait_Interrupt -O3 -findirect-dispatch execution - bytecode->native test
FAIL: stacktrace -findirect-dispatch execution - bytecode->native test
FAIL: stacktrace -O3 -findirect-dispatch execution - bytecode->native test
=== libjava Summary ===
# of expected passes 6861
# of unexpected failures 34
# of expected failures 12
# of untested testcases 42
=== libmudflap tests ===
Running target unix
=== libmudflap Summary ===
# of expected passes 1814
=== libstdc++ tests ===
Running target unix
XPASS: 26_numerics/cmath/c99_classification_macros_c.cc (test for excess errors)
XPASS: 27_io/fpos/14320-1.cc execution test
FAIL: ext/pb_ds/regression/priority_queue_rand.cc execution test
=== libstdc++ Summary ===
# of expected passes 4330
# of unexpected failures 1
# of unexpected successes 2
# of expected failures 12
# of unsupported tests 4
Compiler version: 4.2.0 20060818 (experimental) [trunk revision 116251 clean]
Platform: ia64-unknown-linux-gnu
configure flags: --enable-clocale=gnu --with-system-zlib --with-demangler-in-ld --enable-shared --enable-threads=posix --enable-haifa --enable-checking=assert --prefix=/usr/gcc-4.2 --with-local-prefix=/usr/local --enable-languages=c,c++,fortran,java,objc