This is the mail archive of the
gcc-testresults@gcc.gnu.org
mailing list for the GCC project.
Results for 4.2.0 20060727 (experimental) testsuite on i686-pc-cygwin
- From: "David Billinghurst" <David dot Billinghurst at riotinto dot com>
- To: <gcc-testresults at gcc dot gnu dot org>
- Date: 29 Jul 2006 10:53:37 +1000
- Subject: Results for 4.2.0 20060727 (experimental) testsuite on i686-pc-cygwin
CYGWIN_NT-5.1 calttws189 1.5.20(0.156/4/2) 2006-07-01 02:22 i686 Cygwin
Using local build of gmp-4.2 and mfpr-2.2
cxg2014 added to gcc/gcc/testsuite/ada/acats/norun.lst
treelang testsuite failure is PR 27376
LAST_UPDATED: Thu Jul 27 08:17:26 UTC 2006 (revision 115772)
=== acats tests ===
FAIL: c23003b
FAIL: c23003g
FAIL: c23003i
FAIL: c35507m
FAIL: c62003a
FAIL: c62003b
FAIL: c64103e
FAIL: c64103f
FAIL: c64104j
FAIL: c64104k
FAIL: c64104l
FAIL: c64104m
FAIL: c64104n
FAIL: c64104o
FAIL: c96005d
FAIL: cb4001a
FAIL: cc3017c
FAIL: cc3120a
FAIL: cd2a23e
FAIL: cdd2a02
FAIL: cxg2002
FAIL: cxg2003
FAIL: cxg2004
FAIL: cxg2006
FAIL: cxg2007
FAIL: cxg2010
FAIL: cxg2011
FAIL: cxg2012
FAIL: cxg2013
FAIL: cxg2015
FAIL: cxg2016
FAIL: cxg2017
FAIL: cxg2018
FAIL: cxg2019
FAIL: cxg2020
FAIL: cxg2021
=== acats Summary ===
# of expected passes 1924
# of unexpected failures 36
# of unsupported tests 356
Native configuration is i686-pc-cygwin
=== g++ tests ===
Running target unix
FAIL: g++.dg/abi/local1.C execution test
FAIL: g++.dg/abi/rtti1.C scan-assembler-dem-not \\ntypeinfo for A[:
\\t\\n]
FAIL: g++.dg/abi/thunk4.C scan-assembler .weak[
\\t]_?_ZThn._N7Derived3FooEv
FAIL: g++.dg/ext/visibility/class1.C scan-assembler InitEv@PLT
FAIL: g++.dg/ext/visibility/class1.C scan-assembler InitEv@PLT
FAIL: g++.dg/opt/complex3.C (internal compiler error)
FAIL: g++.dg/opt/complex3.C (test for excess errors)
FAIL: g++.dg/opt/vt1.C scan-assembler-not
section[^\\n\\r]*_ZTV1S[^\\n\\r]*"[^w"\\n\\r]*"
FAIL: g++.dg/other/unused1.C scan-assembler stringz?\\t"class2"
FAIL: g++.dg/other/unused1.C scan-assembler stringz?\\t"printer"
FAIL: g++.dg/pch/externc-1.C -g assembly comparison
FAIL: g++.dg/pch/externc-1.C -O2 -g assembly comparison
FAIL: g++.dg/pch/static-1.C -g assembly comparison
FAIL: g++.dg/pch/static-1.C -O2 -g assembly comparison
FAIL: g++.dg/pch/system-1.C -g assembly comparison
FAIL: g++.dg/pch/system-1.C -O2 -g assembly comparison
FAIL: g++.dg/pch/system-2.C -g assembly comparison
FAIL: g++.dg/pch/system-2.C -O2 -g assembly comparison
FAIL: g++.dg/pch/uninst.C -g assembly comparison
FAIL: g++.dg/pch/uninst.C -O2 -g assembly comparison
FAIL: g++.dg/pch/wchar-1.C -g assembly comparison
FAIL: g++.dg/pch/wchar-1.C -O2 -g assembly comparison
FAIL: g++.old-deja/g++.eh/badalloc1.C execution test
XPASS: g++.old-deja/g++.ext/attrib5.C execution test
FAIL: g++.old-deja/g++.other/init18.C execution test
FAIL: g++.old-deja/g++.other/init19.C execution test
FAIL: g++.old-deja/g++.other/init5.C execution test
=== g++ Summary ===
# of expected passes 12974
# of unexpected failures 26
# of unexpected successes 1
# of expected failures 67
# of unsupported tests 162
/usr/local/obj/gcc/gcc/testsuite/g++/../../g++ version 4.2.0 20060727
(experimental)
=== gcc tests ===
Running target unix
FAIL: gcc.c-torture/compile/20001226-1.c (test for excess errors)
XPASS: gcc.dg/cpp/cmdlne-dI-M.c scan-file
(^|\\\\n)cmdlne-dI-M.*:[^\\\\n]*cmdlne-dI-M.c
XPASS: gcc.dg/cpp/cmdlne-dM-M.c scan-file
(^|\\\\n)cmdlne-dM-M[^\\\\n]*:[^\\\\n]*cmdlne-dM-M.c
FAIL: gcc.dg/20021014-1.c (test for excess errors)
WARNING: gcc.dg/20021014-1.c compilation failed to produce executable
FAIL: largefile.c (test for excess errors)
FAIL: largefile.c (test for excess errors)
FAIL: largefile.c (test for excess errors)
FAIL: largefile.c (test for excess errors)
FAIL: largefile.c (test for excess errors)
FAIL: largefile.c (test for excess errors)
FAIL: largefile.c (test for excess errors)
FAIL: gcc.dg/tree-prof/inliner-1.c compilation, -fprofile-use (internal
compiler error)
UNRESOLVED: gcc.dg/tree-prof/inliner-1.c execution, -fprofile-use
FAIL: gcc.dg/tree-prof/val-prof-1.c compilation, -fprofile-use (internal
compiler error)
UNRESOLVED: gcc.dg/tree-prof/val-prof-1.c execution, -fprofile-use
FAIL: gcc.dg/tree-prof/val-prof-2.c compilation, -fprofile-use (internal
compiler error)
UNRESOLVED: gcc.dg/tree-prof/val-prof-2.c execution, -fprofile-use
FAIL: gcc.dg/tree-prof/val-prof-3.c compilation, -fprofile-use (internal
compiler error)
UNRESOLVED: gcc.dg/tree-prof/val-prof-3.c execution, -fprofile-use
FAIL: gcc.dg/tree-prof/val-prof-4.c compilation, -fprofile-use (internal
compiler error)
UNRESOLVED: gcc.dg/tree-prof/val-prof-4.c execution, -fprofile-use
FAIL: gcc.dg/tree-prof/val-prof-5.c compilation, -fprofile-use (internal
compiler error)
UNRESOLVED: gcc.dg/tree-prof/val-prof-5.c execution, -fprofile-use
FAIL: gcc.dg/tree-ssa/loop-1.c scan-assembler-times foo 5
FAIL: compiler driver --coverage option(s) (compiler options)
FAIL: gcc.target/i386/pic-1.c (test for errors, line 10)
=== gcc Summary ===
# of expected passes 42235
# of unexpected failures 18
# of unexpected successes 2
# of expected failures 109
# of unresolved testcases 6
# of untested testcases 35
# of unsupported tests 346
/usr/local/obj/gcc/gcc/xgcc version 4.2.0 20060727 (experimental)
=== gfortran tests ===
Running target unix
FAIL: gfortran.dg/PR19872.f execution test
FAIL: gfortran.dg/PR19872.f execution test
FAIL: gfortran.dg/PR19872.f execution test
FAIL: gfortran.dg/PR19872.f execution test
FAIL: gfortran.dg/PR19872.f execution test
FAIL: gfortran.dg/PR19872.f execution test
FAIL: gfortran.dg/PR19872.f execution test
FAIL: gfortran.dg/advance.f90 execution test
FAIL: gfortran.dg/advance.f90 execution test
FAIL: gfortran.dg/advance.f90 execution test
FAIL: gfortran.dg/advance.f90 execution test
FAIL: gfortran.dg/advance.f90 execution test
FAIL: gfortran.dg/advance.f90 execution test
FAIL: gfortran.dg/advance.f90 execution test
FAIL: gfortran.dg/advance.f90 execution test
FAIL: gfortran.dg/aliasing_dummy_1.f90 execution test
FAIL: gfortran.dg/aliasing_dummy_1.f90 execution test
FAIL: gfortran.dg/aliasing_dummy_1.f90 execution test
FAIL: gfortran.dg/aliasing_dummy_1.f90 execution test
FAIL: gfortran.dg/aliasing_dummy_1.f90 execution test
FAIL: gfortran.dg/aliasing_dummy_1.f90 execution test
FAIL: gfortran.dg/aliasing_dummy_1.f90 execution test
FAIL: gfortran.dg/aliasing_dummy_1.f90 execution test
FAIL: gfortran.dg/allocate_zerosize_1.f90 execution test
FAIL: gfortran.dg/allocate_zerosize_1.f90 execution test
FAIL: gfortran.dg/allocate_zerosize_1.f90 execution test
FAIL: gfortran.dg/allocate_zerosize_1.f90 execution test
FAIL: gfortran.dg/allocate_zerosize_1.f90 execution test
FAIL: gfortran.dg/allocate_zerosize_1.f90 execution test
FAIL: gfortran.dg/allocate_zerosize_1.f90 execution test
FAIL: gfortran.dg/allocate_zerosize_1.f90 execution test
FAIL: gfortran.dg/allocate_zerosize_2.f90 execution test
FAIL: gfortran.dg/allocate_zerosize_2.f90 execution test
FAIL: gfortran.dg/allocate_zerosize_2.f90 execution test
FAIL: gfortran.dg/allocate_zerosize_2.f90 execution test
FAIL: gfortran.dg/allocate_zerosize_2.f90 execution test
FAIL: gfortran.dg/allocate_zerosize_2.f90 execution test
FAIL: gfortran.dg/allocate_zerosize_2.f90 execution test
FAIL: gfortran.dg/allocate_zerosize_2.f90 execution test
FAIL: gfortran.dg/array-1.f90 (test for excess errors)
WARNING: gfortran.dg/array-1.f90 compilation failed to produce executable
FAIL: gfortran.dg/array-1.f90 (test for excess errors)
WARNING: gfortran.dg/array-1.f90 compilation failed to produce executable
FAIL: gfortran.dg/array-1.f90 (test for excess errors)
WARNING: gfortran.dg/array-1.f90 compilation failed to produce executable
FAIL: gfortran.dg/array-1.f90 (test for excess errors)
WARNING: gfortran.dg/array-1.f90 compilation failed to produce executable
FAIL: gfortran.dg/array-1.f90 (test for excess errors)
WARNING: gfortran.dg/array-1.f90 compilation failed to produce executable
FAIL: gfortran.dg/array-1.f90 (test for excess errors)
WARNING: gfortran.dg/array-1.f90 compilation failed to produce executable
FAIL: gfortran.dg/array-1.f90 (test for excess errors)
WARNING: gfortran.dg/array-1.f90 compilation failed to produce executable
FAIL: gfortran.dg/array-1.f90 (test for excess errors)
WARNING: gfortran.dg/array-1.f90 compilation failed to produce executable
FAIL: gfortran.dg/arrayio_1.f90 execution test
FAIL: gfortran.dg/arrayio_1.f90 execution test
FAIL: gfortran.dg/arrayio_1.f90 execution test
FAIL: gfortran.dg/arrayio_1.f90 execution test
FAIL: gfortran.dg/arrayio_1.f90 execution test
FAIL: gfortran.dg/arrayio_1.f90 execution test
FAIL: gfortran.dg/arrayio_1.f90 execution test
FAIL: gfortran.dg/arrayio_1.f90 execution test
FAIL: gfortran.dg/arrayio_2.f90 execution test
FAIL: gfortran.dg/arrayio_2.f90 execution test
FAIL: gfortran.dg/arrayio_2.f90 execution test
FAIL: gfortran.dg/arrayio_2.f90 execution test
FAIL: gfortran.dg/arrayio_2.f90 execution test
FAIL: gfortran.dg/arrayio_2.f90 execution test
FAIL: gfortran.dg/arrayio_2.f90 execution test
FAIL: gfortran.dg/arrayio_2.f90 execution test
FAIL: gfortran.dg/arrayio_3.f90 execution test
FAIL: gfortran.dg/arrayio_3.f90 execution test
FAIL: gfortran.dg/arrayio_3.f90 execution test
FAIL: gfortran.dg/arrayio_3.f90 execution test
FAIL: gfortran.dg/arrayio_3.f90 execution test
FAIL: gfortran.dg/arrayio_3.f90 execution test
FAIL: gfortran.dg/arrayio_3.f90 execution test
FAIL: gfortran.dg/arrayio_3.f90 execution test
FAIL: gfortran.dg/arrayio_4.f90 execution test
FAIL: gfortran.dg/arrayio_4.f90 execution test
FAIL: gfortran.dg/arrayio_4.f90 execution test
FAIL: gfortran.dg/arrayio_4.f90 execution test
FAIL: gfortran.dg/arrayio_4.f90 execution test
FAIL: gfortran.dg/arrayio_4.f90 execution test
FAIL: gfortran.dg/arrayio_4.f90 execution test
FAIL: gfortran.dg/arrayio_4.f90 execution test
FAIL: gfortran.dg/arrayio_5.f90 execution test
FAIL: gfortran.dg/arrayio_5.f90 execution test
FAIL: gfortran.dg/arrayio_5.f90 execution test
FAIL: gfortran.dg/arrayio_5.f90 execution test
FAIL: gfortran.dg/arrayio_5.f90 execution test
FAIL: gfortran.dg/arrayio_5.f90 execution test
FAIL: gfortran.dg/arrayio_5.f90 execution test
FAIL: gfortran.dg/arrayio_5.f90 execution test
FAIL: gfortran.dg/arrayio_6.f90 execution test
FAIL: gfortran.dg/arrayio_6.f90 execution test
FAIL: gfortran.dg/arrayio_6.f90 execution test
FAIL: gfortran.dg/arrayio_6.f90 execution test
FAIL: gfortran.dg/arrayio_6.f90 execution test
FAIL: gfortran.dg/arrayio_6.f90 execution test
FAIL: gfortran.dg/arrayio_6.f90 execution test
FAIL: gfortran.dg/arrayio_6.f90 execution test
FAIL: gfortran.dg/arrayio_7.f90 execution test
FAIL: gfortran.dg/arrayio_7.f90 execution test
FAIL: gfortran.dg/arrayio_7.f90 execution test
FAIL: gfortran.dg/arrayio_7.f90 execution test
FAIL: gfortran.dg/arrayio_7.f90 execution test
FAIL: gfortran.dg/arrayio_7.f90 execution test
FAIL: gfortran.dg/arrayio_7.f90 execution test
FAIL: gfortran.dg/arrayio_7.f90 execution test
FAIL: gfortran.dg/arrayio_8.f90 execution test
FAIL: gfortran.dg/arrayio_8.f90 execution test
FAIL: gfortran.dg/arrayio_8.f90 execution test
FAIL: gfortran.dg/arrayio_8.f90 execution test
FAIL: gfortran.dg/arrayio_8.f90 execution test
FAIL: gfortran.dg/arrayio_8.f90 execution test
FAIL: gfortran.dg/arrayio_8.f90 execution test
FAIL: gfortran.dg/arrayio_8.f90 execution test
FAIL: gfortran.dg/arrayio_derived_1.f90 execution test
FAIL: gfortran.dg/arrayio_derived_1.f90 execution test
FAIL: gfortran.dg/arrayio_derived_1.f90 execution test
FAIL: gfortran.dg/arrayio_derived_1.f90 execution test
FAIL: gfortran.dg/arrayio_derived_1.f90 execution test
FAIL: gfortran.dg/arrayio_derived_1.f90 execution test
FAIL: gfortran.dg/arrayio_derived_1.f90 execution test
FAIL: gfortran.dg/arrayio_derived_1.f90 execution test
FAIL: gfortran.dg/associated_4.f90 execution test
FAIL: gfortran.dg/associated_4.f90 execution test
FAIL: gfortran.dg/associated_4.f90 execution test
FAIL: gfortran.dg/associated_4.f90 execution test
FAIL: gfortran.dg/associated_4.f90 execution test
FAIL: gfortran.dg/associated_4.f90 execution test
FAIL: gfortran.dg/associated_4.f90 execution test
FAIL: gfortran.dg/associated_4.f90 execution test
FAIL: gfortran.dg/automatic_char_len_2.f90 execution test
FAIL: gfortran.dg/automatic_char_len_2.f90 execution test
FAIL: gfortran.dg/automatic_char_len_2.f90 execution test
FAIL: gfortran.dg/automatic_char_len_2.f90 execution test
FAIL: gfortran.dg/automatic_char_len_2.f90 execution test
FAIL: gfortran.dg/automatic_char_len_2.f90 execution test
FAIL: gfortran.dg/automatic_char_len_2.f90 execution test
FAIL: gfortran.dg/automatic_char_len_2.f90 execution test
FAIL: gfortran.dg/backslash_1.f90 execution test
FAIL: gfortran.dg/backslash_1.f90 execution test
FAIL: gfortran.dg/backslash_1.f90 execution test
FAIL: gfortran.dg/backslash_1.f90 execution test
FAIL: gfortran.dg/backslash_1.f90 execution test
FAIL: gfortran.dg/backslash_1.f90 execution test
FAIL: gfortran.dg/backslash_1.f90 execution test
FAIL: gfortran.dg/backslash_1.f90 execution test
FAIL: gfortran.dg/backslash_2.f90 execution test
FAIL: gfortran.dg/backslash_2.f90 execution test
FAIL: gfortran.dg/backslash_2.f90 execution test
FAIL: gfortran.dg/backslash_2.f90 execution test
FAIL: gfortran.dg/backslash_2.f90 execution test
FAIL: gfortran.dg/backslash_2.f90 execution test
FAIL: gfortran.dg/backslash_2.f90 execution test
FAIL: gfortran.dg/backslash_2.f90 execution test
FAIL: gfortran.dg/comma.f execution test
FAIL: gfortran.dg/comma.f execution test
FAIL: gfortran.dg/comma.f execution test
FAIL: gfortran.dg/comma.f execution test
FAIL: gfortran.dg/comma.f execution test
FAIL: gfortran.dg/comma.f execution test
FAIL: gfortran.dg/comma.f execution test
FAIL: gfortran.dg/comma.f execution test
FAIL: gfortran.dg/comma_format_extension_3.f execution test
FAIL: gfortran.dg/comma_format_extension_3.f execution test
FAIL: gfortran.dg/comma_format_extension_3.f execution test
FAIL: gfortran.dg/comma_format_extension_3.f execution test
FAIL: gfortran.dg/comma_format_extension_3.f execution test
FAIL: gfortran.dg/comma_format_extension_3.f execution test
FAIL: gfortran.dg/comma_format_extension_3.f execution test
FAIL: gfortran.dg/comma_format_extension_3.f execution test
FAIL: gfortran.dg/comma_format_extension_4.f execution test
FAIL: gfortran.dg/comma_format_extension_4.f execution test
FAIL: gfortran.dg/comma_format_extension_4.f execution test
FAIL: gfortran.dg/comma_format_extension_4.f execution test
FAIL: gfortran.dg/comma_format_extension_4.f execution test
FAIL: gfortran.dg/comma_format_extension_4.f execution test
FAIL: gfortran.dg/comma_format_extension_4.f execution test
FAIL: gfortran.dg/comma_format_extension_4.f execution test
FAIL: gfortran.dg/complex_write.f90 execution test
FAIL: gfortran.dg/complex_write.f90 execution test
FAIL: gfortran.dg/complex_write.f90 execution test
FAIL: gfortran.dg/complex_write.f90 execution test
FAIL: gfortran.dg/complex_write.f90 execution test
FAIL: gfortran.dg/complex_write.f90 execution test
FAIL: gfortran.dg/complex_write.f90 execution test
FAIL: gfortran.dg/complex_write.f90 execution test
FAIL: gfortran.dg/constant_substring.f execution test
FAIL: gfortran.dg/constant_substring.f execution test
FAIL: gfortran.dg/constant_substring.f execution test
FAIL: gfortran.dg/constant_substring.f execution test
FAIL: gfortran.dg/constant_substring.f execution test
FAIL: gfortran.dg/constant_substring.f execution test
FAIL: gfortran.dg/constant_substring.f execution test
FAIL: gfortran.dg/constant_substring.f execution test
FAIL: gfortran.dg/convert_implied_open.f90 execution test
FAIL: gfortran.dg/convert_implied_open.f90 execution test
FAIL: gfortran.dg/convert_implied_open.f90 execution test
FAIL: gfortran.dg/convert_implied_open.f90 execution test
FAIL: gfortran.dg/convert_implied_open.f90 execution test
FAIL: gfortran.dg/convert_implied_open.f90 execution test
FAIL: gfortran.dg/convert_implied_open.f90 execution test
FAIL: gfortran.dg/convert_implied_open.f90 execution test
FAIL: gfortran.dg/der_array_io_1.f90 execution test
FAIL: gfortran.dg/der_array_io_1.f90 execution test
FAIL: gfortran.dg/der_array_io_1.f90 execution test
FAIL: gfortran.dg/der_array_io_1.f90 execution test
FAIL: gfortran.dg/der_array_io_1.f90 execution test
FAIL: gfortran.dg/der_array_io_1.f90 execution test
FAIL: gfortran.dg/der_array_io_1.f90 execution test
FAIL: gfortran.dg/der_array_io_1.f90 execution test
FAIL: gfortran.dg/der_array_io_2.f90 execution test
FAIL: gfortran.dg/der_array_io_2.f90 execution test
FAIL: gfortran.dg/der_array_io_2.f90 execution test
FAIL: gfortran.dg/der_array_io_2.f90 execution test
FAIL: gfortran.dg/der_array_io_2.f90 execution test
FAIL: gfortran.dg/der_array_io_2.f90 execution test
FAIL: gfortran.dg/der_array_io_2.f90 execution test
FAIL: gfortran.dg/der_array_io_2.f90 execution test
FAIL: gfortran.dg/der_array_io_3.f90 execution test
FAIL: gfortran.dg/der_array_io_3.f90 execution test
FAIL: gfortran.dg/der_array_io_3.f90 execution test
FAIL: gfortran.dg/der_array_io_3.f90 execution test
FAIL: gfortran.dg/der_array_io_3.f90 execution test
FAIL: gfortran.dg/der_array_io_3.f90 execution test
FAIL: gfortran.dg/der_array_io_3.f90 execution test
FAIL: gfortran.dg/der_array_io_3.f90 execution test
FAIL: gfortran.dg/dev_null.f90 execution test
FAIL: gfortran.dg/dev_null.f90 execution test
FAIL: gfortran.dg/dev_null.f90 execution test
FAIL: gfortran.dg/dev_null.f90 execution test
FAIL: gfortran.dg/dev_null.f90 execution test
FAIL: gfortran.dg/dev_null.f90 execution test
FAIL: gfortran.dg/dev_null.f90 execution test
FAIL: gfortran.dg/dev_null.f90 execution test
FAIL: gfortran.dg/direct_io_1.f90 execution test
FAIL: gfortran.dg/direct_io_1.f90 execution test
FAIL: gfortran.dg/direct_io_1.f90 execution test
FAIL: gfortran.dg/direct_io_1.f90 execution test
FAIL: gfortran.dg/direct_io_1.f90 execution test
FAIL: gfortran.dg/direct_io_1.f90 execution test
FAIL: gfortran.dg/direct_io_1.f90 execution test
FAIL: gfortran.dg/direct_io_1.f90 execution test
FAIL: gfortran.dg/direct_io_2.f90 execution test
FAIL: gfortran.dg/direct_io_2.f90 execution test
FAIL: gfortran.dg/direct_io_2.f90 execution test
FAIL: gfortran.dg/direct_io_2.f90 execution test
FAIL: gfortran.dg/direct_io_2.f90 execution test
FAIL: gfortran.dg/direct_io_2.f90 execution test
FAIL: gfortran.dg/direct_io_2.f90 execution test
FAIL: gfortran.dg/direct_io_2.f90 execution test
FAIL: gfortran.dg/direct_io_3.f90 execution test
FAIL: gfortran.dg/direct_io_3.f90 execution test
FAIL: gfortran.dg/direct_io_3.f90 execution test
FAIL: gfortran.dg/direct_io_3.f90 execution test
FAIL: gfortran.dg/direct_io_3.f90 execution test
FAIL: gfortran.dg/direct_io_3.f90 execution test
FAIL: gfortran.dg/direct_io_4.f90 execution test
FAIL: gfortran.dg/direct_io_4.f90 execution test
FAIL: gfortran.dg/direct_io_4.f90 execution test
FAIL: gfortran.dg/direct_io_4.f90 execution test
FAIL: gfortran.dg/direct_io_4.f90 execution test
FAIL: gfortran.dg/direct_io_4.f90 execution test
FAIL: gfortran.dg/direct_io_4.f90 execution test
FAIL: gfortran.dg/direct_io_4.f90 execution test
FAIL: gfortran.dg/direct_io_5.f90 execution test
FAIL: gfortran.dg/direct_io_5.f90 execution test
FAIL: gfortran.dg/direct_io_5.f90 execution test
FAIL: gfortran.dg/direct_io_5.f90 execution test
FAIL: gfortran.dg/direct_io_5.f90 execution test
FAIL: gfortran.dg/direct_io_5.f90 execution test
FAIL: gfortran.dg/direct_io_5.f90 execution test
FAIL: gfortran.dg/direct_io_5.f90 execution test
FAIL: gfortran.dg/dollar_edit_descriptor-1.f execution test
FAIL: gfortran.dg/dollar_edit_descriptor-1.f execution test
FAIL: gfortran.dg/dollar_edit_descriptor-1.f execution test
FAIL: gfortran.dg/dollar_edit_descriptor-1.f execution test
FAIL: gfortran.dg/dollar_edit_descriptor-1.f execution test
FAIL: gfortran.dg/dollar_edit_descriptor-1.f execution test
FAIL: gfortran.dg/dollar_edit_descriptor-1.f execution test
FAIL: gfortran.dg/dollar_edit_descriptor-1.f execution test
FAIL: gfortran.dg/dos_eol.f execution test
FAIL: gfortran.dg/dos_eol.f execution test
FAIL: gfortran.dg/dos_eol.f execution test
FAIL: gfortran.dg/dos_eol.f execution test
FAIL: gfortran.dg/dos_eol.f execution test
FAIL: gfortran.dg/dos_eol.f execution test
FAIL: gfortran.dg/dos_eol.f execution test
FAIL: gfortran.dg/dos_eol.f execution test
FAIL: gfortran.dg/e_d_fmt.f90 execution test
FAIL: gfortran.dg/e_d_fmt.f90 execution test
FAIL: gfortran.dg/e_d_fmt.f90 execution test
FAIL: gfortran.dg/e_d_fmt.f90 execution test
FAIL: gfortran.dg/e_d_fmt.f90 execution test
FAIL: gfortran.dg/e_d_fmt.f90 execution test
FAIL: gfortran.dg/e_d_fmt.f90 execution test
FAIL: gfortran.dg/e_d_fmt.f90 execution test
FAIL: gfortran.dg/edit_real_1.f90 execution test
FAIL: gfortran.dg/edit_real_1.f90 execution test
FAIL: gfortran.dg/edit_real_1.f90 execution test
FAIL: gfortran.dg/edit_real_1.f90 execution test
FAIL: gfortran.dg/edit_real_1.f90 execution test
FAIL: gfortran.dg/edit_real_1.f90 execution test
FAIL: gfortran.dg/edit_real_1.f90 execution test
FAIL: gfortran.dg/edit_real_1.f90 execution test
FAIL: gfortran.dg/empty_format_1.f90 execution test
FAIL: gfortran.dg/empty_format_1.f90 execution test
FAIL: gfortran.dg/empty_format_1.f90 execution test
FAIL: gfortran.dg/empty_format_1.f90 execution test
FAIL: gfortran.dg/empty_format_1.f90 execution test
FAIL: gfortran.dg/empty_format_1.f90 execution test
FAIL: gfortran.dg/empty_format_1.f90 execution test
FAIL: gfortran.dg/empty_format_1.f90 execution test
FAIL: gfortran.dg/endfile.f90 execution test
FAIL: gfortran.dg/endfile.f90 execution test
FAIL: gfortran.dg/endfile.f90 execution test
FAIL: gfortran.dg/endfile.f90 execution test
FAIL: gfortran.dg/endfile.f90 execution test
FAIL: gfortran.dg/endfile.f90 execution test
FAIL: gfortran.dg/endfile.f90 execution test
FAIL: gfortran.dg/endfile.f90 execution test
FAIL: gfortran.dg/eof_1.f90 execution test
FAIL: gfortran.dg/eof_1.f90 execution test
FAIL: gfortran.dg/eof_1.f90 execution test
FAIL: gfortran.dg/eof_1.f90 execution test
FAIL: gfortran.dg/eof_1.f90 execution test
FAIL: gfortran.dg/eof_1.f90 execution test
FAIL: gfortran.dg/eof_1.f90 execution test
FAIL: gfortran.dg/eof_1.f90 execution test
FAIL: gfortran.dg/eor_1.f90 execution test
FAIL: gfortran.dg/eor_1.f90 execution test
FAIL: gfortran.dg/eor_1.f90 execution test
FAIL: gfortran.dg/eor_1.f90 execution test
FAIL: gfortran.dg/eor_1.f90 execution test
FAIL: gfortran.dg/eor_1.f90 execution test
FAIL: gfortran.dg/eor_1.f90 execution test
FAIL: gfortran.dg/eor_1.f90 execution test
FAIL: gfortran.dg/eor_handling_1.f90 execution test
FAIL: gfortran.dg/eor_handling_1.f90 execution test
FAIL: gfortran.dg/eor_handling_1.f90 execution test
FAIL: gfortran.dg/eor_handling_1.f90 execution test
FAIL: gfortran.dg/eor_handling_1.f90 execution test
FAIL: gfortran.dg/eor_handling_2.f90 execution test
FAIL: gfortran.dg/eor_handling_2.f90 execution test
FAIL: gfortran.dg/eor_handling_2.f90 execution test
FAIL: gfortran.dg/eor_handling_2.f90 execution test
FAIL: gfortran.dg/eor_handling_2.f90 execution test
FAIL: gfortran.dg/eor_handling_2.f90 execution test
FAIL: gfortran.dg/eor_handling_2.f90 execution test
FAIL: gfortran.dg/eor_handling_2.f90 execution test
FAIL: gfortran.dg/eor_handling_3.f90 execution test
FAIL: gfortran.dg/eor_handling_3.f90 execution test
FAIL: gfortran.dg/eor_handling_3.f90 execution test
FAIL: gfortran.dg/eor_handling_3.f90 execution test
FAIL: gfortran.dg/eor_handling_3.f90 execution test
FAIL: gfortran.dg/eor_handling_4.f90 execution test
FAIL: gfortran.dg/eor_handling_4.f90 execution test
FAIL: gfortran.dg/eor_handling_4.f90 execution test
FAIL: gfortran.dg/eor_handling_4.f90 execution test
FAIL: gfortran.dg/eor_handling_4.f90 execution test
FAIL: gfortran.dg/eor_handling_4.f90 execution test
FAIL: gfortran.dg/eor_handling_4.f90 execution test
FAIL: gfortran.dg/eor_handling_4.f90 execution test
FAIL: gfortran.dg/eor_handling_5.f90 execution test
FAIL: gfortran.dg/eor_handling_5.f90 execution test
FAIL: gfortran.dg/eor_handling_5.f90 execution test
FAIL: gfortran.dg/eor_handling_5.f90 execution test
FAIL: gfortran.dg/eor_handling_5.f90 execution test
FAIL: gfortran.dg/eor_handling_5.f90 execution test
FAIL: gfortran.dg/eor_handling_5.f90 execution test
FAIL: gfortran.dg/eor_handling_5.f90 execution test
FAIL: gfortran.dg/eoshift.f90 execution test
FAIL: gfortran.dg/eoshift.f90 execution test
FAIL: gfortran.dg/eoshift.f90 execution test
FAIL: gfortran.dg/eoshift.f90 execution test
FAIL: gfortran.dg/eoshift.f90 execution test
FAIL: gfortran.dg/eoshift.f90 execution test
FAIL: gfortran.dg/eoshift.f90 execution test
FAIL: gfortran.dg/eoshift.f90 execution test
FAIL: gfortran.dg/fgetc_1.f90 execution test
FAIL: gfortran.dg/fgetc_1.f90 execution test
FAIL: gfortran.dg/fgetc_1.f90 execution test
FAIL: gfortran.dg/fgetc_1.f90 execution test
FAIL: gfortran.dg/fgetc_1.f90 execution test
FAIL: gfortran.dg/fgetc_1.f90 execution test
FAIL: gfortran.dg/fgetc_1.f90 execution test
FAIL: gfortran.dg/fgetc_1.f90 execution test
FAIL: gfortran.dg/fgetc_2.f90 execution test
FAIL: gfortran.dg/fgetc_2.f90 execution test
FAIL: gfortran.dg/fgetc_2.f90 execution test
FAIL: gfortran.dg/fgetc_2.f90 execution test
FAIL: gfortran.dg/fgetc_2.f90 execution test
FAIL: gfortran.dg/fgetc_2.f90 execution test
FAIL: gfortran.dg/fgetc_2.f90 execution test
FAIL: gfortran.dg/fgetc_2.f90 execution test
FAIL: gfortran.dg/fmt_exhaust.f90 execution test
FAIL: gfortran.dg/fmt_l.f90 execution test
FAIL: gfortran.dg/fmt_l.f90 execution test
FAIL: gfortran.dg/fmt_l.f90 execution test
FAIL: gfortran.dg/fmt_l.f90 execution test
FAIL: gfortran.dg/fmt_l.f90 execution test
FAIL: gfortran.dg/fmt_l.f90 execution test
FAIL: gfortran.dg/fmt_l.f90 execution test
FAIL: gfortran.dg/fmt_l.f90 execution test
FAIL: gfortran.dg/fmt_read.f90 execution test
FAIL: gfortran.dg/fmt_read.f90 execution test
FAIL: gfortran.dg/fmt_read.f90 execution test
FAIL: gfortran.dg/fmt_read.f90 execution test
FAIL: gfortran.dg/fmt_read.f90 execution test
FAIL: gfortran.dg/fmt_read.f90 execution test
FAIL: gfortran.dg/fmt_read.f90 execution test
FAIL: gfortran.dg/fmt_read.f90 execution test
FAIL: gfortran.dg/fmt_read_bz_bn.f90 execution test
FAIL: gfortran.dg/fmt_read_bz_bn.f90 execution test
FAIL: gfortran.dg/fmt_read_bz_bn.f90 execution test
FAIL: gfortran.dg/fmt_read_bz_bn.f90 execution test
FAIL: gfortran.dg/fmt_read_bz_bn.f90 execution test
FAIL: gfortran.dg/fmt_read_bz_bn.f90 execution test
FAIL: gfortran.dg/fmt_read_bz_bn.f90 execution test
FAIL: gfortran.dg/fmt_read_bz_bn.f90 execution test
FAIL: gfortran.dg/fmt_t_1.f90 execution test
FAIL: gfortran.dg/fmt_t_1.f90 execution test
FAIL: gfortran.dg/fmt_t_1.f90 execution test
FAIL: gfortran.dg/fmt_t_1.f90 execution test
FAIL: gfortran.dg/fmt_t_1.f90 execution test
FAIL: gfortran.dg/fmt_t_1.f90 execution test
FAIL: gfortran.dg/fmt_t_1.f90 execution test
FAIL: gfortran.dg/fmt_t_1.f90 execution test
FAIL: gfortran.dg/fmt_t_2.f90 execution test
FAIL: gfortran.dg/fmt_t_2.f90 execution test
FAIL: gfortran.dg/fmt_t_2.f90 execution test
FAIL: gfortran.dg/fmt_t_2.f90 execution test
FAIL: gfortran.dg/fmt_t_2.f90 execution test
FAIL: gfortran.dg/fmt_t_2.f90 execution test
FAIL: gfortran.dg/fmt_t_2.f90 execution test
FAIL: gfortran.dg/fmt_t_2.f90 execution test
FAIL: gfortran.dg/fmt_tl.f execution test
FAIL: gfortran.dg/fmt_tl.f execution test
FAIL: gfortran.dg/fmt_tl.f execution test
FAIL: gfortran.dg/fmt_tl.f execution test
FAIL: gfortran.dg/fmt_tl.f execution test
FAIL: gfortran.dg/fmt_tl.f execution test
FAIL: gfortran.dg/fmt_tl.f execution test
FAIL: gfortran.dg/fmt_tl.f execution test
FAIL: gfortran.dg/fmt_white.f execution test
FAIL: gfortran.dg/fmt_white.f execution test
FAIL: gfortran.dg/fmt_white.f execution test
FAIL: gfortran.dg/fmt_white.f execution test
FAIL: gfortran.dg/fmt_white.f execution test
FAIL: gfortran.dg/fmt_white.f execution test
FAIL: gfortran.dg/fmt_white.f execution test
FAIL: gfortran.dg/fmt_white.f execution test
FAIL: gfortran.dg/fmt_zero_digits.f90 execution test
FAIL: gfortran.dg/fmt_zero_digits.f90 execution test
FAIL: gfortran.dg/fmt_zero_digits.f90 execution test
FAIL: gfortran.dg/fmt_zero_digits.f90 execution test
FAIL: gfortran.dg/fmt_zero_digits.f90 execution test
FAIL: gfortran.dg/fmt_zero_digits.f90 execution test
FAIL: gfortran.dg/fmt_zero_digits.f90 execution test
FAIL: gfortran.dg/fmt_zero_digits.f90 execution test
FAIL: gfortran.dg/ftell_1.f90 execution test
FAIL: gfortran.dg/ftell_1.f90 execution test
FAIL: gfortran.dg/ftell_1.f90 execution test
FAIL: gfortran.dg/ftell_1.f90 execution test
FAIL: gfortran.dg/ftell_1.f90 execution test
FAIL: gfortran.dg/ftell_1.f90 execution test
FAIL: gfortran.dg/ftell_1.f90 execution test
FAIL: gfortran.dg/ftell_1.f90 execution test
FAIL: gfortran.dg/ftell_2.f90 execution test
FAIL: gfortran.dg/ftell_2.f90 execution test
FAIL: gfortran.dg/ftell_2.f90 execution test
FAIL: gfortran.dg/ftell_2.f90 execution test
FAIL: gfortran.dg/ftell_2.f90 execution test
FAIL: gfortran.dg/ftell_2.f90 execution test
FAIL: gfortran.dg/ftell_2.f90 execution test
FAIL: gfortran.dg/ftell_2.f90 execution test
FAIL: gfortran.dg/func_derived_3.f90 execution test
FAIL: gfortran.dg/func_derived_3.f90 execution test
FAIL: gfortran.dg/func_derived_3.f90 execution test
FAIL: gfortran.dg/func_derived_3.f90 execution test
FAIL: gfortran.dg/func_derived_3.f90 execution test
FAIL: gfortran.dg/func_derived_3.f90 execution test
FAIL: gfortran.dg/func_derived_3.f90 execution test
FAIL: gfortran.dg/func_derived_3.f90 execution test
FAIL: gfortran.dg/hollerith.f90 execution test
FAIL: gfortran.dg/hollerith.f90 execution test
FAIL: gfortran.dg/hollerith.f90 execution test
FAIL: gfortran.dg/hollerith.f90 execution test
FAIL: gfortran.dg/hollerith.f90 execution test
FAIL: gfortran.dg/hollerith.f90 execution test
FAIL: gfortran.dg/hollerith.f90 execution test
FAIL: gfortran.dg/hollerith.f90 execution test
FAIL: gfortran.dg/hollerith4.f90 execution test
FAIL: gfortran.dg/hollerith4.f90 execution test
FAIL: gfortran.dg/hollerith4.f90 execution test
FAIL: gfortran.dg/hollerith4.f90 execution test
FAIL: gfortran.dg/hollerith4.f90 execution test
FAIL: gfortran.dg/hollerith4.f90 execution test
FAIL: gfortran.dg/hollerith4.f90 execution test
FAIL: gfortran.dg/hollerith4.f90 execution test
FAIL: gfortran.dg/hollerith_1.f90 execution test
FAIL: gfortran.dg/hollerith_1.f90 execution test
FAIL: gfortran.dg/hollerith_1.f90 execution test
FAIL: gfortran.dg/hollerith_1.f90 execution test
FAIL: gfortran.dg/hollerith_1.f90 execution test
FAIL: gfortran.dg/hollerith_1.f90 execution test
FAIL: gfortran.dg/hollerith_1.f90 execution test
FAIL: gfortran.dg/hollerith_1.f90 execution test
FAIL: gfortran.dg/inquire-complex.f90 execution test
FAIL: gfortran.dg/inquire-complex.f90 execution test
FAIL: gfortran.dg/inquire-complex.f90 execution test
FAIL: gfortran.dg/inquire-complex.f90 execution test
FAIL: gfortran.dg/inquire-complex.f90 execution test
FAIL: gfortran.dg/inquire-complex.f90 execution test
FAIL: gfortran.dg/inquire-complex.f90 execution test
FAIL: gfortran.dg/inquire-complex.f90 execution test
FAIL: gfortran.dg/inquire_9.f90 execution test
FAIL: gfortran.dg/inquire_9.f90 execution test
FAIL: gfortran.dg/inquire_9.f90 execution test
FAIL: gfortran.dg/inquire_9.f90 execution test
FAIL: gfortran.dg/inquire_9.f90 execution test
FAIL: gfortran.dg/inquire_9.f90 execution test
FAIL: gfortran.dg/inquire_9.f90 execution test
FAIL: gfortran.dg/inquire_9.f90 execution test
FAIL: gfortran.dg/iomsg_1.f90 execution test
FAIL: gfortran.dg/iomsg_1.f90 execution test
FAIL: gfortran.dg/iomsg_1.f90 execution test
FAIL: gfortran.dg/iomsg_1.f90 execution test
FAIL: gfortran.dg/iomsg_1.f90 execution test
FAIL: gfortran.dg/iomsg_1.f90 execution test
FAIL: gfortran.dg/iomsg_1.f90 execution test
FAIL: gfortran.dg/iomsg_1.f90 execution test
FAIL: gfortran.dg/iostat_1.f90 execution test
FAIL: gfortran.dg/iostat_1.f90 execution test
FAIL: gfortran.dg/iostat_1.f90 execution test
FAIL: gfortran.dg/iostat_1.f90 execution test
FAIL: gfortran.dg/iostat_1.f90 execution test
FAIL: gfortran.dg/iostat_1.f90 execution test
FAIL: gfortran.dg/iostat_1.f90 execution test
FAIL: gfortran.dg/iostat_1.f90 execution test
FAIL: gfortran.dg/itime_idate_1.f (test for excess errors)
WARNING: gfortran.dg/itime_idate_1.f compilation failed to produce
executable
FAIL: gfortran.dg/itime_idate_1.f (test for excess errors)
WARNING: gfortran.dg/itime_idate_1.f compilation failed to produce
executable
FAIL: gfortran.dg/itime_idate_1.f (test for excess errors)
WARNING: gfortran.dg/itime_idate_1.f compilation failed to produce
executable
FAIL: gfortran.dg/itime_idate_1.f (test for excess errors)
WARNING: gfortran.dg/itime_idate_1.f compilation failed to produce
executable
FAIL: gfortran.dg/itime_idate_1.f (test for excess errors)
WARNING: gfortran.dg/itime_idate_1.f compilation failed to produce
executable
FAIL: gfortran.dg/itime_idate_1.f (test for excess errors)
WARNING: gfortran.dg/itime_idate_1.f compilation failed to produce
executable
FAIL: gfortran.dg/itime_idate_1.f (test for excess errors)
WARNING: gfortran.dg/itime_idate_1.f compilation failed to produce
executable
FAIL: gfortran.dg/itime_idate_1.f (test for excess errors)
WARNING: gfortran.dg/itime_idate_1.f compilation failed to produce
executable
FAIL: gfortran.dg/itime_idate_2.f (test for excess errors)
WARNING: gfortran.dg/itime_idate_2.f compilation failed to produce
executable
FAIL: gfortran.dg/itime_idate_2.f (test for excess errors)
WARNING: gfortran.dg/itime_idate_2.f compilation failed to produce
executable
FAIL: gfortran.dg/itime_idate_2.f (test for excess errors)
WARNING: gfortran.dg/itime_idate_2.f compilation failed to produce
executable
FAIL: gfortran.dg/itime_idate_2.f (test for excess errors)
WARNING: gfortran.dg/itime_idate_2.f compilation failed to produce
executable
FAIL: gfortran.dg/itime_idate_2.f (test for excess errors)
WARNING: gfortran.dg/itime_idate_2.f compilation failed to produce
executable
FAIL: gfortran.dg/itime_idate_2.f (test for excess errors)
WARNING: gfortran.dg/itime_idate_2.f compilation failed to produce
executable
FAIL: gfortran.dg/itime_idate_2.f (test for excess errors)
WARNING: gfortran.dg/itime_idate_2.f compilation failed to produce
executable
FAIL: gfortran.dg/itime_idate_2.f (test for excess errors)
WARNING: gfortran.dg/itime_idate_2.f compilation failed to produce
executable
FAIL: gfortran.dg/list_read_1.f90 execution test
FAIL: gfortran.dg/list_read_1.f90 execution test
FAIL: gfortran.dg/list_read_1.f90 execution test
FAIL: gfortran.dg/list_read_1.f90 execution test
FAIL: gfortran.dg/list_read_1.f90 execution test
FAIL: gfortran.dg/list_read_1.f90 execution test
FAIL: gfortran.dg/list_read_1.f90 execution test
FAIL: gfortran.dg/list_read_1.f90 execution test
FAIL: gfortran.dg/list_read_2.f90 execution test
FAIL: gfortran.dg/list_read_2.f90 execution test
FAIL: gfortran.dg/list_read_2.f90 execution test
FAIL: gfortran.dg/list_read_2.f90 execution test
FAIL: gfortran.dg/list_read_2.f90 execution test
FAIL: gfortran.dg/list_read_2.f90 execution test
FAIL: gfortran.dg/list_read_2.f90 execution test
FAIL: gfortran.dg/list_read_2.f90 execution test
FAIL: gfortran.dg/list_read_3.f90 execution test
FAIL: gfortran.dg/list_read_3.f90 execution test
FAIL: gfortran.dg/list_read_3.f90 execution test
FAIL: gfortran.dg/list_read_3.f90 execution test
FAIL: gfortran.dg/list_read_3.f90 execution test
FAIL: gfortran.dg/list_read_3.f90 execution test
FAIL: gfortran.dg/list_read_3.f90 execution test
FAIL: gfortran.dg/list_read_3.f90 execution test
FAIL: gfortran.dg/list_read_5.f90 execution test
FAIL: gfortran.dg/list_read_5.f90 execution test
FAIL: gfortran.dg/list_read_5.f90 execution test
FAIL: gfortran.dg/list_read_5.f90 execution test
FAIL: gfortran.dg/list_read_5.f90 execution test
FAIL: gfortran.dg/list_read_5.f90 execution test
FAIL: gfortran.dg/list_read_5.f90 execution test
FAIL: gfortran.dg/list_read_5.f90 execution test
FAIL: gfortran.dg/literal_character_constant_1_x.F execution test
FAIL: gfortran.dg/literal_character_constant_1_x.F execution test
FAIL: gfortran.dg/literal_character_constant_1_x.F execution test
FAIL: gfortran.dg/literal_character_constant_1_x.F execution test
FAIL: gfortran.dg/literal_character_constant_1_x.F execution test
FAIL: gfortran.dg/literal_character_constant_1_x.F execution test
FAIL: gfortran.dg/literal_character_constant_1_x.F execution test
FAIL: gfortran.dg/literal_character_constant_1_x.F execution test
FAIL: gfortran.dg/literal_character_constant_1_y.F execution test
FAIL: gfortran.dg/literal_character_constant_1_y.F execution test
FAIL: gfortran.dg/literal_character_constant_1_y.F execution test
FAIL: gfortran.dg/literal_character_constant_1_y.F execution test
FAIL: gfortran.dg/literal_character_constant_1_y.F execution test
FAIL: gfortran.dg/literal_character_constant_1_y.F execution test
FAIL: gfortran.dg/literal_character_constant_1_y.F execution test
FAIL: gfortran.dg/literal_character_constant_1_y.F execution test
FAIL: gfortran.dg/literal_character_constant_1_z.F execution test
FAIL: gfortran.dg/literal_character_constant_1_z.F execution test
FAIL: gfortran.dg/literal_character_constant_1_z.F execution test
FAIL: gfortran.dg/literal_character_constant_1_z.F execution test
FAIL: gfortran.dg/literal_character_constant_1_z.F execution test
FAIL: gfortran.dg/literal_character_constant_1_z.F execution test
FAIL: gfortran.dg/literal_character_constant_1_z.F execution test
FAIL: gfortran.dg/literal_character_constant_1_z.F execution test
FAIL: gfortran.dg/logical_1.f90 execution test
FAIL: gfortran.dg/logical_1.f90 execution test
FAIL: gfortran.dg/logical_1.f90 execution test
FAIL: gfortran.dg/logical_1.f90 execution test
FAIL: gfortran.dg/logical_1.f90 execution test
FAIL: gfortran.dg/logical_1.f90 execution test
FAIL: gfortran.dg/logical_1.f90 execution test
FAIL: gfortran.dg/logical_1.f90 execution test
FAIL: gfortran.dg/matmul_3.f90 execution test
FAIL: gfortran.dg/matmul_3.f90 execution test
FAIL: gfortran.dg/matmul_3.f90 execution test
FAIL: gfortran.dg/matmul_3.f90 execution test
FAIL: gfortran.dg/matmul_3.f90 execution test
FAIL: gfortran.dg/matmul_3.f90 execution test
FAIL: gfortran.dg/matmul_3.f90 execution test
FAIL: gfortran.dg/matmul_3.f90 execution test
FAIL: gfortran.dg/mclock.f90 (test for excess errors)
WARNING: gfortran.dg/mclock.f90 compilation failed to produce executable
FAIL: gfortran.dg/mclock.f90 (test for excess errors)
WARNING: gfortran.dg/mclock.f90 compilation failed to produce executable
FAIL: gfortran.dg/mclock.f90 (test for excess errors)
WARNING: gfortran.dg/mclock.f90 compilation failed to produce executable
FAIL: gfortran.dg/mclock.f90 (test for excess errors)
WARNING: gfortran.dg/mclock.f90 compilation failed to produce executable
FAIL: gfortran.dg/mclock.f90 (test for excess errors)
WARNING: gfortran.dg/mclock.f90 compilation failed to produce executable
FAIL: gfortran.dg/mclock.f90 (test for excess errors)
WARNING: gfortran.dg/mclock.f90 compilation failed to produce executable
FAIL: gfortran.dg/mclock.f90 (test for excess errors)
WARNING: gfortran.dg/mclock.f90 compilation failed to produce executable
FAIL: gfortran.dg/mclock.f90 (test for excess errors)
WARNING: gfortran.dg/mclock.f90 compilation failed to produce executable
FAIL: gfortran.dg/merge_char_const.f90 execution test
FAIL: gfortran.dg/merge_char_const.f90 execution test
FAIL: gfortran.dg/merge_char_const.f90 execution test
FAIL: gfortran.dg/merge_char_const.f90 execution test
FAIL: gfortran.dg/merge_char_const.f90 execution test
FAIL: gfortran.dg/merge_char_const.f90 execution test
FAIL: gfortran.dg/merge_char_const.f90 execution test
FAIL: gfortran.dg/merge_char_const.f90 execution test
FAIL: gfortran.dg/mixed_io_1.f90 execution test
FAIL: gfortran.dg/mixed_io_1.f90 execution test
FAIL: gfortran.dg/mixed_io_1.f90 execution test
FAIL: gfortran.dg/mixed_io_1.f90 execution test
FAIL: gfortran.dg/mixed_io_1.f90 execution test
FAIL: gfortran.dg/mixed_io_1.f90 execution test
FAIL: gfortran.dg/mixed_io_1.f90 execution test
FAIL: gfortran.dg/mixed_io_1.f90 execution test
FAIL: gfortran.dg/namelist_11.f execution test
FAIL: gfortran.dg/namelist_11.f execution test
FAIL: gfortran.dg/namelist_11.f execution test
FAIL: gfortran.dg/namelist_11.f execution test
FAIL: gfortran.dg/namelist_11.f execution test
FAIL: gfortran.dg/namelist_11.f execution test
FAIL: gfortran.dg/namelist_11.f execution test
FAIL: gfortran.dg/namelist_11.f execution test
FAIL: gfortran.dg/namelist_12.f execution test
FAIL: gfortran.dg/namelist_12.f execution test
FAIL: gfortran.dg/namelist_12.f execution test
FAIL: gfortran.dg/namelist_12.f execution test
FAIL: gfortran.dg/namelist_12.f execution test
FAIL: gfortran.dg/namelist_12.f execution test
FAIL: gfortran.dg/namelist_12.f execution test
FAIL: gfortran.dg/namelist_12.f execution test
FAIL: gfortran.dg/namelist_13.f90 execution test
FAIL: gfortran.dg/namelist_13.f90 execution test
FAIL: gfortran.dg/namelist_14.f90 execution test
FAIL: gfortran.dg/namelist_14.f90 execution test
FAIL: gfortran.dg/namelist_14.f90 execution test
FAIL: gfortran.dg/namelist_14.f90 execution test
FAIL: gfortran.dg/namelist_14.f90 execution test
FAIL: gfortran.dg/namelist_14.f90 execution test
FAIL: gfortran.dg/namelist_14.f90 execution test
FAIL: gfortran.dg/namelist_14.f90 execution test
FAIL: gfortran.dg/namelist_15.f90 execution test
FAIL: gfortran.dg/namelist_15.f90 execution test
FAIL: gfortran.dg/namelist_15.f90 execution test
FAIL: gfortran.dg/namelist_15.f90 execution test
FAIL: gfortran.dg/namelist_15.f90 execution test
FAIL: gfortran.dg/namelist_15.f90 execution test
FAIL: gfortran.dg/namelist_15.f90 execution test
FAIL: gfortran.dg/namelist_15.f90 execution test
FAIL: gfortran.dg/namelist_16.f90 execution test
FAIL: gfortran.dg/namelist_16.f90 execution test
FAIL: gfortran.dg/namelist_16.f90 execution test
FAIL: gfortran.dg/namelist_16.f90 execution test
FAIL: gfortran.dg/namelist_16.f90 execution test
FAIL: gfortran.dg/namelist_16.f90 execution test
FAIL: gfortran.dg/namelist_16.f90 execution test
FAIL: gfortran.dg/namelist_16.f90 execution test
FAIL: gfortran.dg/namelist_17.f90 execution test
FAIL: gfortran.dg/namelist_17.f90 execution test
FAIL: gfortran.dg/namelist_17.f90 execution test
FAIL: gfortran.dg/namelist_17.f90 execution test
FAIL: gfortran.dg/namelist_17.f90 execution test
FAIL: gfortran.dg/namelist_17.f90 execution test
FAIL: gfortran.dg/namelist_17.f90 execution test
FAIL: gfortran.dg/namelist_17.f90 execution test
FAIL: gfortran.dg/namelist_18.f90 execution test
FAIL: gfortran.dg/namelist_18.f90 execution test
FAIL: gfortran.dg/namelist_18.f90 execution test
FAIL: gfortran.dg/namelist_18.f90 execution test
FAIL: gfortran.dg/namelist_18.f90 execution test
FAIL: gfortran.dg/namelist_18.f90 execution test
FAIL: gfortran.dg/namelist_18.f90 execution test
FAIL: gfortran.dg/namelist_18.f90 execution test
FAIL: gfortran.dg/namelist_19.f90 execution test
FAIL: gfortran.dg/namelist_19.f90 execution test
FAIL: gfortran.dg/namelist_19.f90 execution test
FAIL: gfortran.dg/namelist_19.f90 execution test
FAIL: gfortran.dg/namelist_19.f90 execution test
FAIL: gfortran.dg/namelist_19.f90 execution test
FAIL: gfortran.dg/namelist_19.f90 execution test
FAIL: gfortran.dg/namelist_19.f90 execution test
FAIL: gfortran.dg/namelist_20.f90 execution test
FAIL: gfortran.dg/namelist_20.f90 execution test
FAIL: gfortran.dg/namelist_20.f90 execution test
FAIL: gfortran.dg/namelist_20.f90 execution test
FAIL: gfortran.dg/namelist_20.f90 execution test
FAIL: gfortran.dg/namelist_20.f90 execution test
FAIL: gfortran.dg/namelist_20.f90 execution test
FAIL: gfortran.dg/namelist_20.f90 execution test
FAIL: gfortran.dg/namelist_21.f90 execution test
FAIL: gfortran.dg/namelist_21.f90 execution test
FAIL: gfortran.dg/namelist_21.f90 execution test
FAIL: gfortran.dg/namelist_21.f90 execution test
FAIL: gfortran.dg/namelist_21.f90 execution test
FAIL: gfortran.dg/namelist_21.f90 execution test
FAIL: gfortran.dg/namelist_21.f90 execution test
FAIL: gfortran.dg/namelist_21.f90 execution test
FAIL: gfortran.dg/namelist_22.f90 execution test
FAIL: gfortran.dg/namelist_22.f90 execution test
FAIL: gfortran.dg/namelist_22.f90 execution test
FAIL: gfortran.dg/namelist_22.f90 execution test
FAIL: gfortran.dg/namelist_22.f90 execution test
FAIL: gfortran.dg/namelist_22.f90 execution test
FAIL: gfortran.dg/namelist_22.f90 execution test
FAIL: gfortran.dg/namelist_22.f90 execution test
FAIL: gfortran.dg/namelist_23.f90 execution test
FAIL: gfortran.dg/namelist_23.f90 execution test
FAIL: gfortran.dg/namelist_23.f90 execution test
FAIL: gfortran.dg/namelist_23.f90 execution test
FAIL: gfortran.dg/namelist_23.f90 execution test
FAIL: gfortran.dg/namelist_23.f90 execution test
FAIL: gfortran.dg/namelist_23.f90 execution test
FAIL: gfortran.dg/namelist_23.f90 execution test
FAIL: gfortran.dg/namelist_24.f90 execution test
FAIL: gfortran.dg/namelist_24.f90 execution test
FAIL: gfortran.dg/namelist_24.f90 execution test
FAIL: gfortran.dg/namelist_24.f90 execution test
FAIL: gfortran.dg/namelist_24.f90 execution test
FAIL: gfortran.dg/namelist_24.f90 execution test
FAIL: gfortran.dg/namelist_24.f90 execution test
FAIL: gfortran.dg/namelist_24.f90 execution test
FAIL: gfortran.dg/namelist_char_only.f90 execution test
FAIL: gfortran.dg/namelist_char_only.f90 execution test
FAIL: gfortran.dg/namelist_char_only.f90 execution test
FAIL: gfortran.dg/namelist_char_only.f90 execution test
FAIL: gfortran.dg/namelist_char_only.f90 execution test
FAIL: gfortran.dg/namelist_char_only.f90 execution test
FAIL: gfortran.dg/namelist_char_only.f90 execution test
FAIL: gfortran.dg/namelist_char_only.f90 execution test
FAIL: gfortran.dg/namelist_print_1.f execution test
FAIL: gfortran.dg/namelist_print_1.f execution test
FAIL: gfortran.dg/namelist_print_1.f execution test
FAIL: gfortran.dg/namelist_print_1.f execution test
FAIL: gfortran.dg/namelist_print_1.f execution test
FAIL: gfortran.dg/namelist_print_1.f execution test
FAIL: gfortran.dg/namelist_print_1.f execution test
FAIL: gfortran.dg/namelist_print_1.f execution test
FAIL: gfortran.dg/namelist_use.f90 execution test
FAIL: gfortran.dg/namelist_use.f90 execution test
FAIL: gfortran.dg/namelist_use.f90 execution test
FAIL: gfortran.dg/namelist_use.f90 execution test
FAIL: gfortran.dg/namelist_use.f90 execution test
FAIL: gfortran.dg/namelist_use.f90 execution test
FAIL: gfortran.dg/namelist_use.f90 execution test
FAIL: gfortran.dg/namelist_use.f90 execution test
FAIL: gfortran.dg/namelist_use_only.f90 execution test
FAIL: gfortran.dg/namelist_use_only.f90 execution test
FAIL: gfortran.dg/namelist_use_only.f90 execution test
FAIL: gfortran.dg/namelist_use_only.f90 execution test
FAIL: gfortran.dg/namelist_use_only.f90 execution test
FAIL: gfortran.dg/namelist_use_only.f90 execution test
FAIL: gfortran.dg/namelist_use_only.f90 execution test
FAIL: gfortran.dg/negative-z-descriptor.f90 execution test
FAIL: gfortran.dg/negative-z-descriptor.f90 execution test
FAIL: gfortran.dg/negative-z-descriptor.f90 execution test
FAIL: gfortran.dg/negative-z-descriptor.f90 execution test
FAIL: gfortran.dg/negative-z-descriptor.f90 execution test
FAIL: gfortran.dg/negative-z-descriptor.f90 execution test
FAIL: gfortran.dg/negative-z-descriptor.f90 execution test
FAIL: gfortran.dg/negative-z-descriptor.f90 execution test
FAIL: gfortran.dg/nested_reshape.f90 (test for excess errors)
WARNING: gfortran.dg/nested_reshape.f90 compilation failed to produce
executable
FAIL: gfortran.dg/nested_reshape.f90 (test for excess errors)
WARNING: gfortran.dg/nested_reshape.f90 compilation failed to produce
executable
FAIL: gfortran.dg/nested_reshape.f90 (test for excess errors)
WARNING: gfortran.dg/nested_reshape.f90 compilation failed to produce
executable
FAIL: gfortran.dg/nested_reshape.f90 (test for excess errors)
WARNING: gfortran.dg/nested_reshape.f90 compilation failed to produce
executable
FAIL: gfortran.dg/nested_reshape.f90 (test for excess errors)
WARNING: gfortran.dg/nested_reshape.f90 compilation failed to produce
executable
FAIL: gfortran.dg/nested_reshape.f90 (test for excess errors)
WARNING: gfortran.dg/nested_reshape.f90 compilation failed to produce
executable
FAIL: gfortran.dg/nested_reshape.f90 (test for excess errors)
WARNING: gfortran.dg/nested_reshape.f90 compilation failed to produce
executable
FAIL: gfortran.dg/nested_reshape.f90 (test for excess errors)
WARNING: gfortran.dg/nested_reshape.f90 compilation failed to produce
executable
FAIL: gfortran.dg/no_unit_error_1.f90 execution test
FAIL: gfortran.dg/no_unit_error_1.f90 execution test
FAIL: gfortran.dg/no_unit_error_1.f90 execution test
FAIL: gfortran.dg/no_unit_error_1.f90 execution test
FAIL: gfortran.dg/no_unit_error_1.f90 execution test
FAIL: gfortran.dg/no_unit_error_1.f90 execution test
FAIL: gfortran.dg/no_unit_error_1.f90 execution test
FAIL: gfortran.dg/no_unit_error_1.f90 execution test
FAIL: gfortran.dg/no_unit_error_2.f90 execution test
FAIL: gfortran.dg/no_unit_error_2.f90 execution test
FAIL: gfortran.dg/no_unit_error_2.f90 execution test
FAIL: gfortran.dg/no_unit_error_2.f90 execution test
FAIL: gfortran.dg/no_unit_error_2.f90 execution test
FAIL: gfortran.dg/no_unit_error_2.f90 execution test
FAIL: gfortran.dg/no_unit_error_2.f90 execution test
FAIL: gfortran.dg/no_unit_error_2.f90 execution test
FAIL: gfortran.dg/noadv_size.f90 execution test
FAIL: gfortran.dg/noadv_size.f90 execution test
FAIL: gfortran.dg/noadv_size.f90 execution test
FAIL: gfortran.dg/noadv_size.f90 execution test
FAIL: gfortran.dg/noadv_size.f90 execution test
FAIL: gfortran.dg/noadv_size.f90 execution test
FAIL: gfortran.dg/noadv_size.f90 execution test
FAIL: gfortran.dg/noadv_size.f90 execution test
FAIL: gfortran.dg/open_status_3.f90 execution test
FAIL: gfortran.dg/open_status_3.f90 execution test
FAIL: gfortran.dg/open_status_3.f90 execution test
FAIL: gfortran.dg/open_status_3.f90 execution test
FAIL: gfortran.dg/open_status_3.f90 execution test
FAIL: gfortran.dg/open_status_3.f90 execution test
FAIL: gfortran.dg/open_status_3.f90 execution test
FAIL: gfortran.dg/open_status_3.f90 execution test
FAIL: gfortran.dg/output_exponents_1.f90 execution test
FAIL: gfortran.dg/output_exponents_1.f90 execution test
FAIL: gfortran.dg/output_exponents_1.f90 execution test
FAIL: gfortran.dg/output_exponents_1.f90 execution test
FAIL: gfortran.dg/output_exponents_1.f90 execution test
FAIL: gfortran.dg/output_exponents_1.f90 execution test
FAIL: gfortran.dg/output_exponents_1.f90 execution test
FAIL: gfortran.dg/output_exponents_1.f90 execution test
FAIL: gfortran.dg/overwrite_1.f execution test
FAIL: gfortran.dg/overwrite_1.f execution test
FAIL: gfortran.dg/overwrite_1.f execution test
FAIL: gfortran.dg/overwrite_1.f execution test
FAIL: gfortran.dg/pad_no.f90 execution test
FAIL: gfortran.dg/pad_no.f90 execution test
FAIL: gfortran.dg/pad_no.f90 execution test
FAIL: gfortran.dg/pad_no.f90 execution test
FAIL: gfortran.dg/pad_no.f90 execution test
FAIL: gfortran.dg/pad_no.f90 execution test
FAIL: gfortran.dg/pad_no.f90 execution test
FAIL: gfortran.dg/past_eor.f90 execution test
FAIL: gfortran.dg/past_eor.f90 execution test
FAIL: gfortran.dg/past_eor.f90 execution test
FAIL: gfortran.dg/past_eor.f90 execution test
FAIL: gfortran.dg/past_eor.f90 execution test
FAIL: gfortran.dg/past_eor.f90 execution test
FAIL: gfortran.dg/past_eor.f90 execution test
FAIL: gfortran.dg/past_eor.f90 execution test
FAIL: gfortran.dg/pr12884.f execution test
FAIL: gfortran.dg/pr12884.f execution test
FAIL: gfortran.dg/pr12884.f execution test
FAIL: gfortran.dg/pr12884.f execution test
FAIL: gfortran.dg/pr12884.f execution test
FAIL: gfortran.dg/pr12884.f execution test
FAIL: gfortran.dg/pr12884.f execution test
FAIL: gfortran.dg/pr12884.f execution test
FAIL: gfortran.dg/pr15332.f execution test
FAIL: gfortran.dg/pr15332.f execution test
FAIL: gfortran.dg/pr15332.f execution test
FAIL: gfortran.dg/pr15332.f execution test
FAIL: gfortran.dg/pr15332.f execution test
FAIL: gfortran.dg/pr15332.f execution test
FAIL: gfortran.dg/pr15332.f execution test
FAIL: gfortran.dg/pr15332.f execution test
FAIL: gfortran.dg/pr17143.f90 execution test
FAIL: gfortran.dg/pr17143.f90 execution test
FAIL: gfortran.dg/pr17285.f90 execution test
FAIL: gfortran.dg/pr17285.f90 execution test
FAIL: gfortran.dg/pr17285.f90 execution test
FAIL: gfortran.dg/pr17285.f90 execution test
FAIL: gfortran.dg/pr17285.f90 execution test
FAIL: gfortran.dg/pr17285.f90 execution test
FAIL: gfortran.dg/pr17285.f90 execution test
FAIL: gfortran.dg/pr17285.f90 execution test
FAIL: gfortran.dg/pr17286.f90 execution test
FAIL: gfortran.dg/pr17286.f90 execution test
FAIL: gfortran.dg/pr17286.f90 execution test
FAIL: gfortran.dg/pr17286.f90 execution test
FAIL: gfortran.dg/pr17286.f90 execution test
FAIL: gfortran.dg/pr17706.f90 execution test
FAIL: gfortran.dg/pr17706.f90 execution test
FAIL: gfortran.dg/pr17706.f90 execution test
FAIL: gfortran.dg/pr17706.f90 execution test
FAIL: gfortran.dg/pr17706.f90 execution test
FAIL: gfortran.dg/pr17706.f90 execution test
FAIL: gfortran.dg/pr17706.f90 execution test
FAIL: gfortran.dg/pr17706.f90 execution test
FAIL: gfortran.dg/pr18025.f90 execution test
FAIL: gfortran.dg/pr18025.f90 execution test
FAIL: gfortran.dg/pr18025.f90 execution test
FAIL: gfortran.dg/pr18025.f90 execution test
FAIL: gfortran.dg/pr18025.f90 execution test
FAIL: gfortran.dg/pr18025.f90 execution test
FAIL: gfortran.dg/pr18025.f90 execution test
FAIL: gfortran.dg/pr18025.f90 execution test
FAIL: gfortran.dg/pr18122.f90 execution test
FAIL: gfortran.dg/pr18122.f90 execution test
FAIL: gfortran.dg/pr18122.f90 execution test
FAIL: gfortran.dg/pr18122.f90 execution test
FAIL: gfortran.dg/pr18122.f90 execution test
FAIL: gfortran.dg/pr18122.f90 execution test
FAIL: gfortran.dg/pr18122.f90 execution test
FAIL: gfortran.dg/pr18122.f90 execution test
FAIL: gfortran.dg/pr18210.f90 execution test
FAIL: gfortran.dg/pr18210.f90 execution test
FAIL: gfortran.dg/pr18210.f90 execution test
FAIL: gfortran.dg/pr18210.f90 execution test
FAIL: gfortran.dg/pr18210.f90 execution test
FAIL: gfortran.dg/pr18210.f90 execution test
FAIL: gfortran.dg/pr18210.f90 execution test
FAIL: gfortran.dg/pr18210.f90 execution test
FAIL: gfortran.dg/pr18392.f90 execution test
FAIL: gfortran.dg/pr18392.f90 execution test
FAIL: gfortran.dg/pr18392.f90 execution test
FAIL: gfortran.dg/pr18392.f90 execution test
FAIL: gfortran.dg/pr18392.f90 execution test
FAIL: gfortran.dg/pr18392.f90 execution test
FAIL: gfortran.dg/pr18392.f90 execution test
FAIL: gfortran.dg/pr18392.f90 execution test
FAIL: gfortran.dg/pr19155.f execution test
FAIL: gfortran.dg/pr19155.f execution test
FAIL: gfortran.dg/pr19155.f execution test
FAIL: gfortran.dg/pr19155.f execution test
FAIL: gfortran.dg/pr19155.f execution test
FAIL: gfortran.dg/pr19155.f execution test
FAIL: gfortran.dg/pr19155.f execution test
FAIL: gfortran.dg/pr19155.f execution test
FAIL: gfortran.dg/pr19216.f execution test
FAIL: gfortran.dg/pr19216.f execution test
FAIL: gfortran.dg/pr19216.f execution test
FAIL: gfortran.dg/pr19216.f execution test
FAIL: gfortran.dg/pr19216.f execution test
FAIL: gfortran.dg/pr19216.f execution test
FAIL: gfortran.dg/pr19216.f execution test
FAIL: gfortran.dg/pr19216.f execution test
FAIL: gfortran.dg/pr19467.f90 execution test
FAIL: gfortran.dg/pr19467.f90 execution test
FAIL: gfortran.dg/pr19467.f90 execution test
FAIL: gfortran.dg/pr19467.f90 execution test
FAIL: gfortran.dg/pr19467.f90 execution test
FAIL: gfortran.dg/pr19467.f90 execution test
FAIL: gfortran.dg/pr19467.f90 execution test
FAIL: gfortran.dg/pr19467.f90 execution test
FAIL: gfortran.dg/pr19657.f execution test
FAIL: gfortran.dg/pr19657.f execution test
FAIL: gfortran.dg/pr20086.f90 execution test
FAIL: gfortran.dg/pr20086.f90 execution test
FAIL: gfortran.dg/pr20086.f90 execution test
FAIL: gfortran.dg/pr20086.f90 execution test
FAIL: gfortran.dg/pr20086.f90 execution test
FAIL: gfortran.dg/pr20086.f90 execution test
FAIL: gfortran.dg/pr20086.f90 execution test
FAIL: gfortran.dg/pr20086.f90 execution test
FAIL: gfortran.dg/pr20124.f90 execution test
FAIL: gfortran.dg/pr20124.f90 execution test
FAIL: gfortran.dg/pr20124.f90 execution test
FAIL: gfortran.dg/pr20124.f90 execution test
FAIL: gfortran.dg/pr20124.f90 execution test
FAIL: gfortran.dg/pr20124.f90 execution test
FAIL: gfortran.dg/pr20124.f90 execution test
FAIL: gfortran.dg/pr20124.f90 execution test
FAIL: gfortran.dg/pr20480.f90 execution test
FAIL: gfortran.dg/pr20480.f90 execution test
FAIL: gfortran.dg/pr20480.f90 execution test
FAIL: gfortran.dg/pr20480.f90 execution test
FAIL: gfortran.dg/pr20480.f90 execution test
FAIL: gfortran.dg/pr20480.f90 execution test
FAIL: gfortran.dg/pr20480.f90 execution test
FAIL: gfortran.dg/pr20480.f90 execution test
FAIL: gfortran.dg/pr20755.f execution test
FAIL: gfortran.dg/pr20755.f execution test
FAIL: gfortran.dg/pr20755.f execution test
FAIL: gfortran.dg/pr20755.f execution test
FAIL: gfortran.dg/pr20755.f execution test
FAIL: gfortran.dg/pr20755.f execution test
FAIL: gfortran.dg/pr20755.f execution test
FAIL: gfortran.dg/pr20755.f execution test
FAIL: gfortran.dg/pr20954.f execution test
FAIL: gfortran.dg/pr20954.f execution test
FAIL: gfortran.dg/pr20954.f execution test
FAIL: gfortran.dg/pr20954.f execution test
FAIL: gfortran.dg/pr20954.f execution test
FAIL: gfortran.dg/pr20954.f execution test
FAIL: gfortran.dg/pr20954.f execution test
FAIL: gfortran.dg/pr20954.f execution test
FAIL: gfortran.dg/pr21730.f execution test
FAIL: gfortran.dg/pr21730.f execution test
FAIL: gfortran.dg/pr21730.f execution test
FAIL: gfortran.dg/pr21730.f execution test
FAIL: gfortran.dg/pr21730.f execution test
FAIL: gfortran.dg/pr21730.f execution test
FAIL: gfortran.dg/pr21730.f execution test
FAIL: gfortran.dg/pr21730.f execution test
FAIL: gfortran.dg/pr22491.f execution test
FAIL: gfortran.dg/pr22491.f execution test
FAIL: gfortran.dg/pr22491.f execution test
FAIL: gfortran.dg/pr22491.f execution test
FAIL: gfortran.dg/pr22491.f execution test
FAIL: gfortran.dg/pr22491.f execution test
FAIL: gfortran.dg/pr22491.f execution test
FAIL: gfortran.dg/pr22491.f execution test
FAIL: gfortran.dg/print_fmt_1.f90 execution test
FAIL: gfortran.dg/print_fmt_1.f90 execution test
FAIL: gfortran.dg/print_fmt_1.f90 execution test
FAIL: gfortran.dg/print_fmt_1.f90 execution test
FAIL: gfortran.dg/print_fmt_1.f90 execution test
FAIL: gfortran.dg/print_fmt_1.f90 execution test
FAIL: gfortran.dg/print_fmt_1.f90 execution test
FAIL: gfortran.dg/print_fmt_1.f90 execution test
FAIL: gfortran.dg/read_comma.f execution test
FAIL: gfortran.dg/read_comma.f execution test
FAIL: gfortran.dg/read_comma.f execution test
FAIL: gfortran.dg/read_comma.f execution test
FAIL: gfortran.dg/read_comma.f execution test
FAIL: gfortran.dg/read_comma.f execution test
FAIL: gfortran.dg/read_comma.f execution test
FAIL: gfortran.dg/read_comma.f execution test
FAIL: gfortran.dg/read_eor.f90 execution test
FAIL: gfortran.dg/read_eor.f90 execution test
FAIL: gfortran.dg/read_eor.f90 execution test
FAIL: gfortran.dg/read_eor.f90 execution test
FAIL: gfortran.dg/read_eor.f90 execution test
FAIL: gfortran.dg/read_eor.f90 execution test
FAIL: gfortran.dg/read_eor.f90 execution test
FAIL: gfortran.dg/read_eor.f90 execution test
FAIL: gfortran.dg/read_float_1.f90 execution test
FAIL: gfortran.dg/read_float_1.f90 execution test
FAIL: gfortran.dg/read_float_1.f90 execution test
FAIL: gfortran.dg/read_float_1.f90 execution test
FAIL: gfortran.dg/read_float_1.f90 execution test
FAIL: gfortran.dg/read_float_1.f90 execution test
FAIL: gfortran.dg/read_float_1.f90 execution test
FAIL: gfortran.dg/read_float_1.f90 execution test
FAIL: gfortran.dg/read_logical.f90 execution test
FAIL: gfortran.dg/read_logical.f90 execution test
FAIL: gfortran.dg/read_logical.f90 execution test
FAIL: gfortran.dg/read_logical.f90 execution test
FAIL: gfortran.dg/read_logical.f90 execution test
FAIL: gfortran.dg/read_logical.f90 execution test
FAIL: gfortran.dg/read_logical.f90 execution test
FAIL: gfortran.dg/read_logical.f90 execution test
FAIL: gfortran.dg/read_noadvance.f90 execution test
FAIL: gfortran.dg/read_noadvance.f90 execution test
FAIL: gfortran.dg/read_noadvance.f90 execution test
FAIL: gfortran.dg/read_noadvance.f90 execution test
FAIL: gfortran.dg/read_noadvance.f90 execution test
FAIL: gfortran.dg/read_noadvance.f90 execution test
FAIL: gfortran.dg/read_noadvance.f90 execution test
FAIL: gfortran.dg/read_noadvance.f90 execution test
FAIL: gfortran.dg/read_size_noadvance.f90 execution test
FAIL: gfortran.dg/read_size_noadvance.f90 execution test
FAIL: gfortran.dg/read_size_noadvance.f90 execution test
FAIL: gfortran.dg/read_size_noadvance.f90 execution test
FAIL: gfortran.dg/read_size_noadvance.f90 execution test
FAIL: gfortran.dg/read_size_noadvance.f90 execution test
FAIL: gfortran.dg/read_size_noadvance.f90 execution test
FAIL: gfortran.dg/read_size_noadvance.f90 execution test
FAIL: gfortran.dg/read_x_eor.f90 execution test
FAIL: gfortran.dg/read_x_eor.f90 execution test
FAIL: gfortran.dg/read_x_eor.f90 execution test
FAIL: gfortran.dg/read_x_eor.f90 execution test
FAIL: gfortran.dg/read_x_eor.f90 execution test
FAIL: gfortran.dg/read_x_eor.f90 execution test
FAIL: gfortran.dg/read_x_eor.f90 execution test
FAIL: gfortran.dg/read_x_eor.f90 execution test
FAIL: gfortran.dg/read_x_past.f execution test
FAIL: gfortran.dg/read_x_past.f execution test
FAIL: gfortran.dg/read_x_past.f execution test
FAIL: gfortran.dg/read_x_past.f execution test
FAIL: gfortran.dg/read_x_past.f execution test
FAIL: gfortran.dg/read_x_past.f execution test
FAIL: gfortran.dg/read_x_past.f execution test
FAIL: gfortran.dg/read_x_past.f execution test
FAIL: gfortran.dg/record_marker_1.f90 execution test
FAIL: gfortran.dg/record_marker_1.f90 execution test
FAIL: gfortran.dg/record_marker_1.f90 execution test
FAIL: gfortran.dg/record_marker_1.f90 execution test
FAIL: gfortran.dg/record_marker_1.f90 execution test
FAIL: gfortran.dg/record_marker_1.f90 execution test
FAIL: gfortran.dg/record_marker_1.f90 execution test
FAIL: gfortran.dg/record_marker_1.f90 execution test
FAIL: gfortran.dg/record_marker_3.f90 execution test
FAIL: gfortran.dg/record_marker_3.f90 execution test
FAIL: gfortran.dg/record_marker_3.f90 execution test
FAIL: gfortran.dg/record_marker_3.f90 execution test
FAIL: gfortran.dg/record_marker_3.f90 execution test
FAIL: gfortran.dg/record_marker_3.f90 execution test
FAIL: gfortran.dg/record_marker_3.f90 execution test
FAIL: gfortran.dg/record_marker_3.f90 execution test
FAIL: gfortran.dg/reshape.f90 (test for excess errors)
WARNING: gfortran.dg/reshape.f90 compilation failed to produce executable
FAIL: gfortran.dg/reshape.f90 (test for excess errors)
WARNING: gfortran.dg/reshape.f90 compilation failed to produce executable
FAIL: gfortran.dg/reshape.f90 (test for excess errors)
WARNING: gfortran.dg/reshape.f90 compilation failed to produce executable
FAIL: gfortran.dg/reshape.f90 (test for excess errors)
WARNING: gfortran.dg/reshape.f90 compilation failed to produce executable
FAIL: gfortran.dg/reshape.f90 (test for excess errors)
WARNING: gfortran.dg/reshape.f90 compilation failed to produce executable
FAIL: gfortran.dg/reshape.f90 (test for excess errors)
WARNING: gfortran.dg/reshape.f90 compilation failed to produce executable
FAIL: gfortran.dg/reshape.f90 (test for excess errors)
WARNING: gfortran.dg/reshape.f90 compilation failed to produce executable
FAIL: gfortran.dg/reshape.f90 (test for excess errors)
WARNING: gfortran.dg/reshape.f90 compilation failed to produce executable
FAIL: gfortran.dg/rewind_1.f90 execution test
FAIL: gfortran.dg/rewind_1.f90 execution test
FAIL: gfortran.dg/rewind_1.f90 execution test
FAIL: gfortran.dg/rewind_1.f90 execution test
FAIL: gfortran.dg/rewind_1.f90 execution test
FAIL: gfortran.dg/rewind_1.f90 execution test
FAIL: gfortran.dg/rewind_1.f90 execution test
FAIL: gfortran.dg/rewind_1.f90 execution test
FAIL: gfortran.dg/runtime_warning_1.f90 execution test
FAIL: gfortran.dg/runtime_warning_1.f90 execution test
FAIL: gfortran.dg/runtime_warning_1.f90 execution test
FAIL: gfortran.dg/runtime_warning_1.f90 execution test
FAIL: gfortran.dg/runtime_warning_1.f90 execution test
FAIL: gfortran.dg/runtime_warning_1.f90 execution test
FAIL: gfortran.dg/runtime_warning_1.f90 execution test
FAIL: gfortran.dg/runtime_warning_1.f90 execution test
FAIL: gfortran.dg/slash_1.f90 execution test
FAIL: gfortran.dg/slash_1.f90 execution test
FAIL: gfortran.dg/slash_1.f90 execution test
FAIL: gfortran.dg/slash_1.f90 execution test
FAIL: gfortran.dg/slash_1.f90 execution test
FAIL: gfortran.dg/slash_1.f90 execution test
FAIL: gfortran.dg/slash_1.f90 execution test
FAIL: gfortran.dg/slash_1.f90 execution test
FAIL: gfortran.dg/spread_scalar_source.f90 execution test
FAIL: gfortran.dg/spread_scalar_source.f90 execution test
FAIL: gfortran.dg/spread_scalar_source.f90 execution test
FAIL: gfortran.dg/spread_scalar_source.f90 execution test
FAIL: gfortran.dg/spread_scalar_source.f90 execution test
FAIL: gfortran.dg/spread_scalar_source.f90 execution test
FAIL: gfortran.dg/spread_scalar_source.f90 execution test
FAIL: gfortran.dg/spread_scalar_source.f90 execution test
FAIL: gfortran.dg/stat_1.f90 (test for excess errors)
WARNING: gfortran.dg/stat_1.f90 compilation failed to produce executable
FAIL: gfortran.dg/stat_1.f90 (test for excess errors)
WARNING: gfortran.dg/stat_1.f90 compilation failed to produce executable
FAIL: gfortran.dg/stat_1.f90 (test for excess errors)
WARNING: gfortran.dg/stat_1.f90 compilation failed to produce executable
FAIL: gfortran.dg/stat_1.f90 (test for excess errors)
WARNING: gfortran.dg/stat_1.f90 compilation failed to produce executable
FAIL: gfortran.dg/stat_1.f90 (test for excess errors)
WARNING: gfortran.dg/stat_1.f90 compilation failed to produce executable
FAIL: gfortran.dg/stat_1.f90 (test for excess errors)
WARNING: gfortran.dg/stat_1.f90 compilation failed to produce executable
FAIL: gfortran.dg/stat_1.f90 (test for excess errors)
WARNING: gfortran.dg/stat_1.f90 compilation failed to produce executable
FAIL: gfortran.dg/stat_1.f90 (test for excess errors)
WARNING: gfortran.dg/stat_1.f90 compilation failed to produce executable
FAIL: gfortran.dg/stat_2.f90 (test for excess errors)
WARNING: gfortran.dg/stat_2.f90 compilation failed to produce executable
FAIL: gfortran.dg/stat_2.f90 (test for excess errors)
WARNING: gfortran.dg/stat_2.f90 compilation failed to produce executable
FAIL: gfortran.dg/stat_2.f90 (test for excess errors)
WARNING: gfortran.dg/stat_2.f90 compilation failed to produce executable
FAIL: gfortran.dg/stat_2.f90 (test for excess errors)
WARNING: gfortran.dg/stat_2.f90 compilation failed to produce executable
FAIL: gfortran.dg/stat_2.f90 (test for excess errors)
WARNING: gfortran.dg/stat_2.f90 compilation failed to produce executable
FAIL: gfortran.dg/stat_2.f90 (test for excess errors)
WARNING: gfortran.dg/stat_2.f90 compilation failed to produce executable
FAIL: gfortran.dg/stat_2.f90 (test for excess errors)
WARNING: gfortran.dg/stat_2.f90 compilation failed to produce executable
FAIL: gfortran.dg/stat_2.f90 (test for excess errors)
WARNING: gfortran.dg/stat_2.f90 compilation failed to produce executable
FAIL: gfortran.dg/string_null_compare_1.f execution test
FAIL: gfortran.dg/string_null_compare_1.f execution test
FAIL: gfortran.dg/string_null_compare_1.f execution test
FAIL: gfortran.dg/string_null_compare_1.f execution test
FAIL: gfortran.dg/string_null_compare_1.f execution test
FAIL: gfortran.dg/string_null_compare_1.f execution test
FAIL: gfortran.dg/string_null_compare_1.f execution test
FAIL: gfortran.dg/string_null_compare_1.f execution test
FAIL: gfortran.dg/string_pad_trunc.f90 execution test
FAIL: gfortran.dg/string_pad_trunc.f90 execution test
FAIL: gfortran.dg/string_pad_trunc.f90 execution test
FAIL: gfortran.dg/string_pad_trunc.f90 execution test
FAIL: gfortran.dg/string_pad_trunc.f90 execution test
FAIL: gfortran.dg/string_pad_trunc.f90 execution test
FAIL: gfortran.dg/string_pad_trunc.f90 execution test
FAIL: gfortran.dg/string_pad_trunc.f90 execution test
FAIL: gfortran.dg/t_editing.f execution test
FAIL: gfortran.dg/t_editing.f execution test
FAIL: gfortran.dg/t_editing.f execution test
FAIL: gfortran.dg/t_editing.f execution test
FAIL: gfortran.dg/t_editing.f execution test
FAIL: gfortran.dg/t_editing.f execution test
FAIL: gfortran.dg/t_editing.f execution test
FAIL: gfortran.dg/t_editing.f execution test
FAIL: gfortran.dg/tl_editing.f90 execution test
FAIL: gfortran.dg/tl_editing.f90 execution test
FAIL: gfortran.dg/tl_editing.f90 execution test
FAIL: gfortran.dg/tl_editing.f90 execution test
FAIL: gfortran.dg/tl_editing.f90 execution test
FAIL: gfortran.dg/tl_editing.f90 execution test
FAIL: gfortran.dg/tl_editing.f90 execution test
FAIL: gfortran.dg/tl_editing.f90 execution test
FAIL: gfortran.dg/transfer_array_intrinsic_2.f90 (test for excess errors)
WARNING: gfortran.dg/transfer_array_intrinsic_2.f90 compilation failed to
produce executable
FAIL: gfortran.dg/transfer_array_intrinsic_2.f90 (test for excess errors)
WARNING: gfortran.dg/transfer_array_intrinsic_2.f90 compilation failed to
produce executable
FAIL: gfortran.dg/transfer_array_intrinsic_2.f90 (test for excess errors)
WARNING: gfortran.dg/transfer_array_intrinsic_2.f90 compilation failed to
produce executable
FAIL: gfortran.dg/transfer_array_intrinsic_2.f90 (test for excess errors)
WARNING: gfortran.dg/transfer_array_intrinsic_2.f90 compilation failed to
produce executable
FAIL: gfortran.dg/transfer_array_intrinsic_2.f90 (test for excess errors)
WARNING: gfortran.dg/transfer_array_intrinsic_2.f90 compilation failed to
produce executable
FAIL: gfortran.dg/transfer_array_intrinsic_2.f90 (test for excess errors)
WARNING: gfortran.dg/transfer_array_intrinsic_2.f90 compilation failed to
produce executable
FAIL: gfortran.dg/transfer_array_intrinsic_2.f90 (test for excess errors)
WARNING: gfortran.dg/transfer_array_intrinsic_2.f90 compilation failed to
produce executable
FAIL: gfortran.dg/transfer_array_intrinsic_2.f90 (test for excess errors)
WARNING: gfortran.dg/transfer_array_intrinsic_2.f90 compilation failed to
produce executable
FAIL: gfortran.dg/write_0_pe_format.f90 execution test
FAIL: gfortran.dg/write_0_pe_format.f90 execution test
FAIL: gfortran.dg/write_0_pe_format.f90 execution test
FAIL: gfortran.dg/write_0_pe_format.f90 execution test
FAIL: gfortran.dg/write_0_pe_format.f90 execution test
FAIL: gfortran.dg/write_0_pe_format.f90 execution test
FAIL: gfortran.dg/write_0_pe_format.f90 execution test
FAIL: gfortran.dg/write_0_pe_format.f90 execution test
FAIL: gfortran.dg/write_padding.f90 execution test
FAIL: gfortran.dg/write_padding.f90 execution test
FAIL: gfortran.dg/write_padding.f90 execution test
FAIL: gfortran.dg/write_padding.f90 execution test
FAIL: gfortran.dg/write_padding.f90 execution test
FAIL: gfortran.dg/write_padding.f90 execution test
FAIL: gfortran.dg/write_padding.f90 execution test
FAIL: gfortran.dg/write_padding.f90 execution test
FAIL: gfortran.dg/write_recursive.f90 execution test
FAIL: gfortran.dg/write_recursive.f90 execution test
FAIL: gfortran.dg/write_recursive.f90 execution test
FAIL: gfortran.dg/write_recursive.f90 execution test
FAIL: gfortran.dg/write_recursive.f90 execution test
FAIL: gfortran.dg/write_recursive.f90 execution test
FAIL: gfortran.dg/write_recursive.f90 execution test
FAIL: gfortran.dg/write_recursive.f90 execution test
FAIL: gfortran.dg/x_slash_1.f execution test
FAIL: gfortran.dg/x_slash_1.f execution test
FAIL: gfortran.dg/x_slash_1.f execution test
FAIL: gfortran.dg/x_slash_1.f execution test
FAIL: gfortran.dg/x_slash_1.f execution test
FAIL: gfortran.dg/x_slash_1.f execution test
FAIL: gfortran.dg/x_slash_1.f execution test
FAIL: gfortran.dg/x_slash_1.f execution test
FAIL: gfortran.dg/g77/1832.f execution test
FAIL: gfortran.dg/g77/1832.f execution test
FAIL: gfortran.dg/g77/1832.f execution test
FAIL: gfortran.dg/g77/1832.f execution test
FAIL: gfortran.dg/g77/1832.f execution test
FAIL: gfortran.dg/g77/1832.f execution test
FAIL: gfortran.dg/g77/1832.f execution test
FAIL: gfortran.dg/g77/1832.f execution test
FAIL: gfortran.dg/g77/7388.f execution test
FAIL: gfortran.dg/g77/7388.f execution test
FAIL: gfortran.dg/g77/7388.f execution test
FAIL: gfortran.dg/g77/7388.f execution test
FAIL: gfortran.dg/g77/cpp4.F execution test
FAIL: gfortran.dg/g77/cpp4.F execution test
FAIL: gfortran.dg/g77/cpp4.F execution test
FAIL: gfortran.dg/g77/cpp4.F execution test
FAIL: gfortran.dg/g77/cpp4.F execution test
FAIL: gfortran.dg/g77/cpp4.F execution test
FAIL: gfortran.dg/g77/cpp4.F execution test
FAIL: gfortran.dg/g77/cpp4.F execution test
FAIL: gfortran.dg/g77/f77-edit-apostrophe-out.f execution test
FAIL: gfortran.dg/g77/f77-edit-apostrophe-out.f execution test
FAIL: gfortran.dg/g77/f77-edit-apostrophe-out.f execution test
FAIL: gfortran.dg/g77/f77-edit-apostrophe-out.f execution test
FAIL: gfortran.dg/g77/f77-edit-apostrophe-out.f execution test
FAIL: gfortran.dg/g77/f77-edit-apostrophe-out.f execution test
FAIL: gfortran.dg/g77/f77-edit-apostrophe-out.f execution test
FAIL: gfortran.dg/g77/f77-edit-apostrophe-out.f execution test
FAIL: gfortran.dg/g77/f77-edit-colon-out.f execution test
FAIL: gfortran.dg/g77/f77-edit-colon-out.f execution test
FAIL: gfortran.dg/g77/f77-edit-colon-out.f execution test
FAIL: gfortran.dg/g77/f77-edit-colon-out.f execution test
FAIL: gfortran.dg/g77/f77-edit-colon-out.f execution test
FAIL: gfortran.dg/g77/f77-edit-colon-out.f execution test
FAIL: gfortran.dg/g77/f77-edit-colon-out.f execution test
FAIL: gfortran.dg/g77/f77-edit-colon-out.f execution test
FAIL: gfortran.dg/g77/f77-edit-h-out.f execution test
FAIL: gfortran.dg/g77/f77-edit-h-out.f execution test
FAIL: gfortran.dg/g77/f77-edit-h-out.f execution test
FAIL: gfortran.dg/g77/f77-edit-h-out.f execution test
FAIL: gfortran.dg/g77/f77-edit-h-out.f execution test
FAIL: gfortran.dg/g77/f77-edit-h-out.f execution test
FAIL: gfortran.dg/g77/f77-edit-h-out.f execution test
FAIL: gfortran.dg/g77/f77-edit-h-out.f execution test
FAIL: gfortran.dg/g77/f77-edit-i-in.f execution test
FAIL: gfortran.dg/g77/f77-edit-i-in.f execution test
FAIL: gfortran.dg/g77/f77-edit-i-in.f execution test
FAIL: gfortran.dg/g77/f77-edit-i-in.f execution test
FAIL: gfortran.dg/g77/f77-edit-i-in.f execution test
FAIL: gfortran.dg/g77/f77-edit-i-in.f execution test
FAIL: gfortran.dg/g77/f77-edit-i-in.f execution test
FAIL: gfortran.dg/g77/f77-edit-i-in.f execution test
FAIL: gfortran.dg/g77/f77-edit-i-out.f execution test
FAIL: gfortran.dg/g77/f77-edit-i-out.f execution test
FAIL: gfortran.dg/g77/f77-edit-i-out.f execution test
FAIL: gfortran.dg/g77/f77-edit-i-out.f execution test
FAIL: gfortran.dg/g77/f77-edit-i-out.f execution test
FAIL: gfortran.dg/g77/f77-edit-i-out.f execution test
FAIL: gfortran.dg/g77/f77-edit-i-out.f execution test
FAIL: gfortran.dg/g77/f77-edit-i-out.f execution test
FAIL: gfortran.dg/g77/f77-edit-s-out.f execution test
FAIL: gfortran.dg/g77/f77-edit-s-out.f execution test
FAIL: gfortran.dg/g77/f77-edit-s-out.f execution test
FAIL: gfortran.dg/g77/f77-edit-s-out.f execution test
FAIL: gfortran.dg/g77/f77-edit-s-out.f execution test
FAIL: gfortran.dg/g77/f77-edit-s-out.f execution test
FAIL: gfortran.dg/g77/f77-edit-s-out.f execution test
FAIL: gfortran.dg/g77/f77-edit-s-out.f execution test
FAIL: gfortran.dg/g77/f77-edit-slash-out.f execution test
FAIL: gfortran.dg/g77/f77-edit-slash-out.f execution test
FAIL: gfortran.dg/g77/f77-edit-slash-out.f execution test
FAIL: gfortran.dg/g77/f77-edit-slash-out.f execution test
FAIL: gfortran.dg/g77/f77-edit-slash-out.f execution test
FAIL: gfortran.dg/g77/f77-edit-slash-out.f execution test
FAIL: gfortran.dg/g77/f77-edit-slash-out.f execution test
FAIL: gfortran.dg/g77/f77-edit-slash-out.f execution test
FAIL: gfortran.dg/g77/f77-edit-t-in.f execution test
FAIL: gfortran.dg/g77/f77-edit-t-in.f execution test
FAIL: gfortran.dg/g77/f77-edit-t-in.f execution test
FAIL: gfortran.dg/g77/f77-edit-t-in.f execution test
FAIL: gfortran.dg/g77/f77-edit-t-in.f execution test
FAIL: gfortran.dg/g77/f77-edit-t-in.f execution test
FAIL: gfortran.dg/g77/f77-edit-t-in.f execution test
FAIL: gfortran.dg/g77/f77-edit-t-in.f execution test
FAIL: gfortran.dg/g77/f77-edit-t-out.f execution test
FAIL: gfortran.dg/g77/f77-edit-t-out.f execution test
FAIL: gfortran.dg/g77/f77-edit-t-out.f execution test
FAIL: gfortran.dg/g77/f77-edit-t-out.f execution test
FAIL: gfortran.dg/g77/f77-edit-t-out.f execution test
FAIL: gfortran.dg/g77/f77-edit-t-out.f execution test
FAIL: gfortran.dg/g77/f77-edit-t-out.f execution test
FAIL: gfortran.dg/g77/f77-edit-t-out.f execution test
FAIL: gfortran.dg/g77/f77-edit-x-out.f execution test
FAIL: gfortran.dg/g77/f77-edit-x-out.f execution test
FAIL: gfortran.dg/g77/f77-edit-x-out.f execution test
FAIL: gfortran.dg/g77/f77-edit-x-out.f execution test
FAIL: gfortran.dg/g77/f77-edit-x-out.f execution test
FAIL: gfortran.dg/g77/f77-edit-x-out.f execution test
FAIL: gfortran.dg/g77/f77-edit-x-out.f execution test
FAIL: gfortran.dg/g77/f77-edit-x-out.f execution test
FAIL: gfortran.fortran-torture/execute/a_edit_1.f90 execution, -O0
FAIL: gfortran.fortran-torture/execute/a_edit_1.f90 execution, -O1
FAIL: gfortran.fortran-torture/execute/a_edit_1.f90 execution, -O2
FAIL: gfortran.fortran-torture/execute/a_edit_1.f90
execution, -O3 -fomit-frame-pointer
FAIL: gfortran.fortran-torture/execute/a_edit_1.f90
execution, -O3 -fomit-frame-pointer -funroll-loops
FAIL: gfortran.fortran-torture/execute/a_edit_1.f90
execution, -O3 -fomit-frame-pointer -funroll-all-loops -finline-functions
FAIL: gfortran.fortran-torture/execute/a_edit_1.f90 execution, -O3 -g
FAIL: gfortran.fortran-torture/execute/a_edit_1.f90 execution, -Os
FAIL: gfortran.fortran-torture/execute/der_io.f90 execution, -O1
FAIL: gfortran.fortran-torture/execute/der_io.f90 execution, -O2
FAIL: gfortran.fortran-torture/execute/der_io.f90
execution, -O3 -fomit-frame-pointer
FAIL: gfortran.fortran-torture/execute/der_io.f90
execution, -O3 -fomit-frame-pointer -funroll-loops
FAIL: gfortran.fortran-torture/execute/der_io.f90
execution, -O3 -fomit-frame-pointer -funroll-all-loops -finline-functions
FAIL: gfortran.fortran-torture/execute/der_io.f90 execution, -O3 -g
FAIL: gfortran.fortran-torture/execute/der_io.f90 execution, -Os
FAIL: gfortran.fortran-torture/execute/direct_io.f90 execution, -O0
FAIL: gfortran.fortran-torture/execute/direct_io.f90 execution, -O1
FAIL: gfortran.fortran-torture/execute/direct_io.f90 execution, -O2
FAIL: gfortran.fortran-torture/execute/direct_io.f90
execution, -O3 -fomit-frame-pointer
FAIL: gfortran.fortran-torture/execute/direct_io.f90
execution, -O3 -fomit-frame-pointer -funroll-loops
FAIL: gfortran.fortran-torture/execute/direct_io.f90
execution, -O3 -fomit-frame-pointer -funroll-all-loops -finline-functions
FAIL: gfortran.fortran-torture/execute/direct_io.f90 execution, -O3 -g
FAIL: gfortran.fortran-torture/execute/direct_io.f90 execution, -Os
FAIL: gfortran.fortran-torture/execute/empty_format.f90 execution, -O0
FAIL: gfortran.fortran-torture/execute/empty_format.f90 execution, -O1
FAIL: gfortran.fortran-torture/execute/empty_format.f90 execution, -O2
FAIL: gfortran.fortran-torture/execute/empty_format.f90
execution, -O3 -fomit-frame-pointer
FAIL: gfortran.fortran-torture/execute/empty_format.f90
execution, -O3 -fomit-frame-pointer -funroll-loops
FAIL: gfortran.fortran-torture/execute/empty_format.f90
execution, -O3 -fomit-frame-pointer -funroll-all-loops -finline-functions
FAIL: gfortran.fortran-torture/execute/empty_format.f90 execution, -O3 -g
FAIL: gfortran.fortran-torture/execute/empty_format.f90 execution, -Os
FAIL: gfortran.fortran-torture/execute/f2_edit_1.f90 execution, -O0
FAIL: gfortran.fortran-torture/execute/f2_edit_1.f90 execution, -O1
FAIL: gfortran.fortran-torture/execute/f2_edit_1.f90 execution, -O2
FAIL: gfortran.fortran-torture/execute/f2_edit_1.f90
execution, -O3 -fomit-frame-pointer
FAIL: gfortran.fortran-torture/execute/f2_edit_1.f90
execution, -O3 -fomit-frame-pointer -funroll-loops
FAIL: gfortran.fortran-torture/execute/f2_edit_1.f90
execution, -O3 -fomit-frame-pointer -funroll-all-loops -finline-functions
FAIL: gfortran.fortran-torture/execute/f2_edit_1.f90 execution, -O3 -g
FAIL: gfortran.fortran-torture/execute/f2_edit_1.f90 execution, -Os
FAIL: gfortran.fortran-torture/execute/hollerith.f90 execution, -O0
FAIL: gfortran.fortran-torture/execute/hollerith.f90 execution, -O1
FAIL: gfortran.fortran-torture/execute/hollerith.f90 execution, -O2
FAIL: gfortran.fortran-torture/execute/hollerith.f90
execution, -O3 -fomit-frame-pointer
FAIL: gfortran.fortran-torture/execute/hollerith.f90
execution, -O3 -fomit-frame-pointer -funroll-loops
FAIL: gfortran.fortran-torture/execute/hollerith.f90
execution, -O3 -fomit-frame-pointer -funroll-all-loops -finline-functions
FAIL: gfortran.fortran-torture/execute/hollerith.f90 execution, -O3 -g
FAIL: gfortran.fortran-torture/execute/hollerith.f90 execution, -Os
FAIL: gfortran.fortran-torture/execute/inquire_3.f90 execution, -O0
FAIL: gfortran.fortran-torture/execute/inquire_3.f90 execution, -O1
FAIL: gfortran.fortran-torture/execute/inquire_3.f90 execution, -O2
FAIL: gfortran.fortran-torture/execute/inquire_3.f90
execution, -O3 -fomit-frame-pointer
FAIL: gfortran.fortran-torture/execute/inquire_3.f90
execution, -O3 -fomit-frame-pointer -funroll-loops
FAIL: gfortran.fortran-torture/execute/inquire_3.f90
execution, -O3 -fomit-frame-pointer -funroll-all-loops -finline-functions
FAIL: gfortran.fortran-torture/execute/inquire_3.f90 execution, -O3 -g
FAIL: gfortran.fortran-torture/execute/inquire_3.f90 execution, -Os
FAIL: gfortran.fortran-torture/execute/inquire_4.f90 execution, -O0
FAIL: gfortran.fortran-torture/execute/inquire_4.f90 execution, -O1
FAIL: gfortran.fortran-torture/execute/inquire_4.f90 execution, -O2
FAIL: gfortran.fortran-torture/execute/inquire_4.f90
execution, -O3 -fomit-frame-pointer
FAIL: gfortran.fortran-torture/execute/inquire_4.f90
execution, -O3 -fomit-frame-pointer -funroll-loops
FAIL: gfortran.fortran-torture/execute/inquire_4.f90
execution, -O3 -fomit-frame-pointer -funroll-all-loops -finline-functions
FAIL: gfortran.fortran-torture/execute/inquire_4.f90 execution, -O3 -g
FAIL: gfortran.fortran-torture/execute/inquire_4.f90 execution, -Os
FAIL: gfortran.fortran-torture/execute/internal_write.f90 execution, -O0
FAIL: gfortran.fortran-torture/execute/internal_write.f90 execution, -O1
FAIL: gfortran.fortran-torture/execute/internal_write.f90 execution, -O2
FAIL: gfortran.fortran-torture/execute/internal_write.f90
execution, -O3 -fomit-frame-pointer
FAIL: gfortran.fortran-torture/execute/internal_write.f90
execution, -O3 -fomit-frame-pointer -funroll-loops
FAIL: gfortran.fortran-torture/execute/internal_write.f90
execution, -O3 -fomit-frame-pointer -funroll-all-loops -finline-functions
FAIL: gfortran.fortran-torture/execute/internal_write.f90
execution, -O3 -g
FAIL: gfortran.fortran-torture/execute/internal_write.f90 execution, -Os
FAIL: gfortran.fortran-torture/execute/intrinsic_anyall.f90
xecution, -O0
FAIL: gfortran.fortran-torture/execute/intrinsic_anyall.f90
xecution, -O1
FAIL: gfortran.fortran-torture/execute/intrinsic_anyall.f90
xecution, -O2
FAIL: gfortran.fortran-torture/execute/intrinsic_anyall.f90
xecution, -O3 -fomit-frame-pointer
FAIL: gfortran.fortran-torture/execute/intrinsic_anyall.f90
xecution, -O3 -fomit-frame-pointer -funroll-loops
FAIL: gfortran.fortran-torture/execute/intrinsic_anyall.f90
xecution, -O3 -fomit-frame-pointer -funroll-all-loops -finline-functions
FAIL: gfortran.fortran-torture/execute/intrinsic_anyall.f90
xecution, -O3 -g
FAIL: gfortran.fortran-torture/execute/intrinsic_anyall.f90
xecution, -Os
FAIL: gfortran.fortran-torture/execute/intrinsic_count.f90 execution, -O0
FAIL: gfortran.fortran-torture/execute/intrinsic_count.f90 execution, -O1
FAIL: gfortran.fortran-torture/execute/intrinsic_count.f90 execution, -O2
FAIL: gfortran.fortran-torture/execute/intrinsic_count.f90
execution, -O3 -fomit-frame-pointer
FAIL: gfortran.fortran-torture/execute/intrinsic_count.f90
execution, -O3 -fomit-frame-pointer -funroll-loops
FAIL: gfortran.fortran-torture/execute/intrinsic_count.f90
execution, -O3 -fomit-frame-pointer -funroll-all-loops -finline-functions
FAIL: gfortran.fortran-torture/execute/intrinsic_count.f90
execution, -O3 -g
FAIL: gfortran.fortran-torture/execute/intrinsic_count.f90 execution, -Os
FAIL: gfortran.fortran-torture/execute/intrinsic_matmul.f90
ompilation, -O0
FAIL: gfortran.fortran-torture/execute/intrinsic_matmul.f90
ompilation, -O1
FAIL: gfortran.fortran-torture/execute/intrinsic_matmul.f90
ompilation, -O2
FAIL: gfortran.fortran-torture/execute/intrinsic_matmul.f90
ompilation, -O3 -fomit-frame-pointer
FAIL: gfortran.fortran-torture/execute/intrinsic_matmul.f90
ompilation, -O3 -fomit-frame-pointer -funroll-loops
FAIL: gfortran.fortran-torture/execute/intrinsic_matmul.f90
ompilation, -O3 -fomit-frame-pointer -funroll-all-loops -finline-function
s
FAIL: gfortran.fortran-torture/execute/intrinsic_matmul.f90
ompilation, -O3 -g
FAIL: gfortran.fortran-torture/execute/intrinsic_matmul.f90
ompilation, -Os
FAIL: gfortran.fortran-torture/execute/intrinsic_mmloc.f90 execution, -O0
FAIL: gfortran.fortran-torture/execute/intrinsic_mmloc.f90 execution, -O1
FAIL: gfortran.fortran-torture/execute/intrinsic_mmloc.f90 execution, -O2
FAIL: gfortran.fortran-torture/execute/intrinsic_mmloc.f90
execution, -O3 -fomit-frame-pointer
FAIL: gfortran.fortran-torture/execute/intrinsic_mmloc.f90
execution, -O3 -fomit-frame-pointer -funroll-loops
FAIL: gfortran.fortran-torture/execute/intrinsic_mmloc.f90
execution, -O3 -fomit-frame-pointer -funroll-all-loops -finline-functions
FAIL: gfortran.fortran-torture/execute/intrinsic_mmloc.f90
execution, -O3 -g
FAIL: gfortran.fortran-torture/execute/intrinsic_mmloc.f90 execution, -Os
FAIL: gfortran.fortran-torture/execute/intrinsic_mmval.f90 execution, -O0
FAIL: gfortran.fortran-torture/execute/intrinsic_mmval.f90 execution, -O1
FAIL: gfortran.fortran-torture/execute/intrinsic_mmval.f90 execution, -O2
FAIL: gfortran.fortran-torture/execute/intrinsic_mmval.f90
execution, -O3 -fomit-frame-pointer
FAIL: gfortran.fortran-torture/execute/intrinsic_mmval.f90
execution, -O3 -fomit-frame-pointer -funroll-loops
FAIL: gfortran.fortran-torture/execute/intrinsic_mmval.f90
execution, -O3 -fomit-frame-pointer -funroll-all-loops -finline-functions
FAIL: gfortran.fortran-torture/execute/intrinsic_mmval.f90
execution, -O3 -g
FAIL: gfortran.fortran-torture/execute/intrinsic_mmval.f90 execution, -Os
FAIL: gfortran.fortran-torture/execute/intrinsic_product.f90
xecution, -O0
FAIL: gfortran.fortran-torture/execute/intrinsic_product.f90
xecution, -O1
FAIL: gfortran.fortran-torture/execute/intrinsic_product.f90
xecution, -O2
FAIL: gfortran.fortran-torture/execute/intrinsic_product.f90
xecution, -O3 -fomit-frame-pointer
FAIL: gfortran.fortran-torture/execute/intrinsic_product.f90
xecution, -O3 -fomit-frame-pointer -funroll-loops
FAIL: gfortran.fortran-torture/execute/intrinsic_product.f90
xecution, -O3 -fomit-frame-pointer -funroll-all-loops -finline-functions
FAIL: gfortran.fortran-torture/execute/intrinsic_product.f90
xecution, -O3 -g
FAIL: gfortran.fortran-torture/execute/intrinsic_product.f90
xecution, -Os
FAIL: gfortran.fortran-torture/execute/intrinsic_spread.f90
xecution, -O0
FAIL: gfortran.fortran-torture/execute/intrinsic_spread.f90
xecution, -O1
FAIL: gfortran.fortran-torture/execute/intrinsic_spread.f90
xecution, -O2
FAIL: gfortran.fortran-torture/execute/intrinsic_spread.f90
xecution, -O3 -fomit-frame-pointer
FAIL: gfortran.fortran-torture/execute/intrinsic_spread.f90
xecution, -O3 -fomit-frame-pointer -funroll-loops
FAIL: gfortran.fortran-torture/execute/intrinsic_spread.f90
xecution, -O3 -fomit-frame-pointer -funroll-all-loops -finline-functions
FAIL: gfortran.fortran-torture/execute/intrinsic_spread.f90
xecution, -O3 -g
FAIL: gfortran.fortran-torture/execute/intrinsic_spread.f90
xecution, -Os
FAIL: gfortran.fortran-torture/execute/intrinsic_sum.f90 execution, -O0
FAIL: gfortran.fortran-torture/execute/intrinsic_sum.f90 execution, -O1
FAIL: gfortran.fortran-torture/execute/intrinsic_sum.f90 execution, -O2
FAIL: gfortran.fortran-torture/execute/intrinsic_sum.f90
execution, -O3 -fomit-frame-pointer
FAIL: gfortran.fortran-torture/execute/intrinsic_sum.f90
execution, -O3 -fomit-frame-pointer -funroll-loops
FAIL: gfortran.fortran-torture/execute/intrinsic_sum.f90
execution, -O3 -fomit-frame-pointer -funroll-all-loops -finline-functions
FAIL: gfortran.fortran-torture/execute/intrinsic_sum.f90
execution, -O3 -g
FAIL: gfortran.fortran-torture/execute/intrinsic_sum.f90 execution, -Os
FAIL: gfortran.fortran-torture/execute/intrinsic_unpack.f90
xecution, -O0
FAIL: gfortran.fortran-torture/execute/intrinsic_unpack.f90
xecution, -O1
FAIL: gfortran.fortran-torture/execute/intrinsic_unpack.f90
xecution, -O2
FAIL: gfortran.fortran-torture/execute/intrinsic_unpack.f90
xecution, -O3 -fomit-frame-pointer
FAIL: gfortran.fortran-torture/execute/intrinsic_unpack.f90
xecution, -O3 -fomit-frame-pointer -funroll-loops
FAIL: gfortran.fortran-torture/execute/intrinsic_unpack.f90
xecution, -O3 -fomit-frame-pointer -funroll-all-loops -finline-functions
FAIL: gfortran.fortran-torture/execute/intrinsic_unpack.f90
xecution, -O3 -g
FAIL: gfortran.fortran-torture/execute/intrinsic_unpack.f90
xecution, -Os
FAIL: gfortran.fortran-torture/execute/iolength_1.f90 execution, -O0
FAIL: gfortran.fortran-torture/execute/iolength_1.f90 execution, -O1
FAIL: gfortran.fortran-torture/execute/iolength_1.f90 execution, -O2
FAIL: gfortran.fortran-torture/execute/iolength_1.f90
execution, -O3 -fomit-frame-pointer
FAIL: gfortran.fortran-torture/execute/iolength_1.f90
execution, -O3 -fomit-frame-pointer -funroll-loops
FAIL: gfortran.fortran-torture/execute/iolength_1.f90
execution, -O3 -fomit-frame-pointer -funroll-all-loops -finline-functions
FAIL: gfortran.fortran-torture/execute/iolength_1.f90 execution, -O3 -g
FAIL: gfortran.fortran-torture/execute/iolength_1.f90 execution, -Os
FAIL: gfortran.fortran-torture/execute/iolength_2.f90 execution, -O0
FAIL: gfortran.fortran-torture/execute/iolength_2.f90 execution, -O1
FAIL: gfortran.fortran-torture/execute/iolength_2.f90 execution, -O2
FAIL: gfortran.fortran-torture/execute/iolength_2.f90
execution, -O3 -fomit-frame-pointer
FAIL: gfortran.fortran-torture/execute/iolength_2.f90
execution, -O3 -fomit-frame-pointer -funroll-loops
FAIL: gfortran.fortran-torture/execute/iolength_2.f90
execution, -O3 -fomit-frame-pointer -funroll-all-loops -finline-functions
FAIL: gfortran.fortran-torture/execute/iolength_2.f90 execution, -O3 -g
FAIL: gfortran.fortran-torture/execute/iolength_2.f90 execution, -Os
FAIL: gfortran.fortran-torture/execute/iolength_3.f90 execution, -O0
FAIL: gfortran.fortran-torture/execute/iolength_3.f90 execution, -O1
FAIL: gfortran.fortran-torture/execute/iolength_3.f90 execution, -O2
FAIL: gfortran.fortran-torture/execute/iolength_3.f90
execution, -O3 -fomit-frame-pointer
FAIL: gfortran.fortran-torture/execute/iolength_3.f90
execution, -O3 -fomit-frame-pointer -funroll-loops
FAIL: gfortran.fortran-torture/execute/iolength_3.f90
execution, -O3 -fomit-frame-pointer -funroll-all-loops -finline-functions
FAIL: gfortran.fortran-torture/execute/iolength_3.f90 execution, -O3 -g
FAIL: gfortran.fortran-torture/execute/iolength_3.f90 execution, -Os
FAIL: gfortran.fortran-torture/execute/nan_inf_fmt.f90 execution, -O0
FAIL: gfortran.fortran-torture/execute/nan_inf_fmt.f90 execution, -O1
FAIL: gfortran.fortran-torture/execute/nan_inf_fmt.f90 execution, -O2
FAIL: gfortran.fortran-torture/execute/nan_inf_fmt.f90
execution, -O3 -fomit-frame-pointer
FAIL: gfortran.fortran-torture/execute/nan_inf_fmt.f90
execution, -O3 -fomit-frame-pointer -funroll-loops
FAIL: gfortran.fortran-torture/execute/nan_inf_fmt.f90
execution, -O3 -fomit-frame-pointer -funroll-all-loops -finline-functions
FAIL: gfortran.fortran-torture/execute/nan_inf_fmt.f90 execution, -O3 -g
FAIL: gfortran.fortran-torture/execute/nan_inf_fmt.f90 execution, -Os
FAIL: gfortran.fortran-torture/execute/read_null_string.f90
xecution, -O0
FAIL: gfortran.fortran-torture/execute/read_null_string.f90
xecution, -O1
FAIL: gfortran.fortran-torture/execute/read_null_string.f90
xecution, -O2
FAIL: gfortran.fortran-torture/execute/read_null_string.f90
xecution, -O3 -fomit-frame-pointer
FAIL: gfortran.fortran-torture/execute/read_null_string.f90
xecution, -O3 -fomit-frame-pointer -funroll-loops
FAIL: gfortran.fortran-torture/execute/read_null_string.f90
xecution, -O3 -fomit-frame-pointer -funroll-all-loops -finline-functions
FAIL: gfortran.fortran-torture/execute/read_null_string.f90
xecution, -O3 -g
FAIL: gfortran.fortran-torture/execute/read_null_string.f90
xecution, -Os
FAIL: gfortran.fortran-torture/execute/slash_edit.f90 execution, -O0
FAIL: gfortran.fortran-torture/execute/slash_edit.f90 execution, -O1
FAIL: gfortran.fortran-torture/execute/slash_edit.f90 execution, -O2
FAIL: gfortran.fortran-torture/execute/slash_edit.f90
execution, -O3 -fomit-frame-pointer
FAIL: gfortran.fortran-torture/execute/slash_edit.f90
execution, -O3 -fomit-frame-pointer -funroll-loops
FAIL: gfortran.fortran-torture/execute/slash_edit.f90
execution, -O3 -fomit-frame-pointer -funroll-all-loops -finline-functions
FAIL: gfortran.fortran-torture/execute/slash_edit.f90 execution, -O3 -g
FAIL: gfortran.fortran-torture/execute/slash_edit.f90 execution, -Os
FAIL: gfortran.fortran-torture/execute/t_edit.f90 execution, -O0
FAIL: gfortran.fortran-torture/execute/t_edit.f90 execution, -O1
FAIL: gfortran.fortran-torture/execute/t_edit.f90 execution, -O2
FAIL: gfortran.fortran-torture/execute/t_edit.f90
execution, -O3 -fomit-frame-pointer
FAIL: gfortran.fortran-torture/execute/t_edit.f90
execution, -O3 -fomit-frame-pointer -funroll-loops
FAIL: gfortran.fortran-torture/execute/t_edit.f90
execution, -O3 -fomit-frame-pointer -funroll-all-loops -finline-functions
FAIL: gfortran.fortran-torture/execute/t_edit.f90 execution, -O3 -g
FAIL: gfortran.fortran-torture/execute/t_edit.f90 execution, -Os
FAIL: gfortran.fortran-torture/execute/write_a_1.f90 execution, -O0
FAIL: gfortran.fortran-torture/execute/write_a_1.f90 execution, -O1
FAIL: gfortran.fortran-torture/execute/write_a_1.f90 execution, -O2
FAIL: gfortran.fortran-torture/execute/write_a_1.f90
execution, -O3 -fomit-frame-pointer
FAIL: gfortran.fortran-torture/execute/write_a_1.f90
execution, -O3 -fomit-frame-pointer -funroll-loops
FAIL: gfortran.fortran-torture/execute/write_a_1.f90
execution, -O3 -fomit-frame-pointer -funroll-all-loops -finline-functions
FAIL: gfortran.fortran-torture/execute/write_a_1.f90 execution, -O3 -g
FAIL: gfortran.fortran-torture/execute/write_a_1.f90 execution, -Os
FAIL: gfortran.fortran-torture/execute/write_logical.f90 execution, -O0
FAIL: gfortran.fortran-torture/execute/write_logical.f90 execution, -O1
FAIL: gfortran.fortran-torture/execute/write_logical.f90 execution, -O2
FAIL: gfortran.fortran-torture/execute/write_logical.f90
execution, -O3 -fomit-frame-pointer
FAIL: gfortran.fortran-torture/execute/write_logical.f90
execution, -O3 -fomit-frame-pointer -funroll-loops
FAIL: gfortran.fortran-torture/execute/write_logical.f90
execution, -O3 -fomit-frame-pointer -funroll-all-loops -finline-functions
FAIL: gfortran.fortran-torture/execute/write_logical.f90
execution, -O3 -g
FAIL: gfortran.fortran-torture/execute/write_logical.f90 execution, -Os
=== gfortran Summary ===
# of expected passes 11923
# of unexpected failures 1544
# of expected failures 7
# of untested testcases 8
# of unsupported tests 78
/usr/local/obj/gcc/gcc/testsuite/gfortran/../../gfortran version 4.2.0
20060727 (experimental)
=== gnat tests ===
Running target unix
=== gnat Summary ===
# of expected passes 20
=== objc tests ===
Running target unix
=== objc Summary ===
# of expected passes 1818
# of expected failures 7
# of unsupported tests 24
/usr/local/obj/gcc/gcc/xgcc version 4.2.0 20060727 (experimental)
=== treelang tests ===
Running target unix
ERROR: tcl error sourcing
/usr/local/src/gcc/gcc/testsuite/treelang/output/output.exp.
ERROR: rm: cannot remove \`treelang/output-1': No such file or directory
=== treelang Summary ===
# of expected passes 50
=== libstdc++ tests ===
Running target unix
FAIL: 26_numerics/cmath/c99_classification_macros_c.cc (test for excess
errors)
FAIL: 27_io/basic_filebuf/seekoff/char/1-io.cc execution test
FAIL: 27_io/basic_filebuf/seekoff/char/1-io.cc execution test
FAIL: 27_io/basic_filebuf/seekoff/char/2-io.cc execution test
FAIL: 27_io/basic_filebuf/seekoff/char/2-io.cc execution test
FAIL: 27_io/basic_filebuf/seekpos/char/1-io.cc execution test
FAIL: 27_io/basic_filebuf/seekpos/char/1-io.cc execution test
FAIL: 27_io/basic_filebuf/seekpos/char/2-io.cc execution test
FAIL: 27_io/basic_filebuf/seekpos/char/2-io.cc execution test
FAIL: 27_io/basic_filebuf/sgetn/char/1-in.cc execution test
FAIL: 27_io/basic_filebuf/sgetn/char/1-in.cc execution test
FAIL: 27_io/basic_filebuf/sgetn/char/1-in.cc execution test
FAIL: 27_io/basic_filebuf/sgetn/char/1-io.cc execution test
FAIL: 27_io/basic_filebuf/sgetn/char/1-io.cc execution test
FAIL: 27_io/basic_filebuf/sgetn/char/1-io.cc execution test
FAIL: 27_io/basic_filebuf/sgetn/char/2-in.cc execution test
FAIL: 27_io/basic_filebuf/sgetn/char/2-in.cc execution test
FAIL: 27_io/basic_filebuf/sgetn/char/2-in.cc execution test
FAIL: 27_io/basic_filebuf/sgetn/char/2-io.cc execution test
FAIL: 27_io/basic_filebuf/sgetn/char/2-io.cc execution test
FAIL: 27_io/basic_filebuf/sgetn/char/2-io.cc execution test
FAIL: 27_io/basic_istream/extractors_arithmetic/char/12.cc execution test
FAIL: 27_io/basic_istream/extractors_arithmetic/char/12.cc execution test
FAIL: 27_io/basic_istream/extractors_arithmetic/char/12.cc execution test
FAIL: 27_io/basic_istream/readsome/char/6746-2.cc execution test
FAIL: 27_io/basic_istream/readsome/char/6746-2.cc execution test
FAIL: 27_io/basic_istream/readsome/char/6746-2.cc execution test
FAIL: ext/pb_ds/example/priority_queue_dijkstra.cc execution test
FAIL: ext/pb_ds/example/priority_queue_dijkstra.cc execution test
=== libstdc++ Summary ===
# of expected passes 6535
# of unexpected failures 29
# of expected failures 29
# of unsupported tests 445
Compiler version: 4.2.0 20060727 (experimental)
Platform: i686-pc-cygwin
configure
flags: --prefix=/usr/local/gcc-4_2 --enable-threads=posix --disable-libgcj
--enable-sjlj-exceptions --with-system-zlib --enable-nls --disable-libmud
flap --enable-version-specific-runtime-libs --without-included-gettext --d
isable-shared --enable-languages=c,ada,c++,fortran,java,objc,treelang
Counting all warnings,
there are 0 warnings in stage3 of this bootstrap.
Number of warnings per file:
Number of warning types:
NOTICE
This e-mail and any attachments are private and confidential and may
contain privileged information. If you are not an authorised recipient,
the copying or distribution of this e-mail and any attachments is
prohibited and you must not read, print or act in reliance on this e-mail
or attachments.
This notice should not be removed.