This is the mail archive of the
gcc-testresults@gcc.gnu.org
mailing list for the GCC project.
Results for 4.2.0 20060805 (experimental) testsuite on sparc-sun-solaris2.8
- From: ebotcazou at libertysurf dot fr (Eric Botcazou)
- To: gcc-testresults at gcc dot gnu dot org
- Date: Sun, 06 Aug 2006 20:58:59 +0200
- Subject: Results for 4.2.0 20060805 (experimental) testsuite on sparc-sun-solaris2.8
LAST_UPDATED: Sat Aug 5 06:42:51 UTC 2006 (revision 115944M)
=== acats tests ===
FAIL: c35507m
FAIL: cd2a23e
FAIL: cxh1001
=== acats Summary ===
# of expected passes 2314
# of unexpected failures 3
Native configuration is sparc-sun-solaris2.8
=== g++ tests ===
Running target unix
WARNING: g++.dg/other/ucnid-1.C compilation failed to produce executable
FAIL: g++.dg/other/unused1.C scan-assembler stringz?\\t"class2"
FAIL: g++.dg/other/unused1.C scan-assembler stringz?\\t"printer"
XPASS: g++.old-deja/g++.other/init18.C execution test
XPASS: g++.old-deja/g++.other/init19.C execution test
=== g++ Summary ===
# of expected passes 12682
# of unexpected failures 2
# of unexpected successes 2
# of expected failures 69
# of unsupported tests 166
/opt/build/eric/gcc/gcc/testsuite/g++/../../g++ version 4.2.0 20060805 (experimental)
=== gcc tests ===
Running target unix
XPASS: gcc.dg/cpp/cmdlne-dI-M.c scan-file (^|\\\\n)cmdlne-dI-M.*:[^\\\\n]*cmdlne-dI-M.c
XPASS: gcc.dg/cpp/cmdlne-dM-M.c scan-file (^|\\\\n)cmdlne-dM-M[^\\\\n]*:[^\\\\n]*cmdlne-dM-M.c
WARNING: gcc.dg/ucnid-2.c compilation failed to produce executable
WARNING: gcc.dg/ucnid-3.c compilation failed to produce executable
WARNING: gcc.dg/ucnid-4.c compilation failed to produce executable
FAIL: gcc.dg/torture/pr26565.c -O0 execution test
XPASS: gcc.dg/vect/pr20122.c scan-tree-dump-times vectorized 1 loops 2
XPASS: gcc.dg/vect/vect-105.c scan-tree-dump-times vectorized 1 loops 1
XPASS: gcc.dg/vect/vect-75.c scan-tree-dump-times vectorized 1 loops 1
=== gcc Summary ===
# of expected passes 39721
# of unexpected failures 1
# of unexpected successes 5
# of expected failures 121
# of untested testcases 28
# of unsupported tests 470
/opt/build/eric/gcc/gcc/xgcc version 4.2.0 20060805 (experimental)
=== gfortran tests ===
Running target unix
=== gfortran Summary ===
# of expected passes 13700
# of expected failures 8
# of unsupported tests 110
/opt/build/eric/gcc/gcc/testsuite/gfortran/../../gfortran version 4.2.0 20060805 (experimental)
=== gnat tests ===
Running target unix
=== gnat Summary ===
# of expected passes 20
=== obj-c++ tests ===
Running target unix
FAIL: obj-c++.dg/cxx-ivars-2.mm execution test
FAIL: obj-c++.dg/encode-3.mm (test for excess errors)
FAIL: obj-c++.dg/encode-8.mm execution test
FAIL: obj-c++.dg/isa-field-1.mm (test for excess errors)
FAIL: obj-c++.dg/lookup-2.mm (test for excess errors)
WARNING: obj-c++.dg/lookup-2.mm compilation failed to produce executable
FAIL: obj-c++.dg/try-catch-2.mm (test for excess errors)
WARNING: obj-c++.dg/try-catch-2.mm compilation failed to produce executable
FAIL: obj-c++.dg/try-catch-9.mm (test for excess errors)
WARNING: obj-c++.dg/try-catch-9.mm compilation failed to produce executable
=== obj-c++ Summary ===
# of expected passes 428
# of unexpected failures 7
# of unsupported tests 13
/opt/build/eric/gcc/gcc/testsuite/obj-c++/../../g++ version 4.2.0 20060805 (experimental)
=== objc tests ===
Running target unix
=== objc Summary ===
# of expected passes 1754
# of expected failures 7
# of unsupported tests 24
/opt/build/eric/gcc/gcc/xgcc version 4.2.0 20060805 (experimental)
=== libffi tests ===
Running target unix
=== libffi Summary ===
# of expected passes 1084
# of unsupported tests 8
=== libgomp tests ===
Running target unix
=== libgomp Summary ===
# of expected passes 1266
# of unsupported tests 118
=== libjava tests ===
Running target unix
FAIL: Array_3 execution - gij test
FAIL: Array_3 execution - gij test
FAIL: Array_3 execution - gij test
FAIL: Array_3 execution - gij test
FAIL: FileHandleGcTest execution - source compiled test
FAIL: FileHandleGcTest execution - gij test
FAIL: FileHandleGcTest execution - bytecode->native test
FAIL: FileHandleGcTest execution - gij test
FAIL: FileHandleGcTest -findirect-dispatch execution - bytecode->native test
FAIL: FileHandleGcTest -O3 execution - source compiled test
FAIL: FileHandleGcTest execution - gij test
FAIL: FileHandleGcTest -O3 execution - bytecode->native test
FAIL: FileHandleGcTest execution - gij test
FAIL: FileHandleGcTest -O3 -findirect-dispatch execution - bytecode->native test
WARNING: program timed out.
FAIL: PR27908 execution - source compiled test
WARNING: program timed out.
FAIL: PR27908 execution - gij test
WARNING: program timed out.
FAIL: PR27908 execution - bytecode->native test
WARNING: program timed out.
FAIL: PR27908 execution - gij test
WARNING: program timed out.
FAIL: PR27908 -findirect-dispatch execution - bytecode->native test
WARNING: program timed out.
FAIL: PR27908 -O3 execution - source compiled test
WARNING: program timed out.
FAIL: PR27908 execution - gij test
WARNING: program timed out.
FAIL: PR27908 -O3 execution - bytecode->native test
WARNING: program timed out.
FAIL: PR27908 execution - gij test
WARNING: program timed out.
FAIL: PR27908 -O3 -findirect-dispatch execution - bytecode->native test
FAIL: Throw_2 execution - source compiled test
FAIL: Throw_2 execution - gij test
FAIL: Throw_2 execution - bytecode->native test
FAIL: Throw_2 execution - gij test
FAIL: Throw_2 -findirect-dispatch execution - bytecode->native test
FAIL: Throw_2 -O3 execution - source compiled test
FAIL: Throw_2 execution - gij test
FAIL: Throw_2 -O3 execution - bytecode->native test
FAIL: Throw_2 execution - gij test
FAIL: Throw_2 -O3 -findirect-dispatch execution - bytecode->native test
=== libjava Summary ===
# of expected passes 6861
# of unexpected failures 34
# of expected failures 12
# of untested testcases 42
=== libstdc++ tests ===
Running target unix
=== libstdc++ Summary ===
# of expected passes 3685
# of expected failures 15
# of unsupported tests 321
Compiler version: 4.2.0 20060805 (experimental)
Platform: sparc-sun-solaris2.8
configure flags: --prefix=/opt/build/eric/local/gcc --with-gmp=/opt/build/eric/local --with-mpfr=/opt/build/eric/local --with-local-prefix=/opt/build/eric/local --enable-checking=assert,misc,runtime --disable-multilib --enable-languages=c,ada,c++,fortran,java,objc,obj-c++
BOOT_CFLAGS=-g -O2