This is the mail archive of the
gcc-testresults@gcc.gnu.org
mailing list for the GCC project.
Results for 4.2.0 20060804 (experimental) testsuite on hppa2.0w-hp-hpux11.11
- From: John David Anglin <dave at hiauly3 dot hia dot nrc dot ca>
- To: dave at hiauly3 dot hia dot nrc dot ca, gcc-testresults at gcc dot gnu dot org
- Date: Sat, 5 Aug 2006 10:25:27 -0400 (EDT)
- Subject: Results for 4.2.0 20060804 (experimental) testsuite on hppa2.0w-hp-hpux11.11
LAST_UPDATED: Fri Aug 4 23:39:35 UTC 2006 (revision 115934)
=== acats tests ===
FAIL: c35507m
FAIL: cd2a23e
FAIL: cxh1001
=== acats Summary ===
# of expected passes 2314
# of unexpected failures 3
Native configuration is hppa2.0w-hp-hpux11.11
=== g++ tests ===
Running target unix
FAIL: g++.dg/eh/spbp.C (test for excess errors)
WARNING: g++.dg/eh/spbp.C compilation failed to produce executable
FAIL: g++.dg/other/unused1.C scan-assembler stringz?\\t"class2"
FAIL: g++.dg/other/unused1.C scan-assembler stringz?\\t"printer"
=== g++ Summary ===
# of expected passes 12359
# of unexpected failures 3
# of expected failures 71
# of unsupported tests 176
/mnt/gnu/gcc/objdir/gcc/testsuite/g++/../../g++ version 4.2.0 20060804 (experimental)
=== gcc tests ===
Running target unix
WARNING: program timed out.
FAIL: gcc.c-torture/compile/20001226-1.c -O2 (test for excess errors)
WARNING: program timed out.
FAIL: gcc.c-torture/compile/20001226-1.c -O3 -fomit-frame-pointer (test for excess errors)
WARNING: program timed out.
FAIL: gcc.c-torture/compile/20001226-1.c -O3 -g (test for excess errors)
WARNING: program timed out.
FAIL: gcc.c-torture/compile/20001226-1.c -Os (test for excess errors)
XPASS: gcc.dg/cpp/cmdlne-dI-M.c scan-file (^|\\\\n)cmdlne-dI-M.*:[^\\\\n]*cmdlne-dI-M.c
XPASS: gcc.dg/cpp/cmdlne-dM-M.c scan-file (^|\\\\n)cmdlne-dM-M[^\\\\n]*:[^\\\\n]*cmdlne-dM-M.c
=== gcc Summary ===
# of expected passes 38770
# of unexpected failures 4
# of unexpected successes 2
# of expected failures 79
# of untested testcases 28
# of unsupported tests 483
/mnt/gnu/gcc/objdir/gcc/xgcc version 4.2.0 20060804 (experimental)
=== gfortran tests ===
Running target unix
FAIL: gfortran.dg/direct_io_6.f90 -O0 execution test
FAIL: gfortran.dg/direct_io_6.f90 -O1 execution test
FAIL: gfortran.dg/direct_io_6.f90 -O2 execution test
FAIL: gfortran.dg/direct_io_6.f90 -O3 -fomit-frame-pointer execution test
FAIL: gfortran.dg/direct_io_6.f90 -O3 -fomit-frame-pointer -funroll-loops execution test
FAIL: gfortran.dg/direct_io_6.f90 -O3 -fomit-frame-pointer -funroll-all-loops -finline-functions execution test
FAIL: gfortran.dg/direct_io_6.f90 -O3 -g execution test
FAIL: gfortran.dg/direct_io_6.f90 -Os execution test
=== gfortran Summary ===
# of expected passes 13688
# of unexpected failures 8
# of expected failures 6
# of unsupported tests 105
/mnt/gnu/gcc/objdir/gcc/testsuite/gfortran/../../gfortran version 4.2.0 20060804 (experimental)
=== gnat tests ===
Running target unix
=== gnat Summary ===
# of expected passes 20
=== obj-c++ tests ===
Running target unix
FAIL: obj-c++.dg/bitfield-1.mm (internal compiler error)
FAIL: obj-c++.dg/bitfield-1.mm (test for excess errors)
WARNING: obj-c++.dg/bitfield-1.mm compilation failed to produce executable
FAIL: obj-c++.dg/comp-types-10.mm (internal compiler error)
FAIL: obj-c++.dg/comp-types-10.mm (test for excess errors)
FAIL: obj-c++.dg/cxx-ivars-2.mm execution test
FAIL: obj-c++.dg/dwarf-2.mm (test for excess errors)
ERROR: obj-c++.dg/dwarf-2.mm: error executing dg-final: couldn't open "dwarf-2.s": no such file or directory
UNRESOLVED: obj-c++.dg/dwarf-2.mm: error executing dg-final: couldn't open "dwarf-2.s": no such file or directory
FAIL: obj-c++.dg/encode-3.mm (test for excess errors)
FAIL: obj-c++.dg/encode-8.mm execution test
FAIL: obj-c++.dg/isa-field-1.mm (test for excess errors)
FAIL: obj-c++.dg/lookup-2.mm (test for excess errors)
WARNING: obj-c++.dg/lookup-2.mm compilation failed to produce executable
FAIL: obj-c++.dg/try-catch-2.mm (test for excess errors)
WARNING: obj-c++.dg/try-catch-2.mm compilation failed to produce executable
FAIL: obj-c++.dg/try-catch-9.mm (internal compiler error)
FAIL: obj-c++.dg/try-catch-9.mm (test for excess errors)
WARNING: obj-c++.dg/try-catch-9.mm compilation failed to produce executable
=== obj-c++ Summary ===
# of expected passes 423
# of unexpected failures 13
# of unresolved testcases 1
# of unsupported tests 13
/mnt/gnu/gcc/objdir/gcc/testsuite/obj-c++/../../g++ version 4.2.0 20060804 (experimental)
=== objc tests ===
Running target unix
FAIL: objc.dg/dwarf-1.m (test for excess errors)
ERROR: objc.dg/dwarf-1.m: error executing dg-final: couldn't open "dwarf-1.s": no such file or directory
UNRESOLVED: objc.dg/dwarf-1.m: error executing dg-final: couldn't open "dwarf-1.s": no such file or directory
FAIL: objc.dg/dwarf-2.m (test for excess errors)
ERROR: objc.dg/dwarf-2.m: error executing dg-final: couldn't open "dwarf-2.s": no such file or directory
UNRESOLVED: objc.dg/dwarf-2.m: error executing dg-final: couldn't open "dwarf-2.s": no such file or directory
=== objc Summary ===
# of expected passes 1748
# of unexpected failures 2
# of expected failures 7
# of unresolved testcases 2
# of unsupported tests 25
/mnt/gnu/gcc/objdir/gcc/xgcc version 4.2.0 20060804 (experimental)
=== libgomp tests ===
Running target unix
=== libgomp Summary ===
# of expected passes 1266
# of unsupported tests 118
=== libstdc++ tests ===
Running target unix
=== libstdc++ Summary ===
# of expected passes 3671
# of expected failures 13
# of unsupported tests 329
Compiler version: 4.2.0 20060804 (experimental)
Platform: hppa2.0w-hp-hpux11.11
configure flags: --with-gnu-as --with-as=/opt/gnu/bin/as --enable-shared --with-local-prefix=/opt/gnu --prefix=/opt/gnu/gcc/gcc-4.2.0 --with-gmp=/opt/gnu/gcc/gcc-4.2.0 --enable-debug=no --disable-nls --enable-threads=posix --enable-languages=c,ada,c++,fortran,objc,obj-c++