This is the mail archive of the
gcc-testresults@gcc.gnu.org
mailing list for the GCC project.
Results for 4.1.2 20060729 (prerelease) (Debian 4.1.1-10) testsuite on s390-ibm-linux-gnu
- From: Matthias Klose <doko at debian dot org>
- To: gcc-testresults at gcc dot gnu dot org
- Cc: debian-gcc at lists dot debian dot org
- Date: Mon, 31 Jul 2006 17:54:46 -0600
- Subject: Results for 4.1.2 20060729 (prerelease) (Debian 4.1.1-10) testsuite on s390-ibm-linux-gnu
- Reply-to: Matthias Klose <doko at debian dot org>
LAST_UPDATED: Sat Jul 29 19:45:02 UTC 2006 (revision 115812)
Native configuration is s390-ibm-linux-gnu
=== g++ tests ===
Running target unix
FAIL: g++.dg/lookup/linkage1.C (test for errors, line 3)
FAIL: g++.dg/lookup/linkage1.C (test for errors, line 4)
FAIL: g++.dg/lookup/linkage2.C (test for excess errors)
XPASS: g++.dg/tree-ssa/pr14814.C scan-tree-dump-times &this 0
XPASS: g++.old-deja/g++.other/init5.C execution test
=== g++ Summary for unix ===
# of expected passes 12181
# of unexpected failures 3
# of unexpected successes 2
# of expected failures 66
# of unsupported tests 106
Running target unix/-m64
FAIL: g++.dg/lookup/linkage1.C (test for errors, line 3)
FAIL: g++.dg/lookup/linkage1.C (test for errors, line 4)
FAIL: g++.dg/lookup/linkage2.C (test for excess errors)
XPASS: g++.dg/tree-ssa/pr14814.C scan-tree-dump-times &this 0
XPASS: g++.old-deja/g++.other/init5.C execution test
=== g++ Summary for unix/-m64 ===
# of expected passes 12149
# of unexpected failures 3
# of unexpected successes 2
# of expected failures 66
# of unsupported tests 108
=== g++ Summary ===
# of expected passes 24330
# of unexpected failures 6
# of unexpected successes 4
# of expected failures 132
# of unsupported tests 214
/build/buildd/gcc-4.1-4.1.1/build/gcc/testsuite/g++/../../g++ version 4.1.2 20060729 (prerelease) (Debian 4.1.1-10)
=== gcc tests ===
Running target unix
XPASS: gcc.dg/tree-ssa/20040204-1.c scan-tree-dump-times link_error 0
=== gcc Summary for unix ===
# of expected passes 37385
# of unexpected successes 1
# of expected failures 76
# of untested testcases 28
# of unsupported tests 295
Running target unix/-m64
FAIL: gcc.dg/20020926-1.c (test for excess errors)
ERROR: gcc.dg/20020926-1.c: error executing dg-final: couldn't open "20020926-1.s": no such file or directory
UNRESOLVED: gcc.dg/20020926-1.c: error executing dg-final: couldn't open "20020926-1.s": no such file or directory
XPASS: gcc.dg/tree-ssa/20040204-1.c scan-tree-dump-times link_error 0
XPASS: gcc.dg/tree-ssa/sra-2.c scan-tree-dump-times link_error 0
=== gcc Summary for unix/-m64 ===
# of expected passes 37380
# of unexpected failures 1
# of unexpected successes 2
# of expected failures 75
# of unresolved testcases 1
# of untested testcases 28
# of unsupported tests 297
=== gcc Summary ===
# of expected passes 74765
# of unexpected failures 1
# of unexpected successes 3
# of expected failures 151
# of unresolved testcases 1
# of untested testcases 56
# of unsupported tests 592
/build/buildd/gcc-4.1-4.1.1/build/gcc/xgcc version 4.1.2 20060729 (prerelease) (Debian 4.1.1-10)
=== gfortran tests ===
Running target unix
FAIL: gfortran.dg/char_result_6.f90 -O2 execution test
FAIL: gfortran.dg/char_result_6.f90 -O3 -fomit-frame-pointer execution test
FAIL: gfortran.dg/char_result_6.f90 -O3 -fomit-frame-pointer -funroll-loops execution test
FAIL: gfortran.dg/char_result_6.f90 -O3 -fomit-frame-pointer -funroll-all-loops -finline-functions execution test
FAIL: gfortran.dg/char_result_6.f90 -O3 -g execution test
FAIL: gfortran.dg/char_result_6.f90 -Os execution test
=== gfortran Summary for unix ===
# of expected passes 12942
# of unexpected failures 6
# of expected failures 12
# of unsupported tests 82
Running target unix/-m64
FAIL: gfortran.dg/char_result_6.f90 -O2 execution test
FAIL: gfortran.dg/char_result_6.f90 -O3 -fomit-frame-pointer execution test
FAIL: gfortran.dg/char_result_6.f90 -O3 -fomit-frame-pointer -funroll-loops execution test
FAIL: gfortran.dg/char_result_6.f90 -O3 -fomit-frame-pointer -funroll-all-loops -finline-functions execution test
FAIL: gfortran.dg/char_result_6.f90 -O3 -g execution test
FAIL: gfortran.dg/char_result_6.f90 -Os execution test
=== gfortran Summary for unix/-m64 ===
# of expected passes 12974
# of unexpected failures 6
# of expected failures 12
# of unsupported tests 66
=== gfortran Summary ===
# of expected passes 25916
# of unexpected failures 12
# of expected failures 24
# of unsupported tests 148
/build/buildd/gcc-4.1-4.1.1/build/gcc/testsuite/gfortran/../../gfortran version 4.1.2 20060729 (prerelease) (Debian 4.1.1-10)
=== obj-c++ tests ===
Running target unix
FAIL: obj-c++.dg/cxx-ivars-2.mm execution test
FAIL: obj-c++.dg/encode-8.mm execution test
FAIL: obj-c++.dg/isa-field-1.mm (test for excess errors)
FAIL: obj-c++.dg/lookup-2.mm (test for excess errors)
UNRESOLVED: obj-c++.dg/lookup-2.mm compilation failed to produce executable
FAIL: obj-c++.dg/try-catch-2.mm (test for excess errors)
UNRESOLVED: obj-c++.dg/try-catch-2.mm compilation failed to produce executable
FAIL: obj-c++.dg/try-catch-9.mm (test for excess errors)
UNRESOLVED: obj-c++.dg/try-catch-9.mm compilation failed to produce executable
=== obj-c++ Summary for unix ===
# of expected passes 423
# of unexpected failures 6
# of unresolved testcases 3
# of unsupported tests 13
Running target unix/-m64
FAIL: obj-c++.dg/bitfield-1.mm (test for excess errors)
FAIL: obj-c++.dg/bitfield-4.mm (test for excess errors)
FAIL: obj-c++.dg/cxx-ivars-2.mm execution test
FAIL: obj-c++.dg/encode-3.mm execution test
FAIL: obj-c++.dg/encode-8.mm execution test
FAIL: obj-c++.dg/isa-field-1.mm (test for excess errors)
FAIL: obj-c++.dg/layout-1.mm (test for excess errors)
FAIL: obj-c++.dg/lookup-2.mm (test for excess errors)
UNRESOLVED: obj-c++.dg/lookup-2.mm compilation failed to produce executable
FAIL: obj-c++.dg/try-catch-2.mm (test for excess errors)
UNRESOLVED: obj-c++.dg/try-catch-2.mm compilation failed to produce executable
FAIL: obj-c++.dg/try-catch-9.mm (test for excess errors)
UNRESOLVED: obj-c++.dg/try-catch-9.mm compilation failed to produce executable
=== obj-c++ Summary for unix/-m64 ===
# of expected passes 419
# of unexpected failures 10
# of unresolved testcases 3
# of unsupported tests 13
=== obj-c++ Summary ===
# of expected passes 842
# of unexpected failures 16
# of unresolved testcases 6
# of unsupported tests 26
/build/buildd/gcc-4.1-4.1.1/build/gcc/testsuite/obj-c++/../../g++ version 4.1.2 20060729 (prerelease) (Debian 4.1.1-10)
=== objc tests ===
Running target unix
=== objc Summary for unix ===
# of expected passes 1686
# of unsupported tests 22
Running target unix/-m64
=== objc Summary for unix/-m64 ===
# of expected passes 1686
# of unsupported tests 22
=== objc Summary ===
# of expected passes 3372
# of unsupported tests 44
/build/buildd/gcc-4.1-4.1.1/build/gcc/xgcc version 4.1.2 20060729 (prerelease) (Debian 4.1.1-10)
=== treelang tests ===
Running target unix
=== treelang Summary for unix ===
# of expected passes 50
Running target unix/-m64
=== treelang Summary for unix/-m64 ===
# of expected passes 50
=== treelang Summary ===
# of expected passes 100
=== libffi tests ===
Running target unix
=== libffi Summary for unix ===
# of expected passes 228
# of unsupported tests 2
Running target unix/-m64
=== libffi Summary for unix/-m64 ===
# of expected passes 228
# of unsupported tests 2
=== libffi Summary ===
# of expected passes 456
# of unsupported tests 4
=== libmudflap tests ===
Running target unix
=== libmudflap Summary for unix ===
# of expected passes 1799
Running target unix/-m64
FAIL: libmudflap.c/fail1-frag.c (-static) crash test
FAIL: libmudflap.c/fail10-frag.c (-static) crash test
FAIL: libmudflap.c/fail11-frag.c (-static) crash test
FAIL: libmudflap.c/fail12-frag.c (-static) crash test
FAIL: libmudflap.c/fail13-frag.c (-static) crash test
FAIL: libmudflap.c/fail14-frag.c (-static) crash test
FAIL: libmudflap.c/fail15-frag.c (-static) crash test
FAIL: libmudflap.c/fail16-frag.c (-static) crash test
FAIL: libmudflap.c/fail17-frag.c (-static) crash test
FAIL: libmudflap.c/fail18-frag.c (-static) crash test
FAIL: libmudflap.c/fail19-frag.c (-static) crash test
FAIL: libmudflap.c/fail2-frag.c (-static) crash test
FAIL: libmudflap.c/fail21-frag.c (-static) crash test
FAIL: libmudflap.c/fail22-frag.c (-static) crash test
FAIL: libmudflap.c/fail23-frag.c (-static) crash test
FAIL: libmudflap.c/fail25-frag.c (-static) crash test
FAIL: libmudflap.c/fail27-frag.c (-static) crash test
FAIL: libmudflap.c/fail28-frag.c (-static) crash test
FAIL: libmudflap.c/fail29-frag.c (-static) crash test
FAIL: libmudflap.c/fail3-frag.c (-static) crash test
FAIL: libmudflap.c/fail30-frag.c (-static) crash test
FAIL: libmudflap.c/fail31-frag.c (-static) crash test
FAIL: libmudflap.c/fail32-frag.c (-static) crash test
FAIL: libmudflap.c/fail33-frag.c (-static) crash test
FAIL: libmudflap.c/fail34-frag.c (-static) crash test
FAIL: libmudflap.c/fail35-frag.c (-static) crash test
FAIL: libmudflap.c/fail36-frag.c (-static) crash test
FAIL: libmudflap.c/fail37-frag.c (-static) crash test
FAIL: libmudflap.c/fail38-frag.c (-static) crash test
FAIL: libmudflap.c/fail39-frag.c (-static) crash test
FAIL: libmudflap.c/fail4-frag.c (-static) crash test
FAIL: libmudflap.c/fail40-frag.c (-static) crash test
FAIL: libmudflap.c/fail5-frag.c (-static) crash test
FAIL: libmudflap.c/fail6-frag.c (-static) crash test
FAIL: libmudflap.c/fail7-frag.c (-static) crash test
FAIL: libmudflap.c/fail8-frag.c (-static) crash test
FAIL: libmudflap.c/fail9-frag.c (-static) crash test
FAIL: libmudflap.c++/fail24-frag.cxx (-static) crash test
=== libmudflap Summary for unix/-m64 ===
# of expected passes 1761
# of unexpected failures 38
=== libmudflap Summary ===
# of expected passes 3560
# of unexpected failures 38
=== libstdc++ tests ===
Running target unix
XPASS: 26_numerics/cmath/c99_classification_macros_c.cc (test for excess errors)
=== libstdc++ Summary for unix ===
# of expected passes 3412
# of unexpected successes 1
# of expected failures 12
# of unsupported tests 315
Running target unix/-m64
XPASS: 26_numerics/cmath/c99_classification_macros_c.cc (test for excess errors)
XPASS: 27_io/fpos/14320-1.cc execution test
=== libstdc++ Summary for unix/-m64 ===
# of expected passes 3412
# of unexpected successes 2
# of expected failures 11
# of unsupported tests 315
=== libstdc++ Summary ===
# of expected passes 6824
# of unexpected successes 3
# of expected failures 23
# of unsupported tests 630
Compiler version: 4.1.2 20060729 (prerelease) (Debian 4.1.1-10)
Platform: s390-ibm-linux-gnu
configure flags: -v --prefix=/usr --enable-shared --with-system-zlib --libexecdir=/usr/lib --without-included-gettext --enable-threads=posix --enable-nls --program-suffix=-4.1 --enable-__cxa_atexit --enable-clocale=gnu --enable-libstdcxx-debug --enable-mpfr --enable-checking=release s390-linux-gnu --enable-languages=c,c++,fortran,objc,obj-c++,treelang
BOOT_CFLAGS=-O2
Build Dependencies:
Desired=Unknown/Install/Remove/Purge/Hold
| Status=Not/Installed/Config-files/Unpacked/Failed-config/Half-installed
|/ Err?=(none)/Hold/Reinst-required/X=both-problems (Status,Err: uppercase=bad)
||/ Name Version Description
+++-==============-==============-==============================================
ii binutils 2.17-1 The GNU assembler, linker and binary utilities
Patches that Debian applied in this version:
svn-updates:
CVS updates from the 4.1 branch upto 20060729.
libjava-update:
libjava awt & swing update, taken from trunk 2006-02-25
gcc-version:
Add package identification to the gcc version string
gcc-textdomain:
Set gettext's domain and textdomain to the versioned package name.
gcc-driver-extra-langs:
Add options and specs for languages that are not built from a source
(but built from separate sources).
rename-info-files:
Allow transformations on info file names. Reference the
transformed info file names in the texinfo files.
libstdc++-pic:
Build and install libstdc++_pic.a library.
libstdc++-doclink:
adjust hrefs to point to the local documentation
gccbug:
Use sensible-editor instead of vi as fallback editor
gccbug-posix:
Make gccbug POSIX compliant (patch by David Weinehall)
http://www.opengroup.org/onlinepubs/009695399/utilities/test.html
boehm-gc-nocheck:
Disable running the boehm-gc testsuite. Hangs the buildd at least on hppa.
fastjar-version:
Append GCC version to the fastjar version string.
libstdc++-doxygen:
libstdc++ doxygen docs: Set SHORT_NAMES to YES
classmap-path:
Set the location for gcj-dbtool's database to /var/lib/gcj-X.Y
libjava-dlsearch-path:
Add /usr/lib/gcj-4.1 to the dlsearch path.
libjava-stacktrace:
libgcj: Lookup source file name and line number in separated
debug files found in /usr/lib/debug
libjava-hppa:
2006-06-13 John David Anglin <dave.anglin@nrc-cnrc.gc.ca>
* configure.host (hppa*-*): Set 'enable_hash_synchronization_default' to
no.
arm-libffi:
Add closure support to libffi for arm
arm-gij:
Enable gij interpreter on arm
hppa-cbranch:
Fix for PR target/26743 (hppa)
Backport from gcc trunk 2006-04-12 by tausq@debian.org
hppa-cbranch2:
Fix for PR target/26743 (hppa)
Backport from gcc trunk 2006-04-12 by tausq@debian.org
pr25524:
Backport PR libstdc++/25524 from the trunk
pr26885:
Proposed patch for PR driver/26885
pr26864:
Backport fix for PR libmudflap/26864 from the trunk.
pr27227:
Revert the patch to fix PR c++/27227.
pr28221:
needed for PR c++/28221
http://gcc.gnu.org/ml/gcc-patches/2005-11/msg02094.html + patch from PR28221
pr28075:
Proposed patch for PR gcc/28075
libffi-without-libgcj:
build libffi without building libgcj
deb-protoize:
build protoize/unprotoize binaries
link-libs:
cpu-default-i486:
set default 32bit ix86 architecture to i486
reporting:
Add Debian URL for bug reporting instructions.
gcc-ice-hack:
2004-01-23 Jakub Jelinek <jakub@redhat.com>
* system.h (ICE_EXIT_CODE): Define.
* gcc.c (execute): Don't free first string early, but at the end
of the function. Call retry_ice if compiler exited with
ICE_EXIT_CODE.
(retry_ice): New function.
* diagnostic.c (diagnostic_count_diagnostic,
diagnostic_action_after_output, error_recursion): Exit with
ICE_EXIT_CODE instead of FATAL_EXIT_CODE.
multiarch-include:
biarch-include.dpatch
Adds biarch include directories
/usr/local/include/<arch>-linux-gnu
/usr/include/<arch>-linux-gnu
to the system include paths, depending on 32/64 bit mode.
disable-biarch-check:
For biarch builds, disable the testsuite for the non-default architecture
for runtime libraries, which are not built by default (libjava).
config-ml:
disable some biarch libraries for biarch builds
libjava-biarch-alsa:
Fix linking with the correct biarch asound library
s390-biarch:
enable biarch for 31 bit compiler
Counting all warnings,
there are 55 warnings in stage3 of this bootstrap.
Number of warnings per file:
12 treelang/lex.c
12 gcc/config/s390/s390.md
11 gengtype-lex.c
6 gcc/libgcc2.h
6 gcc/config/s390/fixdfdi.h
4 gcc/gcc.c
2 gcc/objc/lang-specs.h
1 gcc/protoize.c
1 gcc/cp/pt.c
Number of warning types:
22 no previous prototype for `???'
10 source missing a mode?
6 this is the location of the previous definition
5 string length `???' is greater than the length `???' ISO C89 compilers are required to support
2 operand 2 missing mode?
2 `__fixtfdi' redefined
2 `__fixsfdi' redefined
2 `__fixdfdi' redefined
1 passing argument 2 of `???' from incompatible pointer type
1 comparison between signed and unsigned
1 comparison between pointer and integer
1 argument `???' might be clobbered by `???' or `???'