This is the mail archive of the gcc-testresults@gcc.gnu.org mailing list for the GCC project.


Index Nav: [Date Index] [Subject Index] [Author Index] [Thread Index]
Message Nav: [Date Prev] [Date Next] [Thread Prev] [Thread Next]
Other format: [Raw text]

Results for 4.2.0 20060730 (experimental) testsuite on hppa64-hp-hpux11.11


LAST_UPDATED: Sun Jul 30 07:18:17 UTC 2006 (/trunk revision 115817)

Native configuration is hppa64-hp-hpux11.11

		=== g++ tests ===


Running target unix
FAIL: g++.dg/opt/inline4.C (test for excess errors)

		=== g++ Summary ===

# of expected passes		12082
# of unexpected failures	1
# of expected failures		70
# of unsupported tests		140
/scratch/gcc/nightly-2006-07-30-mainline/hppa64-hp-hpux11.11/build_gcc/install/bin/c++  version 4.2.0 20060730 (experimental)

		=== gcc tests ===


Running target unix
WARNING: program timed out.
FAIL: gcc.c-torture/compile/20001226-1.c  -O2  (test for excess errors)
WARNING: program timed out.
FAIL: gcc.c-torture/compile/20001226-1.c  -O3 -fomit-frame-pointer  (test for excess errors)
WARNING: program timed out.
FAIL: gcc.c-torture/compile/20001226-1.c  -O3 -g  (test for excess errors)
WARNING: program timed out.
FAIL: gcc.c-torture/compile/20001226-1.c  -Os  (test for excess errors)
FAIL: gcc.dg/20020425-1.c (test for excess errors)
XPASS: gcc.dg/funcorder.c scan-assembler-not link_error,%r
FAIL: gcc.dg/torture/asm-subreg-1.c  -O1  (test for excess errors)
FAIL: gcc.dg/torture/asm-subreg-1.c  -O2  (test for excess errors)
FAIL: gcc.dg/torture/asm-subreg-1.c  -O3 -fomit-frame-pointer  (test for excess errors)
FAIL: gcc.dg/torture/asm-subreg-1.c  -O3 -g  (test for excess errors)
FAIL: gcc.dg/torture/asm-subreg-1.c  -Os  (test for excess errors)
FAIL: gcc.dg/tree-prof/inliner-1.c compilation,  -fprofile-use (internal compiler error)
UNRESOLVED: gcc.dg/tree-prof/inliner-1.c execution,    -fprofile-use
FAIL: gcc.dg/tree-prof/val-prof-1.c compilation,  -fprofile-use (internal compiler error)
UNRESOLVED: gcc.dg/tree-prof/val-prof-1.c execution,    -fprofile-use
FAIL: gcc.dg/tree-prof/val-prof-2.c compilation,  -fprofile-use (internal compiler error)
UNRESOLVED: gcc.dg/tree-prof/val-prof-2.c execution,    -fprofile-use
FAIL: gcc.dg/tree-prof/val-prof-3.c compilation,  -fprofile-use (internal compiler error)
UNRESOLVED: gcc.dg/tree-prof/val-prof-3.c execution,    -fprofile-use
FAIL: gcc.dg/tree-prof/val-prof-4.c compilation,  -fprofile-use (internal compiler error)
UNRESOLVED: gcc.dg/tree-prof/val-prof-4.c execution,    -fprofile-use
FAIL: gcc.dg/tree-prof/val-prof-5.c compilation,  -fprofile-use (internal compiler error)
UNRESOLVED: gcc.dg/tree-prof/val-prof-5.c execution,    -fprofile-use

		=== gcc Summary ===

# of expected passes		38668
# of unexpected failures	16
# of unexpected successes	1
# of expected failures		82
# of unresolved testcases	6
# of untested testcases		28
# of unsupported tests		416
/scratch/gcc/nightly-2006-07-30-mainline/hppa64-hp-hpux11.11/build_gcc/install/bin/gcc  version 4.2.0 20060730 (experimental)

		=== libstdc++ tests ===


Running target unix
FAIL: 26_numerics/cmath/c99_classification_macros_c.cc (test for excess errors)

		=== libstdc++ Summary ===

# of expected passes		3670
# of unexpected failures	1
# of expected failures		13
# of unsupported tests		329

Compiler version: 4.2.0 20060730 (experimental) 
Platform: hppa64-hp-hpux11.11
configure flags: --disable-nls --build=hppa64-hp-hpux11.11 --host=hppa64-hp-hpux11.11 --target=hppa64-hp-hpux11.11 --enable-languages=c,c++ --enable-shared --enable-threads --disable-libmudflap --disable-libssp --disable-libgomp --disable-libstdcxx-pch --with-gnu-as --with-as=/scratch/gcc/nightly-2006-07-30-mainline/hppa64-hp-hpux11.11/build_gcc/install/bin/as --without-gnu-ld --with-ld=/usr/ccs/bin/ld --prefix=/scratch/gcc/nightly-2006-07-30-mainline/hppa64-hp-hpux11.11/build_gcc/install


Index Nav: [Date Index] [Subject Index] [Author Index] [Thread Index]
Message Nav: [Date Prev] [Date Next] [Thread Prev] [Thread Next]