This is the mail archive of the gcc-testresults@gcc.gnu.org mailing list for the GCC project.


Index Nav: [Date Index] [Subject Index] [Author Index] [Thread Index]
Message Nav: [Date Prev] [Date Next] [Thread Prev] [Thread Next]
Other format: [Raw text]

Results for 4.1.2 20060725 (prerelease) testsuite on ia64-suse-linux-gnu


LAST_UPDATED: Tue Jul 25 08:00:47 UTC 2006 (revision 115732M)

		=== acats tests ===

		=== acats Summary ===
# of expected passes		2317
# of unexpected failures	0
Native configuration is ia64-suse-linux-gnu

		=== g++ tests ===


Running target unix
XPASS: g++.dg/tree-ssa/pr14814.C scan-tree-dump-times &this 0
XPASS: g++.old-deja/g++.other/init5.C execution test

		=== g++ Summary ===

# of expected passes		11645
# of unexpected successes	2
# of expected failures		66
# of unsupported tests		103
/tmp/cvs/gcc-20060725/Build/gcc/testsuite/g++/../../g++  version 4.1.2 20060725 (prerelease)

		=== gcc tests ===


Running target unix
FAIL: gcc.c-torture/execute/20050604-1.c execution,  -O3 -fomit-frame-pointer 
FAIL: gcc.c-torture/execute/20050604-1.c execution,  -O3 -fomit-frame-pointer -funroll-loops 
FAIL: gcc.c-torture/execute/20050604-1.c execution,  -O3 -fomit-frame-pointer -funroll-all-loops -finline-functions 
FAIL: gcc.c-torture/execute/20050604-1.c execution,  -O3 -g 
FAIL: gcc.dg/builtin-apply4.c execution test
XPASS: gcc.dg/tree-ssa/loop-1.c scan-assembler-times foo 5
XPASS: gcc.dg/vect/pr16105.c scan-tree-dump-times vectorized 1 loops 1
XPASS: gcc.dg/vect/pr20122.c scan-tree-dump-times vectorized 1 loops 2
XPASS: gcc.dg/vect/vect-105.c scan-tree-dump-times vectorized 1 loops 1
XPASS: gcc.dg/vect/vect-30.c scan-tree-dump-times vectorized 1 loops 2
XPASS: gcc.dg/vect/vect-42.c scan-tree-dump-times vectorized 1 loops 1
XPASS: gcc.dg/vect/vect-43.c scan-tree-dump-times vectorized 1 loops 1
XPASS: gcc.dg/vect/vect-74.c scan-tree-dump-times vectorized 1 loops 1
XPASS: gcc.dg/vect/vect-75.c scan-tree-dump-times vectorized 1 loops 1
XPASS: gcc.dg/vect/vect-8.c scan-tree-dump-times vectorized 1 loops 1

		=== gcc Summary ===

# of expected passes		37297
# of unexpected failures	5
# of unexpected successes	10
# of expected failures		132
# of untested testcases		28
# of unsupported tests		319
/tmp/cvs/gcc-20060725/Build/gcc/xgcc  version 4.1.2 20060725 (prerelease)

		=== gfortran tests ===


Running target unix
XPASS: gfortran.dg/csqrt_2.f  -O0  execution test
XPASS: gfortran.dg/csqrt_2.f  -O1  execution test
XPASS: gfortran.dg/csqrt_2.f  -O2  execution test
XPASS: gfortran.dg/csqrt_2.f  -O3 -fomit-frame-pointer  execution test
XPASS: gfortran.dg/csqrt_2.f  -O3 -fomit-frame-pointer -funroll-loops  execution test
XPASS: gfortran.dg/csqrt_2.f  -O3 -fomit-frame-pointer -funroll-all-loops -finline-functions  execution test
XPASS: gfortran.dg/csqrt_2.f  -O3 -g  execution test
XPASS: gfortran.dg/csqrt_2.f  -Os  execution test
FAIL: gfortran.dg/vect/vect-4.f90  -O  scan-tree-dump-times Alignment of access forced using peeling 1
FAIL: gfortran.dg/vect/vect-4.f90  -O  scan-tree-dump-times Vectorizing an unaligned access 1
XPASS: gfortran.dg/vect/vect-5.f90  -O  scan-tree-dump-times vectorized 2 loops 1

		=== gfortran Summary ===

# of expected passes		13027
# of unexpected failures	2
# of unexpected successes	9
# of expected failures		9
# of unsupported tests		18
/tmp/cvs/gcc-20060725/Build/gcc/testsuite/gfortran/../../gfortran  version 4.1.2 20060725 (prerelease)

		=== objc tests ===


Running target unix

		=== objc Summary ===

# of expected passes		1684
# of unsupported tests		23
/tmp/cvs/gcc-20060725/Build/gcc/xgcc  version 4.1.2 20060725 (prerelease)

		=== libffi tests ===


Running target unix

		=== libffi Summary ===

# of expected passes		228
# of unsupported tests		2
		=== libjava tests ===


Running target unix

		=== libjava Summary ===

# of expected passes		4060
# of expected failures		10
# of untested testcases		8
		=== libmudflap tests ===


Running target unix

		=== libmudflap Summary ===

# of expected passes		1799
		=== libstdc++ tests ===


Running target unix
XPASS: 26_numerics/cmath/c99_classification_macros_c.cc (test for excess errors)
XPASS: 27_io/fpos/14320-1.cc execution test

		=== libstdc++ Summary ===

# of expected passes		4042
# of unexpected successes	2
# of expected failures		11

Compiler version: 4.1.2 20060725 (prerelease) 
Platform: ia64-suse-linux-gnu
configure flags: --prefix=/tmp/cvs/gcc-20060725/Build/root --host=ia64-suse-linux --enable-shared --enable-threads --enable-__cxa_atexit --with-system-zlib --with-system-libunwind --enable-languages=c,ada,c++,fortran,java,objc


Index Nav: [Date Index] [Subject Index] [Author Index] [Thread Index]
Message Nav: [Date Prev] [Date Next] [Thread Prev] [Thread Next]