This is the mail archive of the gcc-testresults@gcc.gnu.org mailing list for the GCC project.


Index Nav: [Date Index] [Subject Index] [Author Index] [Thread Index]
Message Nav: [Date Prev] [Date Next] [Thread Prev] [Thread Next]
Other format: [Raw text]

Results for 4.2.0 20060721 (experimental) testsuite on mipsel-unknown-linux-gnu


LAST_UPDATED: Fri Jul 21 17:14:59 UTC 2006 (revision 115645)

		=== acats tests ===
FAIL:	c35507m
FAIL:	c62003a
FAIL:	c62003b
FAIL:	c64103e
FAIL:	c64103f
FAIL:	c64104j
FAIL:	c64104k
FAIL:	c64104l
FAIL:	c64104m
FAIL:	c64104n
FAIL:	c64104o
FAIL:	c96005d
FAIL:	cb4001a
FAIL:	cc3017c
FAIL:	cc3120a
FAIL:	cd2a23e
FAIL:	cxf3a01
FAIL:	cxf3a02

		=== acats Summary ===
# of expected passes		1943
# of unexpected failures	18
# of unsupported tests		356
Native configuration is mipsel-unknown-linux-gnu

		=== g++ tests ===


Running target unix
FAIL: g++.dg/other/unused1.C scan-assembler stringz?\\t"class2"
FAIL: g++.dg/other/unused1.C scan-assembler stringz?\\t"printer"
FAIL: g++.dg/tree-ssa/ivopts-1.C scan-tree-dump-not &x\\[5\\]
FAIL: g++.old-deja/g++.abi/vtable2.C execution test

		=== g++ Summary ===

# of expected passes		12780
# of unexpected failures	4
# of expected failures		65
# of unsupported tests		111
/build/buildd/gcc-snapshot-20060721/build/gcc/testsuite/g++/../../g++  version 4.2.0 20060721 (experimental)

		=== gcc tests ===


Running target unix
WARNING: program timed out.
FAIL: gcc.c-torture/compile/20001226-1.c  -O2  (test for excess errors)
WARNING: program timed out.
FAIL: gcc.c-torture/compile/20001226-1.c  -O3 -fomit-frame-pointer  (test for excess errors)
WARNING: program timed out.
FAIL: gcc.c-torture/compile/20001226-1.c  -O3 -g  (test for excess errors)
WARNING: program timed out.
FAIL: gcc.c-torture/compile/20001226-1.c  -Os  (test for excess errors)
FAIL: gcc.c-torture/execute/ieee/copysign1.c execution,  -O0 
FAIL: gcc.c-torture/execute/ieee/copysign1.c execution,  -O1 
FAIL: gcc.c-torture/execute/ieee/copysign1.c execution,  -O2 
FAIL: gcc.c-torture/execute/ieee/copysign1.c execution,  -O3 -fomit-frame-pointer 
FAIL: gcc.c-torture/execute/ieee/copysign1.c execution,  -O3 -fomit-frame-pointer -funroll-loops 
FAIL: gcc.c-torture/execute/ieee/copysign1.c execution,  -O3 -fomit-frame-pointer -funroll-all-loops -finline-functions 
FAIL: gcc.c-torture/execute/ieee/copysign1.c execution,  -O3 -g 
FAIL: gcc.c-torture/execute/ieee/copysign1.c execution,  -Os 
FAIL: gcc.c-torture/execute/ieee/mzero6.c compilation,  -O2  (internal compiler error)
UNRESOLVED: gcc.c-torture/execute/ieee/mzero6.c execution,  -O2 
FAIL: gcc.c-torture/execute/ieee/mzero6.c compilation,  -O3 -fomit-frame-pointer  (internal compiler error)
UNRESOLVED: gcc.c-torture/execute/ieee/mzero6.c execution,  -O3 -fomit-frame-pointer 
FAIL: gcc.c-torture/execute/ieee/mzero6.c compilation,  -O3 -fomit-frame-pointer -funroll-loops  (internal compiler error)
UNRESOLVED: gcc.c-torture/execute/ieee/mzero6.c execution,  -O3 -fomit-frame-pointer -funroll-loops 
FAIL: gcc.c-torture/execute/ieee/mzero6.c compilation,  -O3 -fomit-frame-pointer -funroll-all-loops -finline-functions  (internal compiler error)
UNRESOLVED: gcc.c-torture/execute/ieee/mzero6.c execution,  -O3 -fomit-frame-pointer -funroll-all-loops -finline-functions 
FAIL: gcc.c-torture/execute/ieee/mzero6.c compilation,  -O3 -g  (internal compiler error)
UNRESOLVED: gcc.c-torture/execute/ieee/mzero6.c execution,  -O3 -g 
FAIL: gcc.c-torture/execute/ieee/mzero6.c compilation,  -Os  (internal compiler error)
UNRESOLVED: gcc.c-torture/execute/ieee/mzero6.c execution,  -Os 
FAIL: gcc.dg/attr-alias-3.c (test for excess errors)
FAIL: gcc.dg/fold-cond-1.c scan-tree-dump-times \\(g \\| h\\) != 0 1
FAIL: largefile.c -O0 -g (test for excess errors)
FAIL: largefile.c  -O0  (test for excess errors)
FAIL: largefile.c  -O1  (test for excess errors)
FAIL: largefile.c  -O2  (test for excess errors)
FAIL: largefile.c  -O3 -fomit-frame-pointer  (test for excess errors)
FAIL: largefile.c  -O3 -g  (test for excess errors)
FAIL: largefile.c  -Os  (test for excess errors)
XPASS: gcc.dg/tree-ssa/20040204-1.c scan-tree-dump-times link_error 0

		=== gcc Summary ===

# of expected passes		39643
# of unexpected failures	27
# of unexpected successes	1
# of expected failures		79
# of unresolved testcases	6
# of untested testcases		35
# of unsupported tests		320
/build/buildd/gcc-snapshot-20060721/build/gcc/xgcc  version 4.2.0 20060721 (experimental)

		=== gfortran tests ===


Running target unix

		=== gfortran Summary ===

# of expected passes		13509
# of expected failures		14
# of unsupported tests		83
/build/buildd/gcc-snapshot-20060721/build/gcc/testsuite/gfortran/../../gfortran  version 4.2.0 20060721 (experimental)

		=== gnat tests ===


Running target unix

		=== gnat Summary ===

# of expected passes		20
		=== obj-c++ tests ===


Running target unix
FAIL: obj-c++.dg/bitfield-1.mm (internal compiler error)
FAIL: obj-c++.dg/bitfield-1.mm (test for excess errors)
UNRESOLVED: obj-c++.dg/bitfield-1.mm compilation failed to produce executable
FAIL: obj-c++.dg/comp-types-10.mm (internal compiler error)
FAIL: obj-c++.dg/comp-types-10.mm (test for excess errors)
FAIL: obj-c++.dg/cxx-ivars-2.mm execution test
FAIL: obj-c++.dg/encode-3.mm (test for excess errors)
FAIL: obj-c++.dg/encode-8.mm execution test
FAIL: obj-c++.dg/isa-field-1.mm (test for excess errors)
FAIL: obj-c++.dg/lookup-2.mm (test for excess errors)
UNRESOLVED: obj-c++.dg/lookup-2.mm compilation failed to produce executable
FAIL: obj-c++.dg/try-catch-2.mm (test for excess errors)
UNRESOLVED: obj-c++.dg/try-catch-2.mm compilation failed to produce executable
FAIL: obj-c++.dg/try-catch-9.mm (internal compiler error)
FAIL: obj-c++.dg/try-catch-9.mm (test for excess errors)
UNRESOLVED: obj-c++.dg/try-catch-9.mm compilation failed to produce executable

		=== obj-c++ Summary ===

# of expected passes		425
# of unexpected failures	12
# of unresolved testcases	4
# of unsupported tests		13
/build/buildd/gcc-snapshot-20060721/build/gcc/testsuite/obj-c++/../../g++  version 4.2.0 20060721 (experimental)

		=== objc tests ===


Running target unix
FAIL: objc.dg/stabs-1.m scan-assembler (.SUBSPA.*[\$]CODE[\$]|.text"?)\\n\\t.stabs.*100,0,0,(\\\\.)?L?L[\$]?etext[0-9]*\\n(\\\\.)?L?L[\$]?etext

		=== objc Summary ===

# of expected passes		1753
# of unexpected failures	1
# of expected failures		7
# of unsupported tests		24
/build/buildd/gcc-snapshot-20060721/build/gcc/xgcc  version 4.2.0 20060721 (experimental)

		=== treelang tests ===


Running target unix

		=== treelang Summary ===

# of expected passes		50
		=== libffi tests ===


Running target unix

		=== libffi Summary ===

# of expected passes		1072
# of unsupported tests		8
		=== libgomp tests ===


Running target unix

		=== libgomp Summary ===

# of expected passes		1268
# of unsupported tests		116
		=== libjava tests ===


Running target unix
FAIL: newarray_overflow compilation from source
FAIL: newarray_overflow byte compilation
FAIL: newarray_overflow byte compilation
FAIL: newarray_overflow -O3 compilation from source
FAIL: newarray_overflow byte compilation
FAIL: newarray_overflow byte compilation

		=== libjava Summary ===

# of expected passes		6899
# of unexpected failures	6
# of expected failures		12
# of untested testcases		24
		=== libmudflap tests ===


Running target unix

		=== libmudflap Summary ===

# of expected passes		1814
		=== libstdc++ tests ===


Running target unix
XPASS: 26_numerics/cmath/c99_classification_macros_c.cc (test for excess errors)
WARNING: program timed out.
FAIL: ext/pb_ds/regression/tree_data_map_rand.cc (test for excess errors)
UNRESOLVED: ext/pb_ds/regression/tree_data_map_rand.cc compilation failed to produce executable
WARNING: program timed out.
FAIL: ext/pb_ds/regression/tree_no_data_map_rand.cc (test for excess errors)
UNRESOLVED: ext/pb_ds/regression/tree_no_data_map_rand.cc compilation failed to produce executable

		=== libstdc++ Summary ===

# of expected passes		3687
# of unexpected failures	2
# of unexpected successes	1
# of expected failures		13
# of unresolved testcases	2
# of unsupported tests		319

Compiler version: 4.2.0 20060721 (experimental) 
Platform: mipsel-unknown-linux-gnu
configure flags: -v --prefix=/usr/lib/gcc-snapshot --enable-shared --with-system-zlib --disable-nls --enable-__cxa_atexit --enable-clocale=gnu --enable-libstdcxx-debug --enable-java-awt=gtk,qt --enable-gtk-cairo --with-java-home=/usr/lib/gcc-snapshot/jre --enable-objc-gc --enable-mpfr --disable-werror mipsel-linux-gnu --enable-languages=c,ada,c++,fortran,java,objc,obj-c++,treelang
BOOT_CFLAGS=-O2


Build Dependencies:
Desired=Unknown/Install/Remove/Purge/Hold
| Status=Not/Installed/Config-files/Unpacked/Failed-config/Half-installed
|/ Err?=(none)/Hold/Reinst-required/X=both-problems (Status,Err: uppercase=bad)
||/ Name           Version        Description
+++-==============-==============-==============================================
ii  binutils       2.17-1         The GNU assembler, linker and binary utilities


Patches that Debian applied in this version:

cpu-default-i486:
  set default 32bit ix86 architecture to i486

reporting:
  Add Debian URL for bug reporting instructions.

gcc-ice-hack:
  2004-01-23  Jakub Jelinek  <jakub@redhat.com>
  
  	* system.h (ICE_EXIT_CODE): Define.
  	* gcc.c (execute): Don't free first string early, but at the end
  	of the function.  Call retry_ice if compiler exited with
  	ICE_EXIT_CODE.
  	(retry_ice): New function.
  	* diagnostic.c (diagnostic_count_diagnostic,
  	diagnostic_action_after_output, error_recursion): Exit with
  	ICE_EXIT_CODE instead of FATAL_EXIT_CODE.

multiarch-include:
  biarch-include.dpatch
  
  Adds biarch include directories
  /usr/local/include/<arch>-linux-gnu
  /usr/include/<arch>-linux-gnu
  to the system include paths, depending on 32/64 bit mode.

libjava-qt-peer:
  Add standard C++ include directores when building the QT peer library.

ada-driver-check:
  Simplify Ada driver check (we always build using the required
  Ada version. Needed for warnings on alpha.

Counting all warnings,
there are 0 warnings in stage3 of this bootstrap.

Number of warnings per file:

Number of warning types:


Index Nav: [Date Index] [Subject Index] [Author Index] [Thread Index]
Message Nav: [Date Prev] [Date Next] [Thread Prev] [Thread Next]