This is the mail archive of the gcc-testresults@gcc.gnu.org mailing list for the GCC project.


Index Nav: [Date Index] [Subject Index] [Author Index] [Thread Index]
Message Nav: [Date Prev] [Date Next] [Thread Prev] [Thread Next]
Other format: [Raw text]

Results for 4.2.0 20060719 (experimental) testsuite on hppa64-hp-hpux11.00


LAST_UPDATED: Wed Jul 19 02:13:43 UTC 2006 (revision 115576M)

Native configuration is hppa64-hp-hpux11.00

		=== g++ tests ===


Running target unix

		=== g++ Summary ===

# of expected passes		12052
# of expected failures		70
# of unsupported tests		140
/home/gnu/gcc/objdir/gcc/testsuite/g++/../../g++  version 4.2.0 20060719 (experimental)

		=== gcc tests ===


Running target unix
WARNING: program timed out.
FAIL: gcc.c-torture/compile/20001226-1.c  -O0  (test for excess errors)
WARNING: program timed out.
FAIL: gcc.c-torture/compile/20001226-1.c  -O1  (test for excess errors)
WARNING: program timed out.
FAIL: gcc.c-torture/compile/20001226-1.c  -O2  (test for excess errors)
WARNING: program timed out.
FAIL: gcc.c-torture/compile/20001226-1.c  -O3 -fomit-frame-pointer  (test for excess errors)
WARNING: program timed out.
FAIL: gcc.c-torture/compile/20001226-1.c  -O3 -g  (test for excess errors)
WARNING: program timed out.
FAIL: gcc.c-torture/compile/20001226-1.c  -Os  (test for excess errors)
XPASS: gcc.dg/cpp/cmdlne-dI-M.c scan-file (^|\\\\n)cmdlne-dI-M.*:[^\\\\n]*cmdlne-dI-M.c
XPASS: gcc.dg/cpp/cmdlne-dM-M.c scan-file (^|\\\\n)cmdlne-dM-M[^\\\\n]*:[^\\\\n]*cmdlne-dM-M.c
XPASS: gcc.dg/funcorder.c scan-assembler-not link_error,%r
FAIL: gcc.dg/pr28402.c (test for excess errors)
ERROR: gcc.dg/pr28402.c: error executing dg-final: couldn't open "pr28402.s": no such file or directory
UNRESOLVED: gcc.dg/pr28402.c: error executing dg-final: couldn't open "pr28402.s": no such file or directory
FAIL: gcc.dg/torture/asm-subreg-1.c  -O1  (test for excess errors)
FAIL: gcc.dg/torture/asm-subreg-1.c  -O2  (test for excess errors)
FAIL: gcc.dg/torture/asm-subreg-1.c  -O3 -fomit-frame-pointer  (test for excess errors)
FAIL: gcc.dg/torture/asm-subreg-1.c  -O3 -g  (test for excess errors)
FAIL: gcc.dg/torture/asm-subreg-1.c  -Os  (test for excess errors)
WARNING: program timed out.
FAIL: gcc.dg/torture/fp-int-convert-long-double.c  -O2  (test for excess errors)
WARNING: gcc.dg/torture/fp-int-convert-long-double.c  -O2  compilation failed to produce executable
WARNING: program timed out.
FAIL: gcc.dg/torture/fp-int-convert-long-double.c  -O3 -fomit-frame-pointer  (test for excess errors)
WARNING: gcc.dg/torture/fp-int-convert-long-double.c  -O3 -fomit-frame-pointer  compilation failed to produce executable
WARNING: program timed out.
FAIL: gcc.dg/torture/fp-int-convert-long-double.c  -O3 -g  (test for excess errors)
WARNING: gcc.dg/torture/fp-int-convert-long-double.c  -O3 -g  compilation failed to produce executable
WARNING: program timed out.
FAIL: gcc.dg/torture/fp-int-convert-long-double.c  -Os  (test for excess errors)
WARNING: gcc.dg/torture/fp-int-convert-long-double.c  -Os  compilation failed to produce executable

		=== gcc Summary ===

# of expected passes		38662
# of unexpected failures	16
# of unexpected successes	3
# of expected failures		80
# of unresolved testcases	1
# of untested testcases		28
# of unsupported tests		416
/home/gnu/gcc/objdir/gcc/xgcc  version 4.2.0 20060719 (experimental)

		=== gfortran tests ===


Running target unix
FAIL: gfortran.dg/actual_array_constructor_1.f90  -O0  (internal compiler error)
FAIL: gfortran.dg/actual_array_constructor_1.f90  -O0  (test for excess errors)
WARNING: gfortran.dg/actual_array_constructor_1.f90  -O0  compilation failed to produce executable
FAIL: gfortran.dg/actual_array_constructor_2.f90  -O0  (internal compiler error)
FAIL: gfortran.dg/actual_array_constructor_2.f90  -O0  (test for excess errors)
WARNING: gfortran.dg/actual_array_constructor_2.f90  -O0  compilation failed to produce executable
FAIL: gfortran.dg/actual_array_substr_1.f90  -O0  (internal compiler error)
FAIL: gfortran.dg/actual_array_substr_1.f90  -O0  (test for excess errors)
WARNING: gfortran.dg/actual_array_substr_1.f90  -O0  compilation failed to produce executable
FAIL: gfortran.dg/actual_array_substr_2.f90  -O0  (internal compiler error)
FAIL: gfortran.dg/actual_array_substr_2.f90  -O0  (test for excess errors)
WARNING: gfortran.dg/actual_array_substr_2.f90  -O0  compilation failed to produce executable
FAIL: gfortran.dg/auto_char_pointer_array_result_1.f90  -O0  (internal compiler error)
FAIL: gfortran.dg/auto_char_pointer_array_result_1.f90  -O0  (test for excess errors)
WARNING: gfortran.dg/auto_char_pointer_array_result_1.f90  -O0  compilation failed to produce executable
FAIL: gfortran.dg/auto_pointer_array_result_1.f90  -O0  (internal compiler error)
FAIL: gfortran.dg/auto_pointer_array_result_1.f90  -O0  (test for excess errors)
WARNING: gfortran.dg/auto_pointer_array_result_1.f90  -O0  compilation failed to produce executable
FAIL: gfortran.dg/character_array_constructor_1.f90  -O0  (internal compiler error)
FAIL: gfortran.dg/character_array_constructor_1.f90  -O0  (test for excess errors)
WARNING: gfortran.dg/character_array_constructor_1.f90  -O0  compilation failed to produce executable
FAIL: gfortran.dg/pr15324.f90  -O0  (internal compiler error)
FAIL: gfortran.dg/pr15324.f90  -O0  (test for excess errors)
WARNING: gfortran.dg/pr15324.f90  -O0  compilation failed to produce executable
FAIL: gfortran.dg/pr17612.f90  -O0  (internal compiler error)
FAIL: gfortran.dg/pr17612.f90  -O0  (test for excess errors)
WARNING: gfortran.dg/pr17612.f90  -O0  compilation failed to produce executable
FAIL: gfortran.dg/secnds.f  -O0  execution test
FAIL: gfortran.fortran-torture/execute/pr19269-1.f90,  -O0  (internal compiler error)
FAIL: gfortran.fortran-torture/execute/strarray_3.f90,  -O0  (internal compiler error)
FAIL: gfortran.fortran-torture/execute/strarray_4.f90,  -O0  (internal compiler error)

		=== gfortran Summary ===

# of expected passes		13423
# of unexpected failures	22
# of expected failures		6
# of unsupported tests		97
/home/gnu/gcc/objdir/gcc/testsuite/gfortran/../../gfortran  version 4.2.0 20060719 (experimental)

		=== objc tests ===


Running target unix

		=== objc Summary ===

# of expected passes		1752
# of expected failures		7
# of unsupported tests		25
/home/gnu/gcc/objdir/gcc/xgcc  version 4.2.0 20060719 (experimental)

		=== libgomp tests ===


Running target unix
FAIL: libgomp.fortran/vla1.f90  -O0  (internal compiler error)
FAIL: libgomp.fortran/vla1.f90  -O0  (test for excess errors)
WARNING: libgomp.fortran/vla1.f90  -O0  compilation failed to produce executable
FAIL: libgomp.fortran/vla2.f90  -O0  (internal compiler error)
FAIL: libgomp.fortran/vla2.f90  -O0  (test for excess errors)
WARNING: libgomp.fortran/vla2.f90  -O0  compilation failed to produce executable
FAIL: libgomp.fortran/vla3.f90  -O0  (internal compiler error)
FAIL: libgomp.fortran/vla3.f90  -O0  (test for excess errors)
WARNING: libgomp.fortran/vla3.f90  -O0  compilation failed to produce executable
FAIL: libgomp.fortran/vla4.f90  -O0  (internal compiler error)
FAIL: libgomp.fortran/vla4.f90  -O0  (test for excess errors)
WARNING: libgomp.fortran/vla4.f90  -O0  compilation failed to produce executable
FAIL: libgomp.fortran/vla5.f90  -O0  (internal compiler error)
FAIL: libgomp.fortran/vla5.f90  -O0  (test for excess errors)
WARNING: libgomp.fortran/vla5.f90  -O0  compilation failed to produce executable
FAIL: libgomp.fortran/vla6.f90  -O0  (internal compiler error)
FAIL: libgomp.fortran/vla6.f90  -O0  (test for excess errors)
WARNING: libgomp.fortran/vla6.f90  -O0  compilation failed to produce executable
FAIL: libgomp.fortran/vla7.f90  -O0  (internal compiler error)
FAIL: libgomp.fortran/vla7.f90  -O0  (test for excess errors)
WARNING: libgomp.fortran/vla7.f90  -O0  compilation failed to produce executable

		=== libgomp Summary ===

# of expected passes		1252
# of unexpected failures	14
# of unsupported tests		118
		=== libstdc++ tests ===


Running target unix
WARNING: program timed out.
FAIL: ext/pb_ds/regression/hash_data_map_rand.cc (test for excess errors)
WARNING: ext/pb_ds/regression/hash_data_map_rand.cc compilation failed to produce executable
WARNING: program timed out.
FAIL: ext/pb_ds/regression/hash_no_data_map_rand.cc (test for excess errors)
WARNING: ext/pb_ds/regression/hash_no_data_map_rand.cc compilation failed to produce executable
WARNING: program timed out.
FAIL: ext/pb_ds/regression/list_update_data_map_rand.cc (test for excess errors)
WARNING: ext/pb_ds/regression/list_update_data_map_rand.cc compilation failed to produce executable
WARNING: program timed out.
FAIL: ext/pb_ds/regression/priority_queue_rand.cc (test for excess errors)
WARNING: ext/pb_ds/regression/priority_queue_rand.cc compilation failed to produce executable
WARNING: program timed out.
FAIL: ext/pb_ds/regression/tree_data_map_rand.cc (test for excess errors)
WARNING: ext/pb_ds/regression/tree_data_map_rand.cc compilation failed to produce executable
WARNING: program timed out.
FAIL: ext/pb_ds/regression/tree_no_data_map_rand.cc (test for excess errors)
WARNING: ext/pb_ds/regression/tree_no_data_map_rand.cc compilation failed to produce executable
WARNING: program timed out.
FAIL: ext/pb_ds/regression/trie_data_map_rand.cc (test for excess errors)
WARNING: ext/pb_ds/regression/trie_data_map_rand.cc compilation failed to produce executable
WARNING: program timed out.
FAIL: ext/pb_ds/regression/trie_no_data_map_rand.cc (test for excess errors)
WARNING: ext/pb_ds/regression/trie_no_data_map_rand.cc compilation failed to produce executable

		=== libstdc++ Summary ===

# of expected passes		2861
# of unexpected failures	8
# of expected failures		11
# of unsupported tests		145

Compiler version: 4.2.0 20060719 (experimental) 
Platform: hppa64-hp-hpux11.00
configure flags: --with-gnu-as --with-as=/opt/gnu64/bin/as --with-ld=/usr/ccs/bin/ld --enable-shared --with-local-prefix=/opt/gnu64 --prefix=/opt/gnu64/gcc/gcc-4.2.0 --host=hppa64-hp-hpux11.00 --disable-nls --with-gmp=/opt/gnu64/gcc/gcc-4.2.0 --enable-languages=c,c++,fortran,java,objc


Index Nav: [Date Index] [Subject Index] [Author Index] [Thread Index]
Message Nav: [Date Prev] [Date Next] [Thread Prev] [Thread Next]