This is the mail archive of the gcc-testresults@gcc.gnu.org mailing list for the GCC project.


Index Nav: [Date Index] [Subject Index] [Author Index] [Thread Index]
Message Nav: [Date Prev] [Date Next] [Thread Prev] [Thread Next]
Other format: [Raw text]

Results for 4.2.0 20060723 (experimental) testsuite on s390-ibm-linux-gnu


LAST_UPDATED: Sun Jul 23 02:16:10 UTC 2006 (revision 115683)

Native configuration is s390-ibm-linux-gnu

		=== g++ tests ===


Running target unix

		=== g++ Summary ===

# of expected passes		12784
# of expected failures		65
# of unsupported tests		110
/build/BUILD/gcc/obj-s390-redhat-linux/gcc/testsuite/g++/../../g++  version 4.2.0 20060723 (experimental)

		=== gcc tests ===


Running target unix
XPASS: gcc.dg/cpp/cmdlne-dI-M.c scan-file (^|\\\\n)cmdlne-dI-M.*:[^\\\\n]*cmdlne-dI-M.c
XPASS: gcc.dg/cpp/cmdlne-dM-M.c scan-file (^|\\\\n)cmdlne-dM-M[^\\\\n]*:[^\\\\n]*cmdlne-dM-M.c
FAIL: gcc.dg/fold-cond-1.c scan-tree-dump-times \\(g \\| h\\) != 0 1
XPASS: gcc.dg/tree-ssa/20040204-1.c scan-tree-dump-times link_error 0

		=== gcc Summary ===

# of expected passes		39489
# of unexpected failures	1
# of unexpected successes	3
# of expected failures		77
# of untested testcases		28
# of unsupported tests		338
/build/BUILD/gcc/obj-s390-redhat-linux/gcc/xgcc  version 4.2.0 20060723 (experimental)

		=== gfortran tests ===


Running target unix
FAIL: gfortran.dg/char_result_6.f90 execution test
FAIL: gfortran.dg/char_result_6.f90 execution test
FAIL: gfortran.dg/char_result_6.f90 execution test
FAIL: gfortran.fortran-torture/execute/where_16.f90 execution,  -O3 -fomit-frame-pointer 
FAIL: gfortran.fortran-torture/execute/where_16.f90 execution,  -O3 -fomit-frame-pointer -funroll-loops 
FAIL: gfortran.fortran-torture/execute/where_16.f90 execution,  -O3 -fomit-frame-pointer -funroll-all-loops -finline-functions 
FAIL: gfortran.fortran-torture/execute/where_16.f90 execution,  -O3 -g 

		=== gfortran Summary ===

# of expected passes		13518
# of unexpected failures	7
# of expected failures		14
# of unsupported tests		83
/build/BUILD/gcc/obj-s390-redhat-linux/gcc/testsuite/gfortran/../../gfortran  version 4.2.0 20060723 (experimental)

		=== obj-c++ tests ===


Running target unix
FAIL: obj-c++.dg/cxx-ivars-2.mm execution test
FAIL: obj-c++.dg/encode-3.mm (test for excess errors)
FAIL: obj-c++.dg/encode-8.mm execution test
FAIL: obj-c++.dg/isa-field-1.mm (test for excess errors)
FAIL: obj-c++.dg/lookup-2.mm (test for excess errors)
WARNING: obj-c++.dg/lookup-2.mm compilation failed to produce executable
FAIL: obj-c++.dg/try-catch-2.mm (test for excess errors)
WARNING: obj-c++.dg/try-catch-2.mm compilation failed to produce executable
FAIL: obj-c++.dg/try-catch-9.mm (test for excess errors)
WARNING: obj-c++.dg/try-catch-9.mm compilation failed to produce executable

		=== obj-c++ Summary ===

# of expected passes		428
# of unexpected failures	7
# of unsupported tests		13
/build/BUILD/gcc/obj-s390-redhat-linux/gcc/testsuite/obj-c++/../../g++  version 4.2.0 20060723 (experimental)

		=== objc tests ===


Running target unix

		=== objc Summary ===

# of expected passes		1754
# of expected failures		7
# of unsupported tests		24
/build/BUILD/gcc/obj-s390-redhat-linux/gcc/xgcc  version 4.2.0 20060723 (experimental)

		=== libffi tests ===


Running target unix

		=== libffi Summary ===

# of expected passes		1072
# of unsupported tests		8
		=== libgomp tests ===


Running target unix

		=== libgomp Summary ===

# of expected passes		1500
		=== libjava tests ===


Running target unix

		=== libjava Summary ===

# of expected passes		6929
# of expected failures		12
# of untested testcases		8
		=== libmudflap tests ===


Running target unix

		=== libmudflap Summary ===

# of expected passes		1814
		=== libstdc++ tests ===


Running target unix
XPASS: 26_numerics/cmath/c99_classification_macros_c.cc (test for excess errors)

		=== libstdc++ Summary ===

# of expected passes		1546
# of unexpected successes	1
# of expected failures		6
# of unsupported tests		4

Compiler version: 4.2.0 20060723 (experimental) 
Platform: s390-ibm-linux-gnu
configure flags: --prefix=/usr --mandir=/usr/share/man --infodir=/usr/share/info --enable-shared --enable-threads=posix --enable-checking=release --with-system-zlib --enable-__cxa_atexit --disable-libunwind-exceptions --host=s390-redhat-linux --enable-languages=c,c++,fortran,java,objc,obj-c++


Index Nav: [Date Index] [Subject Index] [Author Index] [Thread Index]
Message Nav: [Date Prev] [Date Next] [Thread Prev] [Thread Next]