This is the mail archive of the gcc-testresults@gcc.gnu.org mailing list for the GCC project.


Index Nav: [Date Index] [Subject Index] [Author Index] [Thread Index]
Message Nav: [Date Prev] [Date Next] [Thread Prev] [Thread Next]
Other format: [Raw text]

Results for 4.1.1 testsuite on i686-pc-linux-gnu


My commentary:
ns@omega:~> uname -a
Linux omega 2.6.16.20-2-bigsmp #1 SMP Mon Jun 19 22:25:45 UTC 2006 i686 i686 i386 GNU/Linux

3GB RAM   88GB harddisk free

I set CC to /usr/bin/gcc

ns@omega:~> gcc --version
gcc (GCC) 4.1.2 20060705 (prerelease) (SUSE Linux)
Copyright (C) 2006 Free Software Foundation, Inc.
This is free software; see the source for copying conditions.  There is NO
warranty; not even for MERCHANTABILITY or FITNESS FOR A PARTICULAR PURPOSE.

I set installation to happen into /home/ns/Programs with the intension of
compiling programs in my home directory so as not to interfere with the
SUSE 10.2alpha2 system, which is changing fairly rapidly. As SUSE had
compiled gcc, it lacked FORTRAN, necessary for some programs I'd like to
work with...

Many thanks,

Nicholas Spies
nspies@pivot.netLAST_UPDATED: Obtained from SVN: tags/gcc_4_1_1_release revision 114100

Native configuration is i686-pc-linux-gnu

		=== gcc tests ===


Running target unix
FAIL: gcc.dg/cleanup-10.c execution test
FAIL: gcc.dg/cleanup-11.c execution test
FAIL: gcc.dg/cleanup-8.c execution test
FAIL: gcc.dg/cleanup-9.c execution test
FAIL: gcc.dg/vect/pr20122.c scan-tree-dump-times vectorized 1 loops 2

		=== gcc Summary ===

# of expected passes		38357
# of unexpected failures	5
# of expected failures		101
# of untested testcases		28
# of unsupported tests		243
/home/ns/Downloads/gcc411/gcc-4.1.1/build/gcc/xgcc  version 4.1.1

		=== gfortran tests ===


Running target unix
XPASS: gfortran.dg/csqrt_2.f  -O0  execution test
XPASS: gfortran.dg/csqrt_2.f  -O1  execution test
XPASS: gfortran.dg/csqrt_2.f  -O2  execution test
XPASS: gfortran.dg/csqrt_2.f  -O3 -fomit-frame-pointer  execution test
XPASS: gfortran.dg/csqrt_2.f  -O3 -fomit-frame-pointer -funroll-loops  execution test
XPASS: gfortran.dg/csqrt_2.f  -O3 -fomit-frame-pointer -funroll-all-loops -finline-functions  execution test
XPASS: gfortran.dg/csqrt_2.f  -O3 -g  execution test
XPASS: gfortran.dg/csqrt_2.f  -Os  execution test

		=== gfortran Summary ===

# of expected passes		12509
# of unexpected successes	8
# of expected failures		5
# of unsupported tests		16
/home/ns/Downloads/gcc411/gcc-4.1.1/build/gcc/testsuite/gfortran/../../gfortran  version 4.1.1

		=== g++ tests ===


Running target unix
XPASS: g++.dg/tree-ssa/pr14814.C scan-tree-dump-times &this 0

		=== g++ Summary ===

# of expected passes		12093
# of unexpected successes	1
# of expected failures		67
# of unsupported tests		66
/home/ns/Downloads/gcc411/gcc-4.1.1/build/gcc/testsuite/g++/../../g++  version 4.1.1

		=== objc tests ===


Running target unix

		=== objc Summary ===

# of expected passes		1686
# of unsupported tests		22
/home/ns/Downloads/gcc411/gcc-4.1.1/build/gcc/xgcc  version 4.1.1

		=== libmudflap tests ===


Running target unix

		=== libmudflap Summary ===

# of expected passes		1799
		=== libstdc++ tests ===


Running target unix
XPASS: 26_numerics/cmath/c99_classification_macros_c.cc (test for excess errors)

		=== libstdc++ Summary ===

# of expected passes		4034
# of unexpected successes	1
# of expected failures		12
# of unsupported tests		4

Compiler version: 4.1.1 
Platform: i686-pc-linux-gnu
configure flags: --prefix=/home/ns/Programs/ --enable-threads --enable-languages=c,c++,fortran,objc


Index Nav: [Date Index] [Subject Index] [Author Index] [Thread Index]
Message Nav: [Date Prev] [Date Next] [Thread Prev] [Thread Next]