This is the mail archive of the gcc-testresults@gcc.gnu.org mailing list for the GCC project.


Index Nav: [Date Index] [Subject Index] [Author Index] [Thread Index]
Message Nav: [Date Prev] [Date Next] [Thread Prev] [Thread Next]
Other format: [Raw text]

Results for 4.2.0 20060723 (experimental) testsuite on powerpc64-unknown-linux-gnu


Linux 2.4.21-17.EL ppc64
GNU C Library stable release version 2.3.2
GNU ld version 2.16.1
GNU assembler 2.16.1
GNU Make version 3.79.1

DejaGnu:
	Expect version is	5.43.0
	Tcl version is		8.4
	Framework version is	1.4.4

32-bit biarch default32

LAST_UPDATED: Sun Jul 23 01:12:42 UTC 2006 (revision 115683)

Native configuration is powerpc64-unknown-linux-gnu

		=== g++ tests ===


Running target unix/-m32
FAIL: g++.old-deja/g++.other/comdat5.C (test for excess errors)

		=== g++ Summary for unix/-m32 ===

# of expected passes		13671
# of unexpected failures	1
# of expected failures		65
# of unsupported tests		95

Running target unix/-m64

		=== g++ Summary for unix/-m64 ===

# of expected passes		13634
# of expected failures		65
# of unsupported tests		98

		=== g++ Summary ===

# of expected passes		27305
# of unexpected failures	1
# of expected failures		130
# of unsupported tests		193
/home/gccbuild/build/nightly/build-gcc-trunk/gcc/testsuite/g++/../../g++  version 4.2.0 20060723 (experimental)

		=== gcc tests ===


Running target unix/-m32

		=== gcc Summary for unix/-m32 ===

# of expected passes		42653
# of expected failures		111
# of untested testcases		28
# of unsupported tests		365

Running target unix/-m64
XPASS: gcc.dg/tree-ssa/sra-2.c scan-tree-dump-times link_error 0
FAIL: gcc.target/powerpc/ppc-negeq0-1.c scan-assembler-not cntlzw

		=== gcc Summary for unix/-m64 ===

# of expected passes		42503
# of unexpected failures	1
# of unexpected successes	1
# of expected failures		111
# of untested testcases		28
# of unsupported tests		432

		=== gcc Summary ===

# of expected passes		85156
# of unexpected failures	1
# of unexpected successes	1
# of expected failures		222
# of untested testcases		56
# of unsupported tests		797
/home/gccbuild/build/nightly/build-gcc-trunk/gcc/xgcc  version 4.2.0 20060723 (experimental)

		=== gfortran tests ===


Running target unix/-m32

		=== gfortran Summary for unix/-m32 ===

# of expected passes		13544
# of expected failures		15
# of unsupported tests		83

Running target unix/-m64
XPASS: gfortran.dg/vect/vect-5.f90  -O  scan-tree-dump-times vectorized 2 loops 1
XPASS: gfortran.dg/vect/vect-5.f90  -O  scan-tree-dump-times Alignment of access forced using peeling 1
XPASS: gfortran.dg/vect/vect-5.f90  -O  scan-tree-dump-times Vectorizing an unaligned access 2

		=== gfortran Summary for unix/-m64 ===

# of expected passes		13573
# of unexpected successes	3
# of expected failures		15
# of unsupported tests		67

		=== gfortran Summary ===

# of expected passes		27117
# of unexpected successes	3
# of expected failures		30
# of unsupported tests		150
/home/gccbuild/build/nightly/build-gcc-trunk/gcc/testsuite/gfortran/../../gfortran  version 4.2.0 20060723 (experimental)

		=== obj-c++ tests ===


Running target unix/-m32
FAIL: obj-c++.dg/comp-types-10.mm (internal compiler error)
FAIL: obj-c++.dg/comp-types-10.mm (test for excess errors)
FAIL: obj-c++.dg/cxx-ivars-2.mm execution test
FAIL: obj-c++.dg/encode-3.mm (test for excess errors)
FAIL: obj-c++.dg/encode-8.mm execution test
FAIL: obj-c++.dg/isa-field-1.mm (test for excess errors)
FAIL: obj-c++.dg/lookup-2.mm (test for excess errors)
WARNING: obj-c++.dg/lookup-2.mm compilation failed to produce executable
FAIL: obj-c++.dg/try-catch-2.mm (test for excess errors)
WARNING: obj-c++.dg/try-catch-2.mm compilation failed to produce executable
FAIL: obj-c++.dg/try-catch-9.mm (internal compiler error)
FAIL: obj-c++.dg/try-catch-9.mm (test for excess errors)
WARNING: obj-c++.dg/try-catch-9.mm compilation failed to produce executable

		=== obj-c++ Summary for unix/-m32 ===

# of expected passes		427
# of unexpected failures	10
# of unsupported tests		13

Running target unix/-m64
FAIL: obj-c++.dg/bitfield-1.mm (test for excess errors)
FAIL: obj-c++.dg/bitfield-4.mm (test for excess errors)
FAIL: obj-c++.dg/comp-types-10.mm (internal compiler error)
FAIL: obj-c++.dg/comp-types-10.mm (test for excess errors)
FAIL: obj-c++.dg/cxx-ivars-2.mm execution test
FAIL: obj-c++.dg/encode-3.mm (test for excess errors)
FAIL: obj-c++.dg/encode-3.mm execution test
FAIL: obj-c++.dg/encode-8.mm execution test
FAIL: obj-c++.dg/isa-field-1.mm (test for excess errors)
FAIL: obj-c++.dg/layout-1.mm (test for excess errors)
FAIL: obj-c++.dg/lookup-2.mm (test for excess errors)
WARNING: obj-c++.dg/lookup-2.mm compilation failed to produce executable
FAIL: obj-c++.dg/try-catch-2.mm (test for excess errors)
WARNING: obj-c++.dg/try-catch-2.mm compilation failed to produce executable
FAIL: obj-c++.dg/try-catch-9.mm (internal compiler error)
FAIL: obj-c++.dg/try-catch-9.mm (test for excess errors)
WARNING: obj-c++.dg/try-catch-9.mm compilation failed to produce executable

		=== obj-c++ Summary for unix/-m64 ===

# of expected passes		423
# of unexpected failures	14
# of unsupported tests		13

		=== obj-c++ Summary ===

# of expected passes		850
# of unexpected failures	24
# of unsupported tests		26
/home/gccbuild/build/nightly/build-gcc-trunk/gcc/testsuite/obj-c++/../../g++  version 4.2.0 20060723 (experimental)

		=== objc tests ===


Running target unix/-m32

		=== objc Summary for unix/-m32 ===

# of expected passes		1754
# of expected failures		7
# of unsupported tests		24

Running target unix/-m64

		=== objc Summary for unix/-m64 ===

# of expected passes		1754
# of expected failures		7
# of unsupported tests		24

		=== objc Summary ===

# of expected passes		3508
# of expected failures		14
# of unsupported tests		48
/home/gccbuild/build/nightly/build-gcc-trunk/gcc/xgcc  version 4.2.0 20060723 (experimental)

		=== libgomp tests ===


Running target unix/-m32

		=== libgomp Summary for unix/-m32 ===

# of expected passes		1500

Running target unix/-m64

		=== libgomp Summary for unix/-m64 ===

# of expected passes		1500

		=== libgomp Summary ===

# of expected passes		3000
		=== libmudflap tests ===


Running target unix/-m32

		=== libmudflap Summary for unix/-m32 ===

# of expected passes		1814

Running target unix/-m64
FAIL: libmudflap.c/fail27-frag.c output pattern test
FAIL: libmudflap.c/fail27-frag.c (-O2) output pattern test
FAIL: libmudflap.c/fail27-frag.c (-O3) output pattern test

		=== libmudflap Summary for unix/-m64 ===

# of expected passes		1811
# of unexpected failures	3

		=== libmudflap Summary ===

# of expected passes		3625
# of unexpected failures	3
		=== libstdc++ tests ===


Running target unix/-m32
FAIL: abi_check
XPASS: 26_numerics/cmath/c99_classification_macros_c.cc (test for excess errors)

		=== libstdc++ Summary for unix/-m32 ===

# of expected passes		4320
# of unexpected failures	1
# of unexpected successes	1
# of expected failures		13
# of unsupported tests		4

Running target unix/-m64
FAIL: abi_check
XPASS: 26_numerics/cmath/c99_classification_macros_c.cc (test for excess errors)
FAIL: 26_numerics/complex/13450.cc execution test
XPASS: 27_io/fpos/14320-1.cc execution test

		=== libstdc++ Summary for unix/-m64 ===

# of expected passes		4319
# of unexpected failures	2
# of unexpected successes	2
# of expected failures		12
# of unsupported tests		4

		=== libstdc++ Summary ===

# of expected passes		8639
# of unexpected failures	3
# of unexpected successes	3
# of expected failures		25
# of unsupported tests		8

Compiler version: 4.2.0 20060723 (experimental) 
Platform: powerpc64-unknown-linux-gnu
configure flags: --prefix=/opt/gcc-nightly/trunk-20060723 --build=powerpc64-linux --host=powerpc64-linux --target=powerpc64-linux --with-cpu=default32 --with-as=/opt/gcc-nightly/trunk-20060723/bin/as --with-ld=/opt/gcc-nightly/trunk-20060723/bin/ld --enable-threads=posix --enable-shared --enable-__cxa_atexit --enable-checking --with-mpfr=/opt/gcc-nightly/trunk-20060723 --enable-decimal-float --enable-languages=c,c++,fortran,objc,obj-c++

		=== Test Framework Summary ===

# of expected passes		2498


Index Nav: [Date Index] [Subject Index] [Author Index] [Thread Index]
Message Nav: [Date Prev] [Date Next] [Thread Prev] [Thread Next]