This is the mail archive of the gcc-testresults@gcc.gnu.org mailing list for the GCC project.


Index Nav: [Date Index] [Subject Index] [Author Index] [Thread Index]
Message Nav: [Date Prev] [Date Next] [Thread Prev] [Thread Next]
Other format: [Raw text]

Results for 4.0.4 20060721 (prerelease) gcc testsuite on arm-unknown-elf


Ubuntu 5 on pentium3-smp
cross tool versions:
GNU assembler 2.17.50 20060716
GNU gdb 6.5.50.20060716-cvs
GNU ld version 2.17.50 20060716

GNU Make 3.80
expect version 5.42.1
host gcc version: gcc (GCC) 4.2.0 20060720 (experimental)
LAST_UPDATED: Fri Jul 21 00:27:57 UTC 2006 (revision 115637)

Target is arm-unknown-elf
Host   is i686-pc-linux-gnu

		=== gcc tests ===


Running target arm-sim
UNRESOLVED: gcc.c-torture/execute/20020720-1.c execution,  -O1 
UNRESOLVED: gcc.c-torture/execute/20020720-1.c execution,  -O2 
UNRESOLVED: gcc.c-torture/execute/20020720-1.c execution,  -O3 -fomit-frame-pointer 
UNRESOLVED: gcc.c-torture/execute/20020720-1.c execution,  -O3 -g 
UNRESOLVED: gcc.c-torture/execute/20020720-1.c execution,  -Os 
FAIL: gcc.dg/compat/vector-2 c_compat_x_tst.o compile
FAIL: gcc.dg/compat/vector-2 c_compat_y_tst.o compile
UNRESOLVED: gcc.dg/compat/vector-2 c_compat_x_tst.o-c_compat_y_tst.o link 
UNRESOLVED: gcc.dg/compat/vector-2 c_compat_x_tst.o-c_compat_y_tst.o execute 
XPASS: gcc.dg/const-elim-1.c scan-assembler-not L\\\\\$?C[^A-Z]
FAIL: gcc.dg/intmax_t-1.c  (test for errors, line )
FAIL: gcc.dg/pragma-pack-3.c execution test

		=== gcc Summary ===

# of expected passes		34462
# of unexpected failures	4
# of unexpected successes	1
# of expected failures		73
# of unresolved testcases	7
# of untested testcases		28
# of unsupported tests		541
/home/mstein/sim/arm-elf/build/gcc/xgcc  version 4.0.4 20060721 (prerelease)


Compiler version: 4.0.4 20060721 (prerelease) gcc 
Platform: arm-unknown-elf
configure flags: --target=arm-elf --prefix=/n/07/mstein/cross-local/arm-elf --disable-nls --disable-build-warnings --with-ld=/n/07/mstein/cross-local/arm-elf/bin/arm-elf-ld --with-as=/n/07/mstein/cross-local/arm-elf/bin/arm-elf-as --enable-languages=c


Index Nav: [Date Index] [Subject Index] [Author Index] [Thread Index]
Message Nav: [Date Prev] [Date Next] [Thread Prev] [Thread Next]