This is the mail archive of the gcc-testresults@gcc.gnu.org mailing list for the GCC project.


Index Nav: [Date Index] [Subject Index] [Author Index] [Thread Index]
Message Nav: [Date Prev] [Date Next] [Thread Prev] [Thread Next]
Other format: [Raw text]

Results for 3.4.6 testsuite on i686-pc-linux-gnu


LAST_UPDATED: Obtained from SVN: tags/gcc_3_4_6_release revision 111785

Native configuration is i686-pc-linux-gnu

		=== g77 tests ===


Running target unix

		=== g77 Summary ===

# of expected passes		1824
/leda/share/jupiter/linux/ThirdPartySoftware/GNUtools/gcc-3.4.6/bootstrap_compilations/gcc-4.0.0-8/gcc/testsuite/../g77  version 3.4.6

		=== gcc tests ===


Running target unix
FAIL: gcc.c-torture/execute/va-arg-25.c execution,  -Os 

		=== gcc Summary ===

# of expected passes		25378
# of unexpected failures	1
# of expected failures		70
# of untested testcases		7
# of unsupported tests		211
/leda/share/jupiter/linux/ThirdPartySoftware/GNUtools/gcc-3.4.6/bootstrap_compilations/gcc-4.0.0-8/gcc/xgcc version 3.4.6

		=== g++ tests ===


Running target unix
		=== objc tests ===


Running target unix

		=== objc Summary ===

# of expected passes		1352
# of unsupported tests		8
/leda/share/jupiter/linux/ThirdPartySoftware/GNUtools/gcc-3.4.6/bootstrap_compilations/gcc-4.0.0-8/gcc/xgcc  version 3.4.6

		=== libffi tests ===


Running target unix

		=== libffi Summary ===

# of expected passes		212
# of unsupported tests		2
		=== libjava tests ===


Running target unix

		=== libjava Summary ===

# of expected passes		3271
# of expected failures		10
# of untested testcases		8
		=== libstdc++ tests ===


Running target unix
XPASS: 22_locale/locale/cons/12658_thread.cc execution test
XPASS: 26_numerics/c99_classification_macros_c.cc (test for excess errors)

		=== libstdc++ Summary ===

# of expected passes		2737
# of unexpected successes	2
# of expected failures		5

Compiler version: 3.4.6 
Platform: i686-pc-linux-gnu
configure flags: --program-suffix=-3.4.6


Index Nav: [Date Index] [Subject Index] [Author Index] [Thread Index]
Message Nav: [Date Prev] [Date Next] [Thread Prev] [Thread Next]