This is the mail archive of the gcc-testresults@gcc.gnu.org mailing list for the GCC project.


Index Nav: [Date Index] [Subject Index] [Author Index] [Thread Index]
Message Nav: [Date Prev] [Date Next] [Thread Prev] [Thread Next]
Other format: [Raw text]

Results for 4.1.2 20060716 (prerelease) testsuite on x86_64-suse-linux-gnu


Bootstrap and regtesting on x86_64-suse-linux-gnu.
SVN sources: mainline.
LAST_UPDATED: Sun Jul 16 14:06:05 UTC 2006 (revision 115497)

		=== acats tests ===

		=== acats Summary ===
# of expected passes		2317
# of unexpected failures	0
Native configuration is x86_64-suse-linux-gnu

		=== gcc tests ===


Running target unix/-m32

		=== gcc Summary for unix/-m32 ===

# of expected passes		38403
# of expected failures		101
# of untested testcases		28
# of unsupported tests		256

Running target unix
FAIL: gcc.dg/visibility-11.c scan-assembler memcpy@PLT

		=== gcc Summary for unix ===

# of expected passes		38300
# of unexpected failures	1
# of expected failures		100
# of untested testcases		28
# of unsupported tests		358

		=== gcc Summary ===

# of expected passes		76703
# of unexpected failures	1
# of expected failures		201
# of untested testcases		56
# of unsupported tests		614
/abuild/aj/gcc/gcc/xgcc  version 4.1.2 20060716 (prerelease)

		=== gfortran tests ===


Running target unix/-m32
XPASS: gfortran.dg/csqrt_2.f  -O0  execution test
XPASS: gfortran.dg/csqrt_2.f  -O1  execution test
XPASS: gfortran.dg/csqrt_2.f  -O2  execution test
XPASS: gfortran.dg/csqrt_2.f  -O3 -fomit-frame-pointer  execution test
XPASS: gfortran.dg/csqrt_2.f  -O3 -fomit-frame-pointer -funroll-loops  execution test
XPASS: gfortran.dg/csqrt_2.f  -O3 -fomit-frame-pointer -funroll-all-loops -finline-functions  execution test
XPASS: gfortran.dg/csqrt_2.f  -O3 -g  execution test
XPASS: gfortran.dg/csqrt_2.f  -Os  execution test

		=== gfortran Summary for unix/-m32 ===

# of expected passes		13024
# of unexpected successes	8
# of expected failures		5
# of unsupported tests		16

Running target unix
XPASS: gfortran.dg/csqrt_2.f  -O0  execution test
XPASS: gfortran.dg/csqrt_2.f  -O1  execution test
XPASS: gfortran.dg/csqrt_2.f  -O2  execution test
XPASS: gfortran.dg/csqrt_2.f  -O3 -fomit-frame-pointer  execution test
XPASS: gfortran.dg/csqrt_2.f  -O3 -fomit-frame-pointer -funroll-loops  execution test
XPASS: gfortran.dg/csqrt_2.f  -O3 -fomit-frame-pointer -funroll-all-loops -finline-functions  execution test
XPASS: gfortran.dg/csqrt_2.f  -O3 -g  execution test
XPASS: gfortran.dg/csqrt_2.f  -Os  execution test

		=== gfortran Summary for unix ===

# of expected passes		13021
# of unexpected successes	8
# of expected failures		8
# of unsupported tests		16

		=== gfortran Summary ===

# of expected passes		26045
# of unexpected successes	16
# of expected failures		13
# of unsupported tests		32
/abuild/aj/gcc/gcc/testsuite/gfortran/../../gfortran  version 4.1.2 20060716 (prerelease)

		=== g++ tests ===


Running target unix/-m32
XPASS: g++.dg/tree-ssa/pr14814.C scan-tree-dump-times &this 0
XPASS: g++.old-deja/g++.other/init5.C execution test

		=== g++ Summary for unix/-m32 ===

# of expected passes		12223
# of unexpected successes	2
# of expected failures		66
# of unsupported tests		66

Running target unix
XPASS: g++.dg/tree-ssa/pr14814.C scan-tree-dump-times &this 0
XPASS: g++.old-deja/g++.other/init5.C execution test

		=== g++ Summary for unix ===

# of expected passes		12138
# of unexpected successes	2
# of expected failures		66
# of unsupported tests		95

		=== g++ Summary ===

# of expected passes		24361
# of unexpected successes	4
# of expected failures		132
# of unsupported tests		161
/abuild/aj/gcc/gcc/testsuite/g++/../../g++  version 4.1.2 20060716 (prerelease)

		=== objc tests ===


Running target unix/-m32

		=== objc Summary for unix/-m32 ===

# of expected passes		1686
# of unsupported tests		22

Running target unix

		=== objc Summary for unix ===

# of expected passes		1686
# of unsupported tests		22

		=== objc Summary ===

# of expected passes		3372
# of unsupported tests		44
/abuild/aj/gcc/gcc/xgcc  version 4.1.2 20060716 (prerelease)

		=== treelang tests ===


Running target unix/-m32

		=== treelang Summary for unix/-m32 ===

# of expected passes		50

Running target unix

		=== treelang Summary for unix ===

# of expected passes		50

		=== treelang Summary ===

# of expected passes		100
		=== libffi tests ===


Running target unix/-m32

		=== libffi Summary for unix/-m32 ===

# of expected passes		228
# of unsupported tests		2

Running target unix

		=== libffi Summary for unix ===

# of expected passes		228
# of unsupported tests		2

		=== libffi Summary ===

# of expected passes		456
# of unsupported tests		4
		=== libjava tests ===


Running target unix/-m32

		=== libjava Summary for unix/-m32 ===

# of expected passes		4060
# of expected failures		10
# of untested testcases		8

Running target unix

		=== libjava Summary for unix ===

# of expected passes		4060
# of expected failures		10
# of untested testcases		8

		=== libjava Summary ===

# of expected passes		8120
# of expected failures		20
# of untested testcases		16
		=== libmudflap tests ===


Running target unix/-m32

		=== libmudflap Summary for unix/-m32 ===

# of expected passes		1799

Running target unix

		=== libmudflap Summary for unix ===

# of expected passes		1799

		=== libmudflap Summary ===

# of expected passes		3598
		=== libstdc++ tests ===


Running target unix/-m32
FAIL: 22_locale/messages/members/char/1.cc execution test
FAIL: 22_locale/messages/members/char/2.cc execution test
FAIL: 22_locale/messages/members/char/wrapped_env.cc execution test
FAIL: 22_locale/messages/members/char/wrapped_locale.cc execution test
FAIL: 22_locale/messages_byname/named_equivalence.cc execution test
XPASS: 26_numerics/cmath/c99_classification_macros_c.cc (test for excess errors)

		=== libstdc++ Summary for unix/-m32 ===

# of expected passes		4037
# of unexpected failures	5
# of unexpected successes	1
# of expected failures		12

Running target unix
XPASS: 26_numerics/cmath/c99_classification_macros_c.cc (test for excess errors)
XPASS: 27_io/fpos/14320-1.cc execution test

		=== libstdc++ Summary for unix ===

# of expected passes		4042
# of unexpected successes	2
# of expected failures		11

		=== libstdc++ Summary ===

# of expected passes		8079
# of unexpected failures	5
# of unexpected successes	3
# of expected failures		23

Compiler version: 4.1.2 20060716 (prerelease) 
Platform: x86_64-suse-linux-gnu
configure flags: --prefix=/opt/gcc/4.1-devel --enable-checking=yes,rtl --enable-threads=posix --enable-clocale=gnu --enable-__cxa_atexit --enable-shared --with-system-zlib x86_64-suse-linux-gnu --enable-languages=c,ada,c++,fortran,java,objc,treelang
Version of binutils: GNU ld version 2.16.91.0.5 20051219 (SUSE Linux)
Version of glibc (/lib/libc.so.6): 2.4 (20060526)
Version of glibc (/lib64/libc.so.6): 2.4 (20060526)


Index Nav: [Date Index] [Subject Index] [Author Index] [Thread Index]
Message Nav: [Date Prev] [Date Next] [Thread Prev] [Thread Next]