This is the mail archive of the
gcc-testresults@gcc.gnu.org
mailing list for the GCC project.
Results for 4.2.0 20060714 (experimental) testsuite on mipsel-unknown-linux-gnu (Debian)
- From: Martin Michlmayr <tbm at cyrius dot com>
- To: gcc-testresults at gcc dot gnu dot org
- Date: Sat, 15 Jul 2006 16:16:21 +0200
- Subject: Results for 4.2.0 20060714 (experimental) testsuite on mipsel-unknown-linux-gnu (Debian)
LAST_UPDATED: Obtained from SVN: trunk revision 115451
Native configuration is mipsel-unknown-linux-gnu
=== g++ tests ===
Running target unix
FAIL: g++.dg/other/unused1.C scan-assembler stringz?\\t"class2"
FAIL: g++.dg/other/unused1.C scan-assembler stringz?\\t"printer"
FAIL: g++.dg/tree-ssa/ivopts-1.C scan-tree-dump-not &x\\[5\\]
FAIL: g++.old-deja/g++.abi/vtable2.C execution test
=== g++ Summary ===
# of expected passes 12733
# of unexpected failures 4
# of expected failures 65
# of unsupported tests 111
/home/tbm/scratch/gcc-snapshot-20060714/build/gcc/testsuite/g++/../../g++ version 4.2.0 20060714 (experimental)
=== gcc tests ===
Running target unix
WARNING: program timed out.
FAIL: gcc.c-torture/compile/20001226-1.c -O2 (test for excess errors)
WARNING: program timed out.
FAIL: gcc.c-torture/compile/20001226-1.c -O3 -fomit-frame-pointer (test for excess errors)
WARNING: program timed out.
FAIL: gcc.c-torture/compile/20001226-1.c -O3 -g (test for excess errors)
WARNING: program timed out.
FAIL: gcc.c-torture/compile/20001226-1.c -Os (test for excess errors)
FAIL: gcc.c-torture/execute/loop-2f.c execution, -O0
FAIL: gcc.c-torture/execute/loop-2f.c execution, -O1
FAIL: gcc.c-torture/execute/loop-2f.c execution, -O2
FAIL: gcc.c-torture/execute/loop-2f.c execution, -O3 -fomit-frame-pointer
FAIL: gcc.c-torture/execute/loop-2f.c execution, -O3 -fomit-frame-pointer -funroll-loops
FAIL: gcc.c-torture/execute/loop-2f.c execution, -O3 -fomit-frame-pointer -funroll-all-loops -finline-functions
FAIL: gcc.c-torture/execute/loop-2f.c execution, -O3 -g
FAIL: gcc.c-torture/execute/loop-2f.c execution, -Os
FAIL: gcc.c-torture/execute/loop-2g.c execution, -O0
FAIL: gcc.c-torture/execute/loop-2g.c execution, -O1
FAIL: gcc.c-torture/execute/loop-2g.c execution, -O2
FAIL: gcc.c-torture/execute/loop-2g.c execution, -O3 -fomit-frame-pointer
FAIL: gcc.c-torture/execute/loop-2g.c execution, -O3 -fomit-frame-pointer -funroll-loops
FAIL: gcc.c-torture/execute/loop-2g.c execution, -O3 -fomit-frame-pointer -funroll-all-loops -finline-functions
FAIL: gcc.c-torture/execute/loop-2g.c execution, -O3 -g
FAIL: gcc.c-torture/execute/loop-2g.c execution, -Os
FAIL: gcc.c-torture/execute/ieee/copysign1.c execution, -O0
FAIL: gcc.c-torture/execute/ieee/copysign1.c execution, -O1
FAIL: gcc.c-torture/execute/ieee/copysign1.c execution, -O2
FAIL: gcc.c-torture/execute/ieee/copysign1.c execution, -O3 -fomit-frame-pointer
FAIL: gcc.c-torture/execute/ieee/copysign1.c execution, -O3 -fomit-frame-pointer -funroll-loops
FAIL: gcc.c-torture/execute/ieee/copysign1.c execution, -O3 -fomit-frame-pointer -funroll-all-loops -finline-functions
FAIL: gcc.c-torture/execute/ieee/copysign1.c execution, -O3 -g
FAIL: gcc.c-torture/execute/ieee/copysign1.c execution, -Os
FAIL: gcc.c-torture/execute/ieee/mzero6.c compilation, -O2 (internal compiler error)
UNRESOLVED: gcc.c-torture/execute/ieee/mzero6.c execution, -O2
FAIL: gcc.c-torture/execute/ieee/mzero6.c compilation, -O3 -fomit-frame-pointer (internal compiler error)
UNRESOLVED: gcc.c-torture/execute/ieee/mzero6.c execution, -O3 -fomit-frame-pointer
FAIL: gcc.c-torture/execute/ieee/mzero6.c compilation, -O3 -fomit-frame-pointer -funroll-loops (internal compiler error)
UNRESOLVED: gcc.c-torture/execute/ieee/mzero6.c execution, -O3 -fomit-frame-pointer -funroll-loops
FAIL: gcc.c-torture/execute/ieee/mzero6.c compilation, -O3 -fomit-frame-pointer -funroll-all-loops -finline-functions (internal compiler error)
UNRESOLVED: gcc.c-torture/execute/ieee/mzero6.c execution, -O3 -fomit-frame-pointer -funroll-all-loops -finline-functions
FAIL: gcc.c-torture/execute/ieee/mzero6.c compilation, -O3 -g (internal compiler error)
UNRESOLVED: gcc.c-torture/execute/ieee/mzero6.c execution, -O3 -g
FAIL: gcc.c-torture/execute/ieee/mzero6.c compilation, -Os (internal compiler error)
UNRESOLVED: gcc.c-torture/execute/ieee/mzero6.c execution, -Os
FAIL: gcc.dg/attr-alias-3.c (test for excess errors)
FAIL: gcc.dg/fold-cond-1.c scan-tree-dump-times \\(g \\| h\\) != 0 1
XPASS: gcc.dg/tree-ssa/20040204-1.c scan-tree-dump-times link_error 0
=== gcc Summary ===
# of expected passes 38755
# of unexpected failures 36
# of unexpected successes 1
# of expected failures 79
# of unresolved testcases 6
# of untested testcases 28
# of unsupported tests 320
/home/tbm/scratch/gcc-snapshot-20060714/build/gcc/xgcc version 4.2.0 20060714 (experimental)
=== gfortran tests ===
Running target unix
=== gfortran Summary ===
# of expected passes 13501
# of expected failures 14
# of unsupported tests 83
/home/tbm/scratch/gcc-snapshot-20060714/build/gcc/testsuite/gfortran/../../gfortran version 4.2.0 20060714 (experimental)
=== obj-c++ tests ===
Running target unix
FAIL: obj-c++.dg/bitfield-1.mm (internal compiler error)
FAIL: obj-c++.dg/bitfield-1.mm (test for excess errors)
WARNING: obj-c++.dg/bitfield-1.mm compilation failed to produce executable
FAIL: obj-c++.dg/comp-types-10.mm (internal compiler error)
FAIL: obj-c++.dg/comp-types-10.mm (test for excess errors)
FAIL: obj-c++.dg/cxx-ivars-2.mm execution test
FAIL: obj-c++.dg/encode-3.mm (test for excess errors)
FAIL: obj-c++.dg/encode-8.mm execution test
FAIL: obj-c++.dg/isa-field-1.mm (test for excess errors)
FAIL: obj-c++.dg/lookup-2.mm (test for excess errors)
WARNING: obj-c++.dg/lookup-2.mm compilation failed to produce executable
FAIL: obj-c++.dg/try-catch-2.mm (test for excess errors)
WARNING: obj-c++.dg/try-catch-2.mm compilation failed to produce executable
FAIL: obj-c++.dg/try-catch-9.mm (internal compiler error)
FAIL: obj-c++.dg/try-catch-9.mm (test for excess errors)
WARNING: obj-c++.dg/try-catch-9.mm compilation failed to produce executable
=== obj-c++ Summary ===
# of expected passes 423
# of unexpected failures 12
# of unsupported tests 13
/home/tbm/scratch/gcc-snapshot-20060714/build/gcc/testsuite/obj-c++/../../g++ version 4.2.0 20060714 (experimental)
=== objc tests ===
Running target unix
FAIL: objc.dg/stabs-1.m scan-assembler (.SUBSPA.*[\$]CODE[\$]|.text"?)\\n\\t.stabs.*100,0,0,(\\\\.)?L?L[\$]?etext[0-9]*\\n(\\\\.)?L?L[\$]?etext
=== objc Summary ===
# of expected passes 1753
# of unexpected failures 1
# of expected failures 7
# of unsupported tests 24
/home/tbm/scratch/gcc-snapshot-20060714/build/gcc/xgcc version 4.2.0 20060714 (experimental)
=== treelang tests ===
Running target unix
=== treelang Summary ===
# of expected passes 50
=== libffi tests ===
Running target unix
XPASS: libffi.call/closure_fn6.c -O0 -W -Wall execution test
XPASS: libffi.call/closure_fn6.c -O2 execution test
XPASS: libffi.call/closure_fn6.c -O3 execution test
XPASS: libffi.call/closure_fn6.c -Os execution test
=== libffi Summary ===
# of expected passes 1068
# of unexpected successes 4
# of unsupported tests 8
=== libgomp tests ===
Running target unix
=== libgomp Summary ===
# of expected passes 1266
# of unsupported tests 116
=== libjava tests ===
Running target unix
FAIL: PR16923 run
FAIL: ExtraClassLoader execution - source compiled test
FAIL: ExtraClassLoader execution - bytecode->native test
FAIL: ExtraClassLoader -findirect-dispatch execution - bytecode->native test
FAIL: ExtraClassLoader -O3 execution - source compiled test
FAIL: ExtraClassLoader -O3 execution - bytecode->native test
FAIL: ExtraClassLoader -O3 -findirect-dispatch execution - bytecode->native test
FAIL: TestProxy execution - source compiled test
FAIL: TestProxy execution - bytecode->native test
FAIL: TestProxy -findirect-dispatch execution - bytecode->native test
FAIL: TestProxy -O3 execution - source compiled test
FAIL: TestProxy -O3 execution - bytecode->native test
FAIL: TestProxy -O3 -findirect-dispatch execution - bytecode->native test
FAIL: newarray_overflow compilation from source
FAIL: newarray_overflow byte compilation
FAIL: newarray_overflow byte compilation
FAIL: newarray_overflow -O3 compilation from source
FAIL: newarray_overflow byte compilation
FAIL: newarray_overflow byte compilation
FAIL: /home/tbm/scratch/gcc-snapshot-20060714/build/mipsel-linux-gnu/libjava/testsuite/TestEarlyGC.exe output - /home/tbm/scratch/gcc-snapshot-20060714/build/mipsel-linux-gnu/libjava/testsuite/TestEarlyGC.exe
FAIL: /home/tbm/scratch/gcc-snapshot-20060714/build/mipsel-linux-gnu/libjava/testsuite/TestLeak.exe execution - /home/tbm/scratch/gcc-snapshot-20060714/build/mipsel-linux-gnu/libjava/testsuite/TestLeak.exe
FAIL: /home/tbm/scratch/gcc-snapshot-20060714/build/mipsel-linux-gnu/libjava/testsuite/TestMultiple.exe execution - /home/tbm/scratch/gcc-snapshot-20060714/build/mipsel-linux-gnu/libjava/testsuite/TestMultiple.exe
FAIL: /home/tbm/scratch/gcc-snapshot-20060714/build/mipsel-linux-gnu/libjava/testsuite/TestParent.exe execution - /home/tbm/scratch/gcc-snapshot-20060714/build/mipsel-linux-gnu/libjava/testsuite/TestParent.exe
FAIL: pr21115 run
=== libjava Summary ===
# of expected passes 5322
# of unexpected failures 24
# of expected failures 12
# of untested testcases 43
=== libmudflap tests ===
Running target unix
=== libmudflap Summary ===
# of expected passes 1814
=== libstdc++ tests ===
Running target unix
XPASS: 26_numerics/cmath/c99_classification_macros_c.cc (test for excess errors)
=== libstdc++ Summary ===
# of expected passes 3687
# of unexpected successes 1
# of expected failures 13
# of unsupported tests 319
Compiler version: 4.2.0 20060714 (experimental)
Platform: mipsel-unknown-linux-gnu
configure flags: -v --prefix=/usr/lib/gcc-snapshot --enable-shared --with-system-zlib --disable-nls --enable-__cxa_atexit --enable-clocale=gnu --enable-libstdcxx-debug --enable-java-awt=gtk --enable-gtk-cairo --with-java-home=/usr/lib/gcc-snapshot/jre --enable-objc-gc --enable-mpfr --disable-werror mipsel-linux-gnu --enable-languages=c,c++,fortran,java,objc,obj-c++,treelang
BOOT_CFLAGS=-O2
Build Dependencies:
Desired=Unknown/Install/Remove/Purge/Hold
| Status=Not/Installed/Config-files/Unpacked/Failed-config/Half-installed
|/ Err?=(none)/Hold/Reinst-required/X=both-problems (Status,Err: uppercase=bad)
||/ Name Version Description
+++-==============-==============-==============================================
ii binutils 2.17-1 The GNU assembler, linker and binary utilities
Patches that Debian applied in this version:
cpu-default-i486:
set default 32bit ix86 architecture to i486
reporting:
Add Debian URL for bug reporting instructions.
gcc-ice-hack:
2004-01-23 Jakub Jelinek <jakub@redhat.com>
* system.h (ICE_EXIT_CODE): Define.
* gcc.c (execute): Don't free first string early, but at the end
of the function. Call retry_ice if compiler exited with
ICE_EXIT_CODE.
(retry_ice): New function.
* diagnostic.c (diagnostic_count_diagnostic,
diagnostic_action_after_output, error_recursion): Exit with
ICE_EXIT_CODE instead of FATAL_EXIT_CODE.
Counting all warnings,
there are 0 warnings in stage3 of this bootstrap.
Number of warnings per file:
Number of warning types:
diff to test results from gcc 4.2 20060626:
-FAIL: gcc.c-torture/execute/loop-2f.c execution, -O0
-FAIL: gcc.c-torture/execute/loop-2f.c execution, -O1
-FAIL: gcc.c-torture/execute/loop-2f.c execution, -O2
-FAIL: gcc.c-torture/execute/loop-2f.c execution, -O3 -fomit-frame-pointer
-FAIL: gcc.c-torture/execute/loop-2f.c execution, -O3 -fomit-frame-pointer -funroll-loops
-FAIL: gcc.c-torture/execute/loop-2f.c execution, -O3 -fomit-frame-pointer -funroll-all-loops -finline-functions
-FAIL: gcc.c-torture/execute/loop-2f.c execution, -O3 -g
-FAIL: gcc.c-torture/execute/loop-2f.c execution, -Os
-FAIL: gcc.c-torture/execute/loop-2g.c execution, -O0
-FAIL: gcc.c-torture/execute/loop-2g.c execution, -O1
-FAIL: gcc.c-torture/execute/loop-2g.c execution, -O2
-FAIL: gcc.c-torture/execute/loop-2g.c execution, -O3 -fomit-frame-pointer
-FAIL: gcc.c-torture/execute/loop-2g.c execution, -O3 -fomit-frame-pointer -funroll-loops
-FAIL: gcc.c-torture/execute/loop-2g.c execution, -O3 -fomit-frame-pointer -funroll-all-loops -finline-functions
-FAIL: gcc.c-torture/execute/loop-2g.c execution, -O3 -g
-FAIL: gcc.c-torture/execute/loop-2g.c execution, -Os
+FAIL: largefile.c -O0 -g (test for excess errors)
+FAIL: largefile.c -O0 (test for excess errors)
+FAIL: largefile.c -O1 (test for excess errors)
+FAIL: largefile.c -O2 (test for excess errors)
+FAIL: largefile.c -O3 -fomit-frame-pointer (test for excess errors)
+FAIL: largefile.c -O3 -g (test for excess errors)
+FAIL: largefile.c -Os (test for excess errors)
+FAIL: PR9577 run
+FAIL: longfield run
+FAIL: shortfield run
+FAIL: simple run
+FAIL: PR15133 run
+FAIL: PR18116 run
+FAIL: bytebuffer run
+FAIL: calls run
+FAIL: cxxtest run
+FAIL: directbuffer run
+FAIL: field run
+FAIL: final_method run
+FAIL: findclass run
+FAIL: iface run
+FAIL: invoke run
+FAIL: jniutf run
+FAIL: martin run
+FAIL: noclass run
+FAIL: overload run
+FAIL: pr11951 run
+FAIL: pr18278 run
+FAIL: pr23739 run
+FAIL: register run
+FAIL: simple_int run
+FAIL: throwit run
+FAIL: virtual run
+FAIL: ArrayStore execution - source compiled test
+FAIL: ArrayStore execution - bytecode->native test
+FAIL: ArrayStore -findirect-dispatch execution - bytecode->native test
+FAIL: ArrayStore -O3 execution - source compiled test
+FAIL: ArrayStore -O3 execution - bytecode->native test
+FAIL: ArrayStore -O3 -findirect-dispatch execution - bytecode->native test
+FAIL: ArrayStore2 execution - source compiled test
+FAIL: ArrayStore2 execution - bytecode->native test
+FAIL: ArrayStore2 -findirect-dispatch execution - bytecode->native test
+FAIL: ArrayStore2 -O3 execution - source compiled test
+FAIL: ArrayStore2 -O3 execution - bytecode->native test
+FAIL: ArrayStore2 -O3 -findirect-dispatch execution - bytecode->native test
+FAIL: Array_1 execution - source compiled test
+FAIL: Array_1 execution - bytecode->native test
+FAIL: Array_1 -findirect-dispatch execution - bytecode->native test
+FAIL: Array_1 -O3 execution - source compiled test
+FAIL: Array_1 -O3 execution - bytecode->native test
+FAIL: Array_1 -O3 -findirect-dispatch execution - bytecode->native test
+FAIL: Array_2 execution - source compiled test
+FAIL: Array_2 execution - bytecode->native test
+FAIL: Array_2 -findirect-dispatch execution - bytecode->native test
+FAIL: Array_2 -O3 execution - source compiled test
+FAIL: Array_2 -O3 execution - bytecode->native test
+FAIL: Array_2 -O3 -findirect-dispatch execution - bytecode->native test
+FAIL: Array_3 execution - source compiled test
+FAIL: Array_3 execution - bytecode->native test
+FAIL: Array_3 -findirect-dispatch execution - bytecode->native test
+FAIL: Array_3 -O3 execution - source compiled test
+FAIL: Array_3 -O3 execution - bytecode->native test
+FAIL: Array_3 -O3 -findirect-dispatch execution - bytecode->native test
+FAIL: Class_1 execution - source compiled test
+FAIL: Class_1 execution - bytecode->native test
+FAIL: Class_1 -findirect-dispatch execution - bytecode->native test
+FAIL: Class_1 -O3 execution - source compiled test
+FAIL: Class_1 -O3 execution - bytecode->native test
+FAIL: Class_1 -O3 -findirect-dispatch execution - bytecode->native test
+FAIL: CompareNaN execution - source compiled test
+FAIL: CompareNaN execution - bytecode->native test
+FAIL: CompareNaN -findirect-dispatch execution - bytecode->native test
+FAIL: CompareNaN -O3 execution - source compiled test
+FAIL: CompareNaN -O3 execution - bytecode->native test
+FAIL: CompareNaN -O3 -findirect-dispatch execution - bytecode->native test
+FAIL: Divide_1 execution - source compiled test
+FAIL: Divide_1 execution - bytecode->native test
+FAIL: Divide_1 -findirect-dispatch execution - bytecode->native test
+FAIL: Divide_1 -O3 execution - source compiled test
+FAIL: Divide_1 -O3 execution - bytecode->native test
+FAIL: Divide_1 -O3 -findirect-dispatch execution - bytecode->native test
+FAIL: EvaluationOrder execution - source compiled test
+FAIL: EvaluationOrder execution - bytecode->native test
+FAIL: EvaluationOrder -findirect-dispatch execution - bytecode->native test
+FAIL: EvaluationOrder -O3 execution - source compiled test
+FAIL: EvaluationOrder -O3 execution - bytecode->native test
+FAIL: EvaluationOrder -O3 -findirect-dispatch execution - bytecode->native test
+FAIL: FileHandleGcTest execution - source compiled test
+FAIL: FileHandleGcTest execution - bytecode->native test
+FAIL: FileHandleGcTest -findirect-dispatch execution - bytecode->native test
+FAIL: FileHandleGcTest -O3 execution - source compiled test
+FAIL: FileHandleGcTest -O3 execution - bytecode->native test
+FAIL: FileHandleGcTest -O3 -findirect-dispatch execution - bytecode->native test
+FAIL: Final execution - source compiled test
+FAIL: Final execution - bytecode->native test
+FAIL: Final -findirect-dispatch execution - bytecode->native test
+FAIL: Final -O3 execution - source compiled test
+FAIL: Final -O3 execution - bytecode->native test
+FAIL: Final -O3 -findirect-dispatch execution - bytecode->native test
+FAIL: Float_1 execution - source compiled test
+FAIL: Float_1 execution - bytecode->native test
+FAIL: Float_1 -findirect-dispatch execution - bytecode->native test
+FAIL: Float_1 -O3 execution - source compiled test
+FAIL: Float_1 -O3 execution - bytecode->native test
+FAIL: Float_1 -O3 -findirect-dispatch execution - bytecode->native test
+FAIL: Float_2 execution - source compiled test
+FAIL: Float_2 execution - bytecode->native test
+FAIL: Float_2 -findirect-dispatch execution - bytecode->native test
+FAIL: Float_2 -O3 execution - source compiled test
+FAIL: Float_2 -O3 execution - bytecode->native test
+FAIL: Float_2 -O3 -findirect-dispatch execution - bytecode->native test
+FAIL: G19990301_01 execution - source compiled test
+FAIL: G19990301_01 execution - bytecode->native test
+FAIL: G19990301_01 -findirect-dispatch execution - bytecode->native test
+FAIL: G19990301_01 -O3 execution - source compiled test
+FAIL: G19990301_01 -O3 execution - bytecode->native test
+FAIL: G19990301_01 -O3 -findirect-dispatch execution - bytecode->native test
+FAIL: G19990302_02 execution - source compiled test
+FAIL: G19990302_02 execution - bytecode->native test
+FAIL: G19990302_02 -findirect-dispatch execution - bytecode->native test
+FAIL: G19990302_02 -O3 execution - source compiled test
+FAIL: G19990302_02 -O3 execution - bytecode->native test
+FAIL: G19990302_02 -O3 -findirect-dispatch execution - bytecode->native test
+FAIL: G19990303_01 execution - source compiled test
+FAIL: G19990303_01 execution - bytecode->native test
+FAIL: G19990303_01 -findirect-dispatch execution - bytecode->native test
+FAIL: G19990303_01 -O3 execution - source compiled test
+FAIL: G19990303_01 -O3 execution - bytecode->native test
+FAIL: G19990303_01 -O3 -findirect-dispatch execution - bytecode->native test
+FAIL: G19990303_02 execution - source compiled test
+FAIL: G19990303_02 execution - bytecode->native test
+FAIL: G19990303_02 -findirect-dispatch execution - bytecode->native test
+FAIL: G19990303_02 -O3 execution - source compiled test
+FAIL: G19990303_02 -O3 execution - bytecode->native test
+FAIL: G19990303_02 -O3 -findirect-dispatch execution - bytecode->native test
+FAIL: G19990304_01 execution - source compiled test
+FAIL: G19990304_01 execution - bytecode->native test
+FAIL: G19990304_01 -findirect-dispatch execution - bytecode->native test
+FAIL: G19990304_01 -O3 execution - source compiled test
+FAIL: G19990304_01 -O3 execution - bytecode->native test
+FAIL: G19990304_01 -O3 -findirect-dispatch execution - bytecode->native test
+FAIL: G19990310_01 execution - source compiled test
+FAIL: G19990310_01 execution - bytecode->native test
+FAIL: G19990310_01 -findirect-dispatch execution - bytecode->native test
+FAIL: G19990310_01 -O3 execution - source compiled test
+FAIL: G19990310_01 -O3 execution - bytecode->native test
+FAIL: G19990310_01 -O3 -findirect-dispatch execution - bytecode->native test
+FAIL: II execution - source compiled test
+FAIL: II execution - bytecode->native test
+FAIL: II -findirect-dispatch execution - bytecode->native test
+FAIL: II -O3 execution - source compiled test
+FAIL: II -O3 execution - bytecode->native test
+FAIL: II -O3 -findirect-dispatch execution - bytecode->native test
+FAIL: InterfaceDispatch execution - source compiled test
+FAIL: InterfaceDispatch execution - bytecode->native test
+FAIL: InterfaceDispatch -findirect-dispatch execution - bytecode->native test
+FAIL: InterfaceDispatch -O3 execution - source compiled test
+FAIL: InterfaceDispatch -O3 execution - bytecode->native test
+FAIL: InterfaceDispatch -O3 -findirect-dispatch execution - bytecode->native test
+FAIL: InvokeInterface execution - source compiled test
+FAIL: InvokeInterface execution - bytecode->native test
+FAIL: InvokeInterface -findirect-dispatch execution - bytecode->native test
+FAIL: InvokeInterface -O3 execution - source compiled test
+FAIL: InvokeInterface -O3 execution - bytecode->native test
+FAIL: InvokeInterface -O3 -findirect-dispatch execution - bytecode->native test
+FAIL: InvokeReturn execution - source compiled test
+FAIL: InvokeReturn execution - bytecode->native test
+FAIL: InvokeReturn -findirect-dispatch execution - bytecode->native test
+FAIL: InvokeReturn -O3 execution - source compiled test
+FAIL: InvokeReturn -O3 execution - bytecode->native test
+FAIL: InvokeReturn -O3 -findirect-dispatch execution - bytecode->native test
+FAIL: Invoke_1 execution - source compiled test
+FAIL: Invoke_1 execution - bytecode->native test
+FAIL: Invoke_1 -findirect-dispatch execution - bytecode->native test
+FAIL: Invoke_1 -O3 execution - source compiled test
+FAIL: Invoke_1 -O3 execution - bytecode->native test
+FAIL: Invoke_1 -O3 -findirect-dispatch execution - bytecode->native test
+FAIL: Invoke_2 execution - source compiled test
+FAIL: Invoke_2 execution - bytecode->native test
+FAIL: Invoke_2 -findirect-dispatch execution - bytecode->native test
+FAIL: Invoke_2 -O3 execution - source compiled test
+FAIL: Invoke_2 -O3 execution - bytecode->native test
+FAIL: Invoke_2 -O3 -findirect-dispatch execution - bytecode->native test
+FAIL: KeepInline execution - source compiled test
+FAIL: KeepInline execution - bytecode->native test
+FAIL: KeepInline -findirect-dispatch execution - bytecode->native test
+FAIL: KeepInline -O3 execution - source compiled test
+FAIL: KeepInline -O3 execution - bytecode->native test
+FAIL: KeepInline -O3 -findirect-dispatch execution - bytecode->native test
+FAIL: LargeFile execution - source compiled test
+FAIL: LargeFile execution - bytecode->native test
+FAIL: LargeFile -findirect-dispatch execution - bytecode->native test
+FAIL: LargeFile -O3 execution - source compiled test
+FAIL: LargeFile -O3 execution - bytecode->native test
+FAIL: LargeFile -O3 -findirect-dispatch execution - bytecode->native test
+FAIL: MathBuiltin execution - source compiled test
+FAIL: MathBuiltin execution - bytecode->native test
+FAIL: MathBuiltin -findirect-dispatch execution - bytecode->native test
+FAIL: MathBuiltin -O3 execution - source compiled test
+FAIL: MathBuiltin -O3 execution - bytecode->native test
+FAIL: MathBuiltin -O3 -findirect-dispatch execution - bytecode->native test
+FAIL: Matrix4f execution - source compiled test
+FAIL: Matrix4f execution - bytecode->native test
+FAIL: Matrix4f -findirect-dispatch execution - bytecode->native test
+FAIL: Matrix4f -O3 execution - source compiled test
+FAIL: Matrix4f -O3 execution - bytecode->native test
+FAIL: Matrix4f -O3 -findirect-dispatch execution - bytecode->native test
+FAIL: N19990310_02 execution - source compiled test
+FAIL: N19990310_02 execution - bytecode->native test
+FAIL: N19990310_02 -findirect-dispatch execution - bytecode->native test
+FAIL: N19990310_02 -O3 execution - source compiled test
+FAIL: N19990310_02 -O3 execution - bytecode->native test
+FAIL: N19990310_02 -O3 -findirect-dispatch execution - bytecode->native test
+FAIL: N19990310_3 execution - source compiled test
+FAIL: N19990310_3 execution - bytecode->native test
+FAIL: N19990310_3 -findirect-dispatch execution - bytecode->native test
+FAIL: N19990310_3 -O3 execution - source compiled test
+FAIL: N19990310_3 -O3 execution - bytecode->native test
+FAIL: N19990310_3 -O3 -findirect-dispatch execution - bytecode->native test
+FAIL: N19990310_4 execution - source compiled test
+FAIL: N19990310_4 execution - bytecode->native test
+FAIL: N19990310_4 -findirect-dispatch execution - bytecode->native test
+FAIL: N19990310_4 -O3 execution - source compiled test
+FAIL: N19990310_4 -O3 execution - bytecode->native test
+FAIL: N19990310_4 -O3 -findirect-dispatch execution - bytecode->native test
+FAIL: N19990310_5 execution - source compiled test
+FAIL: N19990310_5 execution - bytecode->native test
+FAIL: N19990310_5 -findirect-dispatch execution - bytecode->native test
+FAIL: N19990310_5 -O3 execution - source compiled test
+FAIL: N19990310_5 -O3 execution - bytecode->native test
+FAIL: N19990310_5 -O3 -findirect-dispatch execution - bytecode->native test
+FAIL: Overflow execution - source compiled test
+FAIL: Overflow execution - bytecode->native test
+FAIL: Overflow -findirect-dispatch execution - bytecode->native test
+FAIL: Overflow -O3 execution - source compiled test
+FAIL: Overflow -O3 execution - bytecode->native test
+FAIL: Overflow -O3 -findirect-dispatch execution - bytecode->native test
+FAIL: PR12350 execution - source compiled test
+FAIL: PR12350 execution - bytecode->native test
+FAIL: PR12350 -findirect-dispatch execution - bytecode->native test
+FAIL: PR12350 -O3 execution - source compiled test
+FAIL: PR12350 -O3 execution - bytecode->native test
+FAIL: PR12350 -O3 -findirect-dispatch execution - bytecode->native test
+FAIL: PR12416 execution - source compiled test
+FAIL: PR12416 execution - bytecode->native test
+FAIL: PR12416 -findirect-dispatch execution - bytecode->native test
+FAIL: PR12416 -O3 execution - source compiled test
+FAIL: PR12416 -O3 execution - bytecode->native test
+FAIL: PR12416 -O3 -findirect-dispatch execution - bytecode->native test
+FAIL: PR12656 execution - source compiled test
+FAIL: PR12656 execution - bytecode->native test
+FAIL: PR12656 -findirect-dispatch execution - bytecode->native test
+FAIL: PR12656 -O3 execution - source compiled test
+FAIL: PR12656 -O3 execution - bytecode->native test
+FAIL: PR12656 -O3 -findirect-dispatch execution - bytecode->native test
+FAIL: PR12915 execution - source compiled test
+FAIL: PR12915 execution - bytecode->native test
+FAIL: PR12915 -findirect-dispatch execution - bytecode->native test
+FAIL: PR12915 -O3 execution - source compiled test
+FAIL: PR12915 -O3 execution - bytecode->native test
+FAIL: PR12915 -O3 -findirect-dispatch execution - bytecode->native test
+FAIL: PR141 execution - source compiled test
+FAIL: PR141 execution - bytecode->native test
+FAIL: PR141 -findirect-dispatch execution - bytecode->native test
+FAIL: PR141 -O3 execution - source compiled test
+FAIL: PR141 -O3 execution - bytecode->native test
+FAIL: PR141 -O3 -findirect-dispatch execution - bytecode->native test
+FAIL: PR160 execution - source compiled test
+FAIL: PR160 execution - bytecode->native test
+FAIL: PR160 -findirect-dispatch execution - bytecode->native test
+FAIL: PR160 -O3 execution - source compiled test
+FAIL: PR160 -O3 execution - bytecode->native test
+FAIL: PR160 -O3 -findirect-dispatch execution - bytecode->native test
+FAIL: PR162 execution - source compiled test
+FAIL: PR162 execution - bytecode->native test
+FAIL: PR162 -findirect-dispatch execution - bytecode->native test
+FAIL: PR162 -O3 execution - source compiled test
+FAIL: PR162 -O3 execution - bytecode->native test
+FAIL: PR162 -O3 -findirect-dispatch execution - bytecode->native test
+FAIL: PR16867 execution - source compiled test
+FAIL: PR16867 execution - bytecode->native test
+FAIL: PR16867 -findirect-dispatch execution - bytecode->native test
+FAIL: PR16867 -O3 execution - source compiled test
+FAIL: PR16867 -O3 execution - bytecode->native test
+FAIL: PR16867 -O3 -findirect-dispatch execution - bytecode->native test
+FAIL: PR18699 execution - source compiled test
+FAIL: PR18699 execution - bytecode->native test
+FAIL: PR18699 -findirect-dispatch execution - bytecode->native test
+FAIL: PR18699 -O3 execution - source compiled test
+FAIL: PR18699 -O3 execution - bytecode->native test
+FAIL: PR18699 -O3 -findirect-dispatch execution - bytecode->native test
+FAIL: PR19870 execution - source compiled test
+FAIL: PR19870 execution - bytecode->native test
+FAIL: PR19870 -findirect-dispatch execution - bytecode->native test
+FAIL: PR19870 -O3 execution - source compiled test
+FAIL: PR19870 -O3 execution - bytecode->native test
+FAIL: PR19870 -O3 -findirect-dispatch execution - bytecode->native test
+FAIL: PR19870_2 execution - source compiled test
+FAIL: PR19870_2 execution - bytecode->native test
+FAIL: PR19870_2 -findirect-dispatch execution - bytecode->native test
+FAIL: PR19870_2 -O3 execution - source compiled test
+FAIL: PR19870_2 -O3 execution - bytecode->native test
+FAIL: PR19870_2 -O3 -findirect-dispatch execution - bytecode->native test
+FAIL: PR19921 execution - source compiled test
+FAIL: PR19921 execution - bytecode->native test
+FAIL: PR19921 -findirect-dispatch execution - bytecode->native test
+FAIL: PR19921 -O3 execution - source compiled test
+FAIL: PR19921 -O3 execution - bytecode->native test
+FAIL: PR19921 -O3 -findirect-dispatch execution - bytecode->native test
+FAIL: PR20056 execution - source compiled test
+FAIL: PR20056 execution - bytecode->native test
+FAIL: PR20056 -findirect-dispatch execution - bytecode->native test
+FAIL: PR20056 -O3 execution - source compiled test
+FAIL: PR20056 -O3 execution - bytecode->native test
+FAIL: PR20056 -O3 -findirect-dispatch execution - bytecode->native test
+FAIL: PR218 execution - source compiled test
+FAIL: PR218 execution - bytecode->native test
+FAIL: PR218 -findirect-dispatch execution - bytecode->native test
+FAIL: PR218 -O3 execution - source compiled test
+FAIL: PR218 -O3 execution - bytecode->native test
+FAIL: PR218 -O3 -findirect-dispatch execution - bytecode->native test
+FAIL: PR242 execution - source compiled test
+FAIL: PR242 execution - bytecode->native test
+FAIL: PR242 -findirect-dispatch execution - bytecode->native test
+FAIL: PR242 -O3 execution - source compiled test
+FAIL: PR242 -O3 execution - bytecode->native test
+FAIL: PR242 -O3 -findirect-dispatch execution - bytecode->native test
+FAIL: PR25535 execution - source compiled test
+FAIL: PR25535 execution - bytecode->native test
+FAIL: PR25535 -findirect-dispatch execution - bytecode->native test
+FAIL: PR25535 -O3 execution - source compiled test
+FAIL: PR25535 -O3 execution - bytecode->native test
+FAIL: PR25535 -O3 -findirect-dispatch execution - bytecode->native test
+FAIL: PR260 execution - source compiled test
+FAIL: PR260 execution - bytecode->native test
+FAIL: PR260 -findirect-dispatch execution - bytecode->native test
+FAIL: PR260 -O3 execution - source compiled test
+FAIL: PR260 -O3 execution - bytecode->native test
+FAIL: PR260 -O3 -findirect-dispatch execution - bytecode->native test
+FAIL: PR26858 execution - source compiled test
+FAIL: PR26858 execution - bytecode->native test
+FAIL: PR26858 -findirect-dispatch execution - bytecode->native test
+FAIL: PR26858 -O3 execution - source compiled test
+FAIL: PR26858 -O3 execution - bytecode->native test
+FAIL: PR26858 -O3 -findirect-dispatch execution - bytecode->native test
+FAIL: PR27908 execution - source compiled test
+FAIL: PR27908 execution - bytecode->native test
+FAIL: PR27908 -findirect-dispatch execution - bytecode->native test
+FAIL: PR27908 -O3 execution - source compiled test
+FAIL: PR27908 -O3 execution - bytecode->native test
+FAIL: PR27908 -O3 -findirect-dispatch execution - bytecode->native test
+FAIL: PR3096 execution - source compiled test
+FAIL: PR3096 execution - bytecode->native test
+FAIL: PR3096 -findirect-dispatch execution - bytecode->native test
+FAIL: PR3096 -O3 execution - source compiled test
+FAIL: PR3096 -O3 execution - bytecode->native test
+FAIL: PR3096 -O3 -findirect-dispatch execution - bytecode->native test
+FAIL: PR3731 execution - source compiled test
+FAIL: PR3731 execution - bytecode->native test
+FAIL: PR3731 -findirect-dispatch execution - bytecode->native test
+FAIL: PR3731 -O3 execution - source compiled test
+FAIL: PR3731 -O3 execution - bytecode->native test
+FAIL: PR3731 -O3 -findirect-dispatch execution - bytecode->native test
+FAIL: PR5057 execution - source compiled test
+FAIL: PR5057 execution - bytecode->native test
+FAIL: PR5057 -findirect-dispatch execution - bytecode->native test
+FAIL: PR5057 -O3 execution - source compiled test
+FAIL: PR5057 -O3 execution - bytecode->native test
+FAIL: PR5057 -O3 -findirect-dispatch execution - bytecode->native test
+FAIL: PR5057_2 execution - source compiled test
+FAIL: PR5057_2 execution - bytecode->native test
+FAIL: PR5057_2 -findirect-dispatch execution - bytecode->native test
+FAIL: PR5057_2 -O3 execution - source compiled test
+FAIL: PR5057_2 -O3 execution - bytecode->native test
+FAIL: PR5057_2 -O3 -findirect-dispatch execution - bytecode->native test
+FAIL: PR55 execution - source compiled test
+FAIL: PR55 execution - bytecode->native test
+FAIL: PR55 -findirect-dispatch execution - bytecode->native test
+FAIL: PR55 -O3 execution - source compiled test
+FAIL: PR55 -O3 execution - bytecode->native test
+FAIL: PR55 -O3 -findirect-dispatch execution - bytecode->native test
+FAIL: PR56 execution - source compiled test
+FAIL: PR56 execution - bytecode->native test
+FAIL: PR56 -findirect-dispatch execution - bytecode->native test
+FAIL: PR56 -O3 execution - source compiled test
+FAIL: PR56 -O3 execution - bytecode->native test
+FAIL: PR56 -O3 -findirect-dispatch execution - bytecode->native test
+FAIL: PR6085 execution - source compiled test
+FAIL: PR6085 execution - bytecode->native test
+FAIL: PR6085 -findirect-dispatch execution - bytecode->native test
+FAIL: PR6085 -O3 execution - source compiled test
+FAIL: PR6085 -O3 execution - bytecode->native test
+FAIL: PR6085 -O3 -findirect-dispatch execution - bytecode->native test
+FAIL: PR6204 execution - source compiled test
+FAIL: PR6204 execution - bytecode->native test
+FAIL: PR6204 -findirect-dispatch execution - bytecode->native test
+FAIL: PR6204 -O3 execution - source compiled test
+FAIL: PR6204 -O3 execution - bytecode->native test
+FAIL: PR6204 -O3 -findirect-dispatch execution - bytecode->native test
+FAIL: PR6729 execution - source compiled test
+FAIL: PR6729 execution - bytecode->native test
+FAIL: PR6729 -findirect-dispatch execution - bytecode->native test
+FAIL: PR6729 -O3 execution - source compiled test
+FAIL: PR6729 -O3 execution - bytecode->native test
+FAIL: PR6729 -O3 -findirect-dispatch execution - bytecode->native test
+FAIL: PR6820 execution - source compiled test
+FAIL: PR6820 execution - bytecode->native test
+FAIL: PR6820 -findirect-dispatch execution - bytecode->native test
+FAIL: PR6820 -O3 execution - source compiled test
+FAIL: PR6820 -O3 execution - bytecode->native test
+FAIL: PR6820 -O3 -findirect-dispatch execution - bytecode->native test
+FAIL: PR7482 execution - source compiled test
+FAIL: PR7482 execution - bytecode->native test
+FAIL: PR7482 -findirect-dispatch execution - bytecode->native test
+FAIL: PR7482 -O3 execution - source compiled test
+FAIL: PR7482 -O3 execution - bytecode->native test
+FAIL: PR7482 -O3 -findirect-dispatch execution - bytecode->native test
+FAIL: Process_1 execution - source compiled test
+FAIL: Process_1 execution - bytecode->native test
+FAIL: Process_1 -findirect-dispatch execution - bytecode->native test
+FAIL: Process_1 -O3 execution - source compiled test
+FAIL: Process_1 -O3 execution - bytecode->native test
+FAIL: Process_1 -O3 -findirect-dispatch execution - bytecode->native test
+FAIL: Process_2 execution - source compiled test
+FAIL: Process_2 execution - bytecode->native test
+FAIL: Process_2 -findirect-dispatch execution - bytecode->native test
+FAIL: Process_2 -O3 execution - source compiled test
+FAIL: Process_2 -O3 execution - bytecode->native test
+FAIL: Process_2 -O3 -findirect-dispatch execution - bytecode->native test
+FAIL: Process_3 execution - source compiled test
+FAIL: Process_3 execution - bytecode->native test
+FAIL: Process_3 -findirect-dispatch execution - bytecode->native test
+FAIL: Process_3 -O3 execution - source compiled test
+FAIL: Process_3 -O3 execution - bytecode->native test
+FAIL: Process_3 -O3 -findirect-dispatch execution - bytecode->native test
+FAIL: Process_4 execution - source compiled test
+FAIL: Process_4 execution - bytecode->native test
+FAIL: Process_4 -findirect-dispatch execution - bytecode->native test
+FAIL: Process_4 -O3 execution - source compiled test
+FAIL: Process_4 -O3 execution - bytecode->native test
+FAIL: Process_4 -O3 -findirect-dispatch execution - bytecode->native test
+FAIL: Process_5 execution - source compiled test
+FAIL: Process_5 execution - bytecode->native test
+FAIL: Process_5 -findirect-dispatch execution - bytecode->native test
+FAIL: Process_5 -O3 execution - source compiled test
+FAIL: Process_5 -O3 execution - bytecode->native test
+FAIL: Process_5 -O3 -findirect-dispatch execution - bytecode->native test
+FAIL: Process_6 execution - source compiled test
+FAIL: Process_6 execution - bytecode->native test
+FAIL: Process_6 -findirect-dispatch execution - bytecode->native test
+FAIL: Process_6 -O3 execution - source compiled test
+FAIL: Process_6 -O3 execution - bytecode->native test
+FAIL: Process_6 -O3 -findirect-dispatch execution - bytecode->native test
+FAIL: Serialization execution - source compiled test
+FAIL: Serialization execution - bytecode->native test
+FAIL: Serialization -findirect-dispatch execution - bytecode->native test
+FAIL: Serialization -O3 execution - source compiled test
+FAIL: Serialization -O3 execution - bytecode->native test
+FAIL: Serialization -O3 -findirect-dispatch execution - bytecode->native test
+FAIL: Shazam execution - source compiled test
+FAIL: Shazam execution - bytecode->native test
+FAIL: Shazam -findirect-dispatch execution - bytecode->native test
+FAIL: Shazam -O3 execution - source compiled test
+FAIL: Shazam -O3 execution - bytecode->native test
+FAIL: Shazam -O3 -findirect-dispatch execution - bytecode->native test
+FAIL: StaticConstructor execution - source compiled test
+FAIL: StaticConstructor execution - bytecode->native test
+FAIL: StaticConstructor -findirect-dispatch execution - bytecode->native test
+FAIL: StaticConstructor -O3 execution - source compiled test
+FAIL: StaticConstructor -O3 execution - bytecode->native test
+FAIL: StaticConstructor -O3 -findirect-dispatch execution - bytecode->native test
+FAIL: StringBuffer_1 execution - source compiled test
+FAIL: StringBuffer_1 execution - bytecode->native test
+FAIL: StringBuffer_1 -findirect-dispatch execution - bytecode->native test
+FAIL: StringBuffer_1 -O3 execution - source compiled test
+FAIL: StringBuffer_1 -O3 execution - bytecode->native test
+FAIL: StringBuffer_1 -O3 -findirect-dispatch execution - bytecode->native test
+FAIL: StringBuffer_overflow execution - source compiled test
+FAIL: StringBuffer_overflow execution - bytecode->native test
+FAIL: StringBuffer_overflow -findirect-dispatch execution - bytecode->native test
+FAIL: StringBuffer_overflow -O3 execution - source compiled test
+FAIL: StringBuffer_overflow -O3 execution - bytecode->native test
+FAIL: StringBuffer_overflow -O3 -findirect-dispatch execution - bytecode->native test
+FAIL: String_overflow execution - source compiled test
+FAIL: String_overflow execution - bytecode->native test
+FAIL: String_overflow -findirect-dispatch execution - bytecode->native test
+FAIL: String_overflow -O3 execution - source compiled test
+FAIL: String_overflow -O3 execution - bytecode->native test
+FAIL: String_overflow -O3 -findirect-dispatch execution - bytecode->native test
+FAIL: SyncGlobal execution - source compiled test
+FAIL: SyncGlobal execution - bytecode->native test
+FAIL: SyncGlobal -findirect-dispatch execution - bytecode->native test
+FAIL: SyncGlobal -O3 execution - source compiled test
+FAIL: SyncGlobal -O3 execution - bytecode->native test
+FAIL: SyncGlobal -O3 -findirect-dispatch execution - bytecode->native test
+FAIL: SyncTest execution - source compiled test
+FAIL: SyncTest execution - bytecode->native test
+FAIL: SyncTest -findirect-dispatch execution - bytecode->native test
+FAIL: SyncTest -O3 execution - source compiled test
+FAIL: SyncTest -O3 execution - bytecode->native test
+FAIL: SyncTest -O3 -findirect-dispatch execution - bytecode->native test
+FAIL: Synch execution - source compiled test
+FAIL: Synch execution - bytecode->native test
+FAIL: Synch -findirect-dispatch execution - bytecode->native test
+FAIL: Synch -O3 execution - source compiled test
+FAIL: Synch -O3 execution - bytecode->native test
+FAIL: Synch -O3 -findirect-dispatch execution - bytecode->native test
+FAIL: TLtest execution - source compiled test
+FAIL: TLtest execution - bytecode->native test
+FAIL: TLtest -findirect-dispatch execution - bytecode->native test
+FAIL: TLtest -O3 execution - source compiled test
+FAIL: TLtest -O3 execution - bytecode->native test
+FAIL: TLtest -O3 -findirect-dispatch execution - bytecode->native test
+FAIL: Thread_Alive execution - source compiled test
+FAIL: Thread_Alive execution - bytecode->native test
+FAIL: Thread_Alive -findirect-dispatch execution - bytecode->native test
+FAIL: Thread_Alive -O3 execution - source compiled test
+FAIL: Thread_Alive -O3 execution - bytecode->native test
+FAIL: Thread_Alive -O3 -findirect-dispatch execution - bytecode->native test
+FAIL: Thread_HoldsLock execution - source compiled test
+FAIL: Thread_HoldsLock execution - bytecode->native test
+FAIL: Thread_HoldsLock -findirect-dispatch execution - bytecode->native test
+FAIL: Thread_HoldsLock -O3 execution - source compiled test
+FAIL: Thread_HoldsLock -O3 execution - bytecode->native test
+FAIL: Thread_HoldsLock -O3 -findirect-dispatch execution - bytecode->native test
+FAIL: Thread_Interrupt execution - source compiled test
+FAIL: Thread_Interrupt execution - bytecode->native test
+FAIL: Thread_Interrupt -findirect-dispatch execution - bytecode->native test
+FAIL: Thread_Interrupt -O3 execution - source compiled test
+FAIL: Thread_Interrupt -O3 execution - bytecode->native test
+FAIL: Thread_Interrupt -O3 -findirect-dispatch execution - bytecode->native test
+FAIL: Thread_Join execution - source compiled test
+FAIL: Thread_Join execution - bytecode->native test
+FAIL: Thread_Join -findirect-dispatch execution - bytecode->native test
+FAIL: Thread_Join -O3 execution - source compiled test
+FAIL: Thread_Join -O3 execution - bytecode->native test
+FAIL: Thread_Join -O3 -findirect-dispatch execution - bytecode->native test
+FAIL: Thread_Monitor execution - source compiled test
+FAIL: Thread_Monitor execution - bytecode->native test
+FAIL: Thread_Monitor -findirect-dispatch execution - bytecode->native test
+FAIL: Thread_Monitor -O3 execution - source compiled test
+FAIL: Thread_Monitor -O3 execution - bytecode->native test
+FAIL: Thread_Monitor -O3 -findirect-dispatch execution - bytecode->native test
+FAIL: Thread_Sleep execution - source compiled test
+FAIL: Thread_Sleep execution - bytecode->native test
+FAIL: Thread_Sleep -findirect-dispatch execution - bytecode->native test
+FAIL: Thread_Sleep -O3 execution - source compiled test
+FAIL: Thread_Sleep -O3 execution - bytecode->native test
+FAIL: Thread_Sleep -O3 -findirect-dispatch execution - bytecode->native test
+FAIL: Thread_Wait execution - source compiled test
+FAIL: Thread_Wait execution - bytecode->native test
+FAIL: Thread_Wait -findirect-dispatch execution - bytecode->native test
+FAIL: Thread_Wait -O3 execution - source compiled test
+FAIL: Thread_Wait -O3 execution - bytecode->native test
+FAIL: Thread_Wait -O3 -findirect-dispatch execution - bytecode->native test
+FAIL: Thread_Wait_2 execution - source compiled test
+FAIL: Thread_Wait_2 execution - bytecode->native test
+FAIL: Thread_Wait_2 -findirect-dispatch execution - bytecode->native test
+FAIL: Thread_Wait_2 -O3 execution - source compiled test
+FAIL: Thread_Wait_2 -O3 execution - bytecode->native test
+FAIL: Thread_Wait_2 -O3 -findirect-dispatch execution - bytecode->native test
+FAIL: Thread_Wait_Interrupt execution - source compiled test
+FAIL: Thread_Wait_Interrupt execution - bytecode->native test
+FAIL: Thread_Wait_Interrupt -findirect-dispatch execution - bytecode->native test
+FAIL: Thread_Wait_Interrupt -O3 execution - source compiled test
+FAIL: Thread_Wait_Interrupt -O3 execution - bytecode->native test
+FAIL: Thread_Wait_Interrupt -O3 -findirect-dispatch execution - bytecode->native test
+FAIL: Throw_1 execution - source compiled test
+FAIL: Throw_1 execution - bytecode->native test
+FAIL: Throw_1 -findirect-dispatch execution - bytecode->native test
+FAIL: Throw_1 -O3 execution - source compiled test
+FAIL: Throw_1 -O3 execution - bytecode->native test
+FAIL: Throw_1 -O3 -findirect-dispatch execution - bytecode->native test
+FAIL: Throw_2 execution - source compiled test
+FAIL: Throw_2 execution - bytecode->native test
+FAIL: Throw_2 -findirect-dispatch execution - bytecode->native test
+FAIL: Throw_2 -O3 execution - source compiled test
+FAIL: Throw_2 -O3 execution - bytecode->native test
+FAIL: Throw_2 -O3 -findirect-dispatch execution - bytecode->native test
+FAIL: anfi execution - source compiled test
+FAIL: anfi execution - bytecode->native test
+FAIL: anfi -findirect-dispatch execution - bytecode->native test
+FAIL: anfi -O3 execution - source compiled test
+FAIL: anfi -O3 execution - bytecode->native test
+FAIL: anfi -O3 -findirect-dispatch execution - bytecode->native test
+FAIL: anon execution - source compiled test
+FAIL: anon execution - bytecode->native test
+FAIL: anon -findirect-dispatch execution - bytecode->native test
+FAIL: anon -O3 execution - source compiled test
+FAIL: anon -O3 execution - bytecode->native test
+FAIL: anon -O3 -findirect-dispatch execution - bytecode->native test
+FAIL: anon2 execution - source compiled test
+FAIL: anon2 execution - bytecode->native test
+FAIL: anon2 -findirect-dispatch execution - bytecode->native test
+FAIL: anon2 -O3 execution - source compiled test
+FAIL: anon2 -O3 execution - bytecode->native test
+FAIL: anon2 -O3 -findirect-dispatch execution - bytecode->native test
+FAIL: anon3 execution - source compiled test
+FAIL: anon3 execution - bytecode->native test
+FAIL: anon3 -findirect-dispatch execution - bytecode->native test
+FAIL: anon3 -O3 execution - source compiled test
+FAIL: anon3 -O3 execution - bytecode->native test
+FAIL: anon3 -O3 -findirect-dispatch execution - bytecode->native test
+FAIL: anon4 execution - source compiled test
+FAIL: anon4 execution - bytecode->native test
+FAIL: anon4 -findirect-dispatch execution - bytecode->native test
+FAIL: anon4 -O3 execution - source compiled test
+FAIL: anon4 -O3 execution - bytecode->native test
+FAIL: anon4 -O3 -findirect-dispatch execution - bytecode->native test
+FAIL: anon_ctor_itf_arg execution - source compiled test
+FAIL: anon_ctor_itf_arg execution - bytecode->native test
+FAIL: anon_ctor_itf_arg -findirect-dispatch execution - bytecode->native test
+FAIL: anon_ctor_itf_arg -O3 execution - source compiled test
+FAIL: anon_ctor_itf_arg -O3 execution - bytecode->native test
+FAIL: anon_ctor_itf_arg -O3 -findirect-dispatch execution - bytecode->native test
+FAIL: anonarray execution - source compiled test
+FAIL: anonarray execution - bytecode->native test
+FAIL: anonarray -findirect-dispatch execution - bytecode->native test
+FAIL: anonarray -O3 execution - source compiled test
+FAIL: anonarray -O3 execution - bytecode->native test
+FAIL: anonarray -O3 -findirect-dispatch execution - bytecode->native test
+FAIL: anonarray2 execution - source compiled test
+FAIL: anonarray2 execution - bytecode->native test
+FAIL: anonarray2 -findirect-dispatch execution - bytecode->native test
+FAIL: anonarray2 -O3 execution - source compiled test
+FAIL: anonarray2 -O3 execution - bytecode->native test
+FAIL: anonarray2 -O3 -findirect-dispatch execution - bytecode->native test
+FAIL: anonarray3 execution - source compiled test
+FAIL: anonarray3 execution - bytecode->native test
+FAIL: anonarray3 -findirect-dispatch execution - bytecode->native test
+FAIL: anonarray3 -O3 execution - source compiled test
+FAIL: anonarray3 -O3 execution - bytecode->native test
+FAIL: anonarray3 -O3 -findirect-dispatch execution - bytecode->native test
+FAIL: assign execution - source compiled test
+FAIL: assign execution - bytecode->native test
+FAIL: assign -findirect-dispatch execution - bytecode->native test
+FAIL: assign -O3 execution - source compiled test
+FAIL: assign -O3 execution - bytecode->native test
+FAIL: assign -O3 -findirect-dispatch execution - bytecode->native test
+FAIL: assign2 execution - source compiled test
+FAIL: assign2 execution - bytecode->native test
+FAIL: assign2 -findirect-dispatch execution - bytecode->native test
+FAIL: assign2 -O3 execution - source compiled test
+FAIL: assign2 -O3 execution - bytecode->native test
+FAIL: assign2 -O3 -findirect-dispatch execution - bytecode->native test
+FAIL: bclink execution - source compiled test
+FAIL: bclink execution - bytecode->native test
+FAIL: bclink -findirect-dispatch execution - bytecode->native test
+FAIL: bclink -O3 execution - source compiled test
+FAIL: bclink -O3 execution - bytecode->native test
+FAIL: bclink -O3 -findirect-dispatch execution - bytecode->native test
+FAIL: bytearray execution - source compiled test
+FAIL: bytearray execution - bytecode->native test
+FAIL: bytearray -findirect-dispatch execution - bytecode->native test
+FAIL: bytearray -O3 execution - source compiled test
+FAIL: bytearray -O3 execution - bytecode->native test
+FAIL: bytearray -O3 -findirect-dispatch execution - bytecode->native test
+FAIL: direct_read execution - source compiled test
+FAIL: direct_read execution - bytecode->native test
+FAIL: direct_read -findirect-dispatch execution - bytecode->native test
+FAIL: direct_read -O3 execution - source compiled test
+FAIL: direct_read -O3 execution - bytecode->native test
+FAIL: direct_read -O3 -findirect-dispatch execution - bytecode->native test
+FAIL: direct_write execution - source compiled test
+FAIL: direct_write execution - bytecode->native test
+FAIL: direct_write -findirect-dispatch execution - bytecode->native test
+FAIL: direct_write -O3 execution - source compiled test
+FAIL: direct_write -O3 execution - bytecode->native test
+FAIL: direct_write -O3 -findirect-dispatch execution - bytecode->native test
+FAIL: emptystring execution - source compiled test
+FAIL: emptystring execution - bytecode->native test
+FAIL: emptystring -findirect-dispatch execution - bytecode->native test
+FAIL: emptystring -O3 execution - source compiled test
+FAIL: emptystring -O3 execution - bytecode->native test
+FAIL: emptystring -O3 -findirect-dispatch execution - bytecode->native test
+FAIL: err1 execution - source compiled test
+FAIL: err1 execution - bytecode->native test
+FAIL: err1 -findirect-dispatch execution - bytecode->native test
+FAIL: err1 -O3 execution - source compiled test
+FAIL: err1 -O3 execution - bytecode->native test
+FAIL: err1 -O3 -findirect-dispatch execution - bytecode->native test
+FAIL: err10 execution - source compiled test
+FAIL: err10 execution - bytecode->native test
+FAIL: err10 -findirect-dispatch execution - bytecode->native test
+FAIL: err10 -O3 execution - source compiled test
+FAIL: err10 -O3 execution - bytecode->native test
+FAIL: err10 -O3 -findirect-dispatch execution - bytecode->native test
+FAIL: err11 execution - source compiled test
+FAIL: err11 execution - bytecode->native test
+FAIL: err11 -findirect-dispatch execution - bytecode->native test
+FAIL: err11 -O3 execution - source compiled test
+FAIL: err11 -O3 execution - bytecode->native test
+FAIL: err11 -O3 -findirect-dispatch execution - bytecode->native test
+FAIL: err12 execution - source compiled test
+FAIL: err12 execution - bytecode->native test
+FAIL: err12 -findirect-dispatch execution - bytecode->native test
+FAIL: err12 -O3 execution - source compiled test
+FAIL: err12 -O3 execution - bytecode->native test
+FAIL: err12 -O3 -findirect-dispatch execution - bytecode->native test
+FAIL: err13 execution - source compiled test
+FAIL: err13 execution - bytecode->native test
+FAIL: err13 -findirect-dispatch execution - bytecode->native test
+FAIL: err13 -O3 execution - source compiled test
+FAIL: err13 -O3 execution - bytecode->native test
+FAIL: err13 -O3 -findirect-dispatch execution - bytecode->native test
+FAIL: err14 execution - source compiled test
+FAIL: err14 execution - bytecode->native test
+FAIL: err14 -findirect-dispatch execution - bytecode->native test
+FAIL: err14 -O3 execution - source compiled test
+FAIL: err14 -O3 execution - bytecode->native test
+FAIL: err14 -O3 -findirect-dispatch execution - bytecode->native test
+FAIL: err2 execution - source compiled test
+FAIL: err2 execution - bytecode->native test
+FAIL: err2 -findirect-dispatch execution - bytecode->native test
+FAIL: err2 -O3 execution - source compiled test
+FAIL: err2 -O3 execution - bytecode->native test
+FAIL: err2 -O3 -findirect-dispatch execution - bytecode->native test
+FAIL: err3 execution - source compiled test
+FAIL: err3 execution - bytecode->native test
+FAIL: err3 -findirect-dispatch execution - bytecode->native test
+FAIL: err3 -O3 execution - source compiled test
+FAIL: err3 -O3 execution - bytecode->native test
+FAIL: err3 -O3 -findirect-dispatch execution - bytecode->native test
+FAIL: err4 execution - source compiled test
+FAIL: err4 execution - bytecode->native test
+FAIL: err4 -findirect-dispatch execution - bytecode->native test
+FAIL: err4 -O3 execution - source compiled test
+FAIL: err4 -O3 execution - bytecode->native test
+FAIL: err4 -O3 -findirect-dispatch execution - bytecode->native test
+FAIL: err5 execution - source compiled test
+FAIL: err5 execution - bytecode->native test
+FAIL: err5 -findirect-dispatch execution - bytecode->native test
+FAIL: err5 -O3 execution - source compiled test
+FAIL: err5 -O3 execution - bytecode->native test
+FAIL: err5 -O3 -findirect-dispatch execution - bytecode->native test
+FAIL: err6 execution - source compiled test
+FAIL: err6 execution - bytecode->native test
+FAIL: err6 -findirect-dispatch execution - bytecode->native test
+FAIL: err6 -O3 execution - source compiled test
+FAIL: err6 -O3 execution - bytecode->native test
+FAIL: err6 -O3 -findirect-dispatch execution - bytecode->native test
+FAIL: err7 execution - source compiled test
+FAIL: err7 execution - bytecode->native test
+FAIL: err7 -findirect-dispatch execution - bytecode->native test
+FAIL: err7 -O3 execution - source compiled test
+FAIL: err7 -O3 execution - bytecode->native test
+FAIL: err7 -O3 -findirect-dispatch execution - bytecode->native test
+FAIL: err8 execution - source compiled test
+FAIL: err8 execution - bytecode->native test
+FAIL: err8 -findirect-dispatch execution - bytecode->native test
+FAIL: err8 -O3 execution - source compiled test
+FAIL: err8 -O3 execution - bytecode->native test
+FAIL: err8 -O3 -findirect-dispatch execution - bytecode->native test
+FAIL: err9 execution - source compiled test
+FAIL: err9 execution - bytecode->native test
+FAIL: err9 -findirect-dispatch execution - bytecode->native test
+FAIL: err9 -O3 execution - source compiled test
+FAIL: err9 -O3 execution - bytecode->native test
+FAIL: err9 -O3 -findirect-dispatch execution - bytecode->native test
+FAIL: final_inner execution - source compiled test
+FAIL: final_inner execution - bytecode->native test
+FAIL: final_inner -findirect-dispatch execution - bytecode->native test
+FAIL: final_inner -O3 execution - source compiled test
+FAIL: final_inner -O3 execution - bytecode->native test
+FAIL: final_inner -O3 -findirect-dispatch execution - bytecode->native test
+FAIL: final_int execution - source compiled test
+FAIL: final_int execution - bytecode->native test
+FAIL: final_int -findirect-dispatch execution - bytecode->native test
+FAIL: final_int -O3 execution - source compiled test
+FAIL: final_int -O3 execution - bytecode->native test
+FAIL: final_int -O3 -findirect-dispatch execution - bytecode->native test
+FAIL: final_static_and_friend execution - source compiled test
+FAIL: final_static_and_friend execution - bytecode->native test
+FAIL: final_static_and_friend -findirect-dispatch execution - bytecode->native test
+FAIL: final_static_and_friend -O3 execution - source compiled test
+FAIL: final_static_and_friend -O3 execution - bytecode->native test
+FAIL: final_static_and_friend -O3 -findirect-dispatch execution - bytecode->native test
+FAIL: indirect execution - source compiled test
+FAIL: indirect execution - bytecode->native test
+FAIL: indirect -findirect-dispatch execution - bytecode->native test
+FAIL: indirect -O3 execution - source compiled test
+FAIL: indirect -O3 execution - bytecode->native test
+FAIL: indirect -O3 -findirect-dispatch execution - bytecode->native test
+FAIL: indirect_read execution - source compiled test
+FAIL: indirect_read execution - bytecode->native test
+FAIL: indirect_read -findirect-dispatch execution - bytecode->native test
+FAIL: indirect_read -O3 execution - source compiled test
+FAIL: indirect_read -O3 execution - bytecode->native test
+FAIL: indirect_read -O3 -findirect-dispatch execution - bytecode->native test
+FAIL: indirect_write execution - source compiled test
+FAIL: indirect_write execution - bytecode->native test
+FAIL: indirect_write -findirect-dispatch execution - bytecode->native test
+FAIL: indirect_write -O3 execution - source compiled test
+FAIL: indirect_write -O3 execution - bytecode->native test
+FAIL: indirect_write -O3 -findirect-dispatch execution - bytecode->native test
+FAIL: initexc execution - source compiled test
+FAIL: initexc execution - bytecode->native test
+FAIL: initexc -findirect-dispatch execution - bytecode->native test
+FAIL: initexc -O3 execution - source compiled test
+FAIL: initexc -O3 execution - bytecode->native test
+FAIL: initexc -O3 -findirect-dispatch execution - bytecode->native test
+FAIL: initfield execution - source compiled test
+FAIL: initfield execution - bytecode->native test
+FAIL: initfield -findirect-dispatch execution - bytecode->native test
+FAIL: initfield -O3 execution - source compiled test
+FAIL: initfield -O3 execution - bytecode->native test
+FAIL: initfield -O3 -findirect-dispatch execution - bytecode->native test
+FAIL: inline execution - source compiled test
+FAIL: inline execution - bytecode->native test
+FAIL: inline -findirect-dispatch execution - bytecode->native test
+FAIL: inline -O3 execution - source compiled test
+FAIL: inline -O3 execution - bytecode->native test
+FAIL: inline -O3 -findirect-dispatch execution - bytecode->native test
+FAIL: inner1 execution - source compiled test
+FAIL: inner1 execution - bytecode->native test
+FAIL: inner1 -findirect-dispatch execution - bytecode->native test
+FAIL: inner1 -O3 execution - source compiled test
+FAIL: inner1 -O3 execution - bytecode->native test
+FAIL: inner1 -O3 -findirect-dispatch execution - bytecode->native test
+FAIL: inner2 execution - source compiled test
+FAIL: inner2 execution - bytecode->native test
+FAIL: inner2 -findirect-dispatch execution - bytecode->native test
+FAIL: inner2 -O3 execution - source compiled test
+FAIL: inner2 -O3 execution - bytecode->native test
+FAIL: inner2 -O3 -findirect-dispatch execution - bytecode->native test
+FAIL: inner3 execution - source compiled test
+FAIL: inner3 execution - bytecode->native test
+FAIL: inner3 -findirect-dispatch execution - bytecode->native test
+FAIL: inner3 -O3 execution - source compiled test
+FAIL: inner3 -O3 execution - bytecode->native test
+FAIL: inner3 -O3 -findirect-dispatch execution - bytecode->native test
+FAIL: inner4 execution - source compiled test
+FAIL: inner4 execution - bytecode->native test
+FAIL: inner4 -findirect-dispatch execution - bytecode->native test
+FAIL: inner4 -O3 execution - source compiled test
+FAIL: inner4 -O3 execution - bytecode->native test
+FAIL: inner4 -O3 -findirect-dispatch execution - bytecode->native test
+FAIL: inner_array execution - source compiled test
+FAIL: inner_array execution - bytecode->native test
+FAIL: inner_array -findirect-dispatch execution - bytecode->native test
+FAIL: inner_array -O3 execution - source compiled test
+FAIL: inner_array -O3 execution - bytecode->native test
+FAIL: inner_array -O3 -findirect-dispatch execution - bytecode->native test
+FAIL: inner_interface execution - source compiled test
+FAIL: inner_interface execution - bytecode->native test
+FAIL: inner_interface -findirect-dispatch execution - bytecode->native test
+FAIL: inner_interface -O3 execution - source compiled test
+FAIL: inner_interface -O3 execution - bytecode->native test
+FAIL: inner_interface -O3 -findirect-dispatch execution - bytecode->native test
+FAIL: instance execution - source compiled test
+FAIL: instance execution - bytecode->native test
+FAIL: instance -findirect-dispatch execution - bytecode->native test
+FAIL: instance -O3 execution - source compiled test
+FAIL: instance -O3 execution - bytecode->native test
+FAIL: instance -O3 -findirect-dispatch execution - bytecode->native test
+FAIL: instinit execution - source compiled test
+FAIL: instinit execution - bytecode->native test
+FAIL: instinit -findirect-dispatch execution - bytecode->native test
+FAIL: instinit -O3 execution - source compiled test
+FAIL: instinit -O3 execution - bytecode->native test
+FAIL: instinit -O3 -findirect-dispatch execution - bytecode->native test
+FAIL: instinit2 execution - source compiled test
+FAIL: instinit2 execution - bytecode->native test
+FAIL: instinit2 -findirect-dispatch execution - bytecode->native test
+FAIL: instinit2 -O3 execution - source compiled test
+FAIL: instinit2 -O3 execution - bytecode->native test
+FAIL: instinit2 -O3 -findirect-dispatch execution - bytecode->native test
+FAIL: invoke_from_inner execution - source compiled test
+FAIL: invoke_from_inner execution - bytecode->native test
+FAIL: invoke_from_inner -findirect-dispatch execution - bytecode->native test
+FAIL: invoke_from_inner -O3 execution - source compiled test
+FAIL: invoke_from_inner -O3 execution - bytecode->native test
+FAIL: invoke_from_inner -O3 -findirect-dispatch execution - bytecode->native test
+FAIL: invokethrow execution - source compiled test
+FAIL: invokethrow execution - bytecode->native test
+FAIL: invokethrow -findirect-dispatch execution - bytecode->native test
+FAIL: invokethrow -O3 execution - source compiled test
+FAIL: invokethrow -O3 execution - bytecode->native test
+FAIL: invokethrow -O3 -findirect-dispatch execution - bytecode->native test
+FAIL: klass execution - source compiled test
+FAIL: klass execution - bytecode->native test
+FAIL: klass -findirect-dispatch execution - bytecode->native test
+FAIL: klass -O3 execution - source compiled test
+FAIL: klass -O3 execution - bytecode->native test
+FAIL: klass -O3 -findirect-dispatch execution - bytecode->native test
+FAIL: md5test execution - source compiled test
+FAIL: md5test execution - bytecode->native test
+FAIL: md5test -findirect-dispatch execution - bytecode->native test
+FAIL: md5test -O3 execution - source compiled test
+FAIL: md5test -O3 execution - bytecode->native test
+FAIL: md5test -O3 -findirect-dispatch execution - bytecode->native test
+FAIL: multiple_finit execution - source compiled test
+FAIL: multiple_finit execution - bytecode->native test
+FAIL: multiple_finit -findirect-dispatch execution - bytecode->native test
+FAIL: multiple_finit -O3 execution - source compiled test
+FAIL: multiple_finit -O3 execution - bytecode->native test
+FAIL: multiple_finit -O3 -findirect-dispatch execution - bytecode->native test
+FAIL: negzero execution - source compiled test
+FAIL: negzero execution - bytecode->native test
+FAIL: negzero -findirect-dispatch execution - bytecode->native test
+FAIL: negzero -O3 execution - source compiled test
+FAIL: negzero -O3 execution - bytecode->native test
+FAIL: negzero -O3 -findirect-dispatch execution - bytecode->native test
+FAIL: nested_with_ctor execution - source compiled test
+FAIL: nested_with_ctor execution - bytecode->native test
+FAIL: nested_with_ctor -findirect-dispatch execution - bytecode->native test
+FAIL: nested_with_ctor -O3 execution - source compiled test
+FAIL: nested_with_ctor -O3 execution - bytecode->native test
+FAIL: nested_with_ctor -O3 -findirect-dispatch execution - bytecode->native test
+FAIL: override execution - source compiled test
+FAIL: override execution - bytecode->native test
+FAIL: override -findirect-dispatch execution - bytecode->native test
+FAIL: override -O3 execution - source compiled test
+FAIL: override -O3 execution - bytecode->native test
+FAIL: override -O3 -findirect-dispatch execution - bytecode->native test
+FAIL: pr109 execution - source compiled test
+FAIL: pr109 execution - bytecode->native test
+FAIL: pr109 -findirect-dispatch execution - bytecode->native test
+FAIL: pr109 -O3 execution - source compiled test
+FAIL: pr109 -O3 execution - bytecode->native test
+FAIL: pr109 -O3 -findirect-dispatch execution - bytecode->native test
+FAIL: pr13107 execution - source compiled test
+FAIL: pr13107 execution - bytecode->native test
+FAIL: pr13107 -findirect-dispatch execution - bytecode->native test
+FAIL: pr13107 -O3 execution - source compiled test
+FAIL: pr13107 -O3 execution - bytecode->native test
+FAIL: pr13107 -O3 -findirect-dispatch execution - bytecode->native test
+FAIL: pr13107_2 execution - source compiled test
+FAIL: pr13107_2 execution - bytecode->native test
+FAIL: pr13107_2 -findirect-dispatch execution - bytecode->native test
+FAIL: pr13107_2 -O3 execution - source compiled test
+FAIL: pr13107_2 -O3 execution - bytecode->native test
+FAIL: pr13107_2 -O3 -findirect-dispatch execution - bytecode->native test
+FAIL: pr13107_3 execution - source compiled test
+FAIL: pr13107_3 execution - bytecode->native test
+FAIL: pr13107_3 -findirect-dispatch execution - bytecode->native test
+FAIL: pr13107_3 -O3 execution - source compiled test
+FAIL: pr13107_3 -O3 execution - bytecode->native test
+FAIL: pr13107_3 -O3 -findirect-dispatch execution - bytecode->native test
+FAIL: pr133 execution - source compiled test
+FAIL: pr133 execution - bytecode->native test
+FAIL: pr133 -findirect-dispatch execution - bytecode->native test
+FAIL: pr133 -O3 execution - source compiled test
+FAIL: pr133 -O3 execution - bytecode->native test
+FAIL: pr133 -O3 -findirect-dispatch execution - bytecode->native test
+FAIL: pr16789 execution - source compiled test
+FAIL: pr16789 execution - bytecode->native test
+FAIL: pr16789 -findirect-dispatch execution - bytecode->native test
+FAIL: pr16789 -O3 execution - source compiled test
+FAIL: pr16789 -O3 execution - bytecode->native test
+FAIL: pr16789 -O3 -findirect-dispatch execution - bytecode->native test
+FAIL: pr17536 execution - source compiled test
+FAIL: pr17536 execution - bytecode->native test
+FAIL: pr17536 -findirect-dispatch execution - bytecode->native test
+FAIL: pr17536 -O3 execution - source compiled test
+FAIL: pr17536 -O3 execution - bytecode->native test
+FAIL: pr17536 -O3 -findirect-dispatch execution - bytecode->native test
+FAIL: pr179 execution - source compiled test
+FAIL: pr179 execution - bytecode->native test
+FAIL: pr179 -findirect-dispatch execution - bytecode->native test
+FAIL: pr179 -O3 execution - source compiled test
+FAIL: pr179 -O3 execution - bytecode->native test
+FAIL: pr179 -O3 -findirect-dispatch execution - bytecode->native test
+FAIL: pr184 execution - source compiled test
+FAIL: pr184 execution - bytecode->native test
+FAIL: pr184 -findirect-dispatch execution - bytecode->native test
+FAIL: pr184 -O3 execution - source compiled test
+FAIL: pr184 -O3 execution - bytecode->native test
+FAIL: pr184 -O3 -findirect-dispatch execution - bytecode->native test
+FAIL: pr21785 execution - source compiled test
+FAIL: pr21785 execution - bytecode->native test
+FAIL: pr21785 -findirect-dispatch execution - bytecode->native test
+FAIL: pr21785 -O3 execution - source compiled test
+FAIL: pr21785 -O3 execution - bytecode->native test
+FAIL: pr21785 -O3 -findirect-dispatch execution - bytecode->native test
+FAIL: pr21844 execution - source compiled test
+FAIL: pr21844 execution - bytecode->native test
+FAIL: pr21844 -findirect-dispatch execution - bytecode->native test
+FAIL: pr21844 -O3 execution - source compiled test
+FAIL: pr21844 -O3 execution - bytecode->native test
+FAIL: pr21844 -O3 -findirect-dispatch execution - bytecode->native test
+FAIL: pr24321 execution - source compiled test
+FAIL: pr24321 execution - bytecode->native test
+FAIL: pr24321 -findirect-dispatch execution - bytecode->native test
+FAIL: pr24321 -O3 execution - source compiled test
+FAIL: pr24321 -O3 execution - bytecode->native test
+FAIL: pr24321 -O3 -findirect-dispatch execution - bytecode->native test
+FAIL: pr25676 execution - source compiled test
+FAIL: pr25676 execution - bytecode->native test
+FAIL: pr25676 -findirect-dispatch execution - bytecode->native test
+FAIL: pr25676 -O3 execution - source compiled test
+FAIL: pr25676 -O3 execution - bytecode->native test
+FAIL: pr25676 -O3 -findirect-dispatch execution - bytecode->native test
+FAIL: pr26390 execution - source compiled test
+FAIL: pr26390 execution - bytecode->native test
+FAIL: pr26390 -findirect-dispatch execution - bytecode->native test
+FAIL: pr26390 -O3 execution - source compiled test
+FAIL: pr26390 -O3 execution - bytecode->native test
+FAIL: pr26390 -O3 -findirect-dispatch execution - bytecode->native test
+FAIL: pr26990 execution - source compiled test
+FAIL: pr26990 execution - bytecode->native test
+FAIL: pr26990 -findirect-dispatch execution - bytecode->native test
+FAIL: pr26990 -O3 execution - source compiled test
+FAIL: pr26990 -O3 execution - bytecode->native test
+FAIL: pr26990 -O3 -findirect-dispatch execution - bytecode->native test
+FAIL: pr27171 execution - source compiled test
+FAIL: pr27171 execution - bytecode->native test
+FAIL: pr27171 -findirect-dispatch execution - bytecode->native test
+FAIL: pr27171 -O3 execution - source compiled test
+FAIL: pr27171 -O3 execution - bytecode->native test
+FAIL: pr27171 -O3 -findirect-dispatch execution - bytecode->native test
+FAIL: pr6388 execution - source compiled test
+FAIL: pr6388 execution - bytecode->native test
+FAIL: pr6388 -findirect-dispatch execution - bytecode->native test
+FAIL: pr6388 -O3 execution - source compiled test
+FAIL: pr6388 -O3 execution - bytecode->native test
+FAIL: pr6388 -O3 -findirect-dispatch execution - bytecode->native test
+FAIL: pr83 execution - source compiled test
+FAIL: pr83 execution - bytecode->native test
+FAIL: pr83 -findirect-dispatch execution - bytecode->native test
+FAIL: pr83 -O3 execution - source compiled test
+FAIL: pr83 -O3 execution - bytecode->native test
+FAIL: pr83 -O3 -findirect-dispatch execution - bytecode->native test
+FAIL: pr8415 execution - source compiled test
+FAIL: pr8415 execution - bytecode->native test
+FAIL: pr8415 -findirect-dispatch execution - bytecode->native test
+FAIL: pr8415 -O3 execution - source compiled test
+FAIL: pr8415 -O3 execution - bytecode->native test
+FAIL: pr8415 -O3 -findirect-dispatch execution - bytecode->native test
+FAIL: pr8676 execution - source compiled test
+FAIL: pr8676 execution - bytecode->native test
+FAIL: pr8676 -findirect-dispatch execution - bytecode->native test
+FAIL: pr8676 -O3 execution - source compiled test
+FAIL: pr8676 -O3 execution - bytecode->native test
+FAIL: pr8676 -O3 -findirect-dispatch execution - bytecode->native test
+FAIL: pr8823 execution - source compiled test
+FAIL: pr8823 execution - bytecode->native test
+FAIL: pr8823 -findirect-dispatch execution - bytecode->native test
+FAIL: pr8823 -O3 execution - source compiled test
+FAIL: pr8823 -O3 execution - bytecode->native test
+FAIL: pr8823 -O3 -findirect-dispatch execution - bytecode->native test
+FAIL: pr8945 execution - source compiled test
+FAIL: pr8945 execution - bytecode->native test
+FAIL: pr8945 -findirect-dispatch execution - bytecode->native test
+FAIL: pr8945 -O3 execution - source compiled test
+FAIL: pr8945 -O3 execution - bytecode->native test
+FAIL: pr8945 -O3 -findirect-dispatch execution - bytecode->native test
+FAIL: private_direct_read execution - source compiled test
+FAIL: private_direct_read execution - bytecode->native test
+FAIL: private_direct_read -findirect-dispatch execution - bytecode->native test
+FAIL: private_direct_read -O3 execution - source compiled test
+FAIL: private_direct_read -O3 execution - bytecode->native test
+FAIL: private_direct_read -O3 -findirect-dispatch execution - bytecode->native test
+FAIL: search_outer execution - source compiled test
+FAIL: search_outer execution - bytecode->native test
+FAIL: search_outer -findirect-dispatch execution - bytecode->native test
+FAIL: search_outer -O3 execution - source compiled test
+FAIL: search_outer -O3 execution - bytecode->native test
+FAIL: search_outer -O3 -findirect-dispatch execution - bytecode->native test
+FAIL: shatest execution - source compiled test
+FAIL: shatest execution - bytecode->native test
+FAIL: shatest -findirect-dispatch execution - bytecode->native test
+FAIL: shatest -O3 execution - source compiled test
+FAIL: shatest -O3 execution - bytecode->native test
+FAIL: shatest -O3 -findirect-dispatch execution - bytecode->native test
+FAIL: stacktrace execution - source compiled test
+FAIL: stacktrace execution - bytecode->native test
+FAIL: stacktrace -findirect-dispatch execution - bytecode->native test
+FAIL: stacktrace -O3 execution - source compiled test
+FAIL: stacktrace -O3 execution - bytecode->native test
+FAIL: stacktrace -O3 -findirect-dispatch execution - bytecode->native test
+FAIL: stringconst execution - source compiled test
+FAIL: stringconst execution - bytecode->native test
+FAIL: stringconst -findirect-dispatch execution - bytecode->native test
+FAIL: stringconst -O3 execution - source compiled test
+FAIL: stringconst -O3 execution - bytecode->native test
+FAIL: stringconst -O3 -findirect-dispatch execution - bytecode->native test
+FAIL: stringconst2 execution - source compiled test
+FAIL: stringconst2 execution - bytecode->native test
+FAIL: stringconst2 -findirect-dispatch execution - bytecode->native test
+FAIL: stringconst2 -O3 execution - source compiled test
+FAIL: stringconst2 -O3 execution - bytecode->native test
+FAIL: stringconst2 -O3 -findirect-dispatch execution - bytecode->native test
+FAIL: stub execution - source compiled test
+FAIL: stub execution - bytecode->native test
+FAIL: stub -findirect-dispatch execution - bytecode->native test
+FAIL: stub -O3 execution - source compiled test
+FAIL: stub -O3 execution - bytecode->native test
+FAIL: stub -O3 -findirect-dispatch execution - bytecode->native test
+FAIL: test_long execution - source compiled test
+FAIL: test_long execution - bytecode->native test
+FAIL: test_long -findirect-dispatch execution - bytecode->native test
+FAIL: test_long -O3 execution - source compiled test
+FAIL: test_long -O3 execution - bytecode->native test
+FAIL: test_long -O3 -findirect-dispatch execution - bytecode->native test
+FAIL: tmi execution - source compiled test
+FAIL: tmi execution - bytecode->native test
+FAIL: tmi -findirect-dispatch execution - bytecode->native test
+FAIL: tmi -O3 execution - source compiled test
+FAIL: tmi -O3 execution - bytecode->native test
+FAIL: tmi -O3 -findirect-dispatch execution - bytecode->native test
+FAIL: tp execution - source compiled test
+FAIL: tp execution - bytecode->native test
+FAIL: tp -findirect-dispatch execution - bytecode->native test
+FAIL: tp -O3 execution - source compiled test
+FAIL: tp -O3 execution - bytecode->native test
+FAIL: tp -O3 -findirect-dispatch execution - bytecode->native test
+FAIL: update_outer execution - source compiled test
+FAIL: update_outer execution - bytecode->native test
+FAIL: update_outer -findirect-dispatch execution - bytecode->native test
+FAIL: update_outer -O3 execution - source compiled test
+FAIL: update_outer -O3 execution - bytecode->native test
+FAIL: update_outer -O3 -findirect-dispatch execution - bytecode->native test
+FAIL: utf8concat execution - source compiled test
+FAIL: utf8concat execution - bytecode->native test
+FAIL: utf8concat -findirect-dispatch execution - bytecode->native test
+FAIL: utf8concat -O3 execution - source compiled test
+FAIL: utf8concat -O3 execution - bytecode->native test
+FAIL: utf8concat -O3 -findirect-dispatch execution - bytecode->native test
+FAIL: utilTest execution - source compiled test
+FAIL: utilTest execution - bytecode->native test
+FAIL: utilTest -findirect-dispatch execution - bytecode->native test
+FAIL: utilTest -O3 execution - source compiled test
+FAIL: utilTest -O3 execution - bytecode->native test
+FAIL: utilTest -O3 -findirect-dispatch execution - bytecode->native test
+FAIL: verify execution - source compiled test
+FAIL: verify execution - bytecode->native test
+FAIL: verify -findirect-dispatch execution - bytecode->native test
+FAIL: verify -O3 execution - source compiled test
+FAIL: verify -O3 execution - bytecode->native test
+FAIL: verify -O3 -findirect-dispatch execution - bytecode->native test
+FAIL: Lazy run
+WARNING: program timed out.
+FAIL: ext/pb_ds/regression/tree_data_map_rand.cc (test for excess errors)
+WARNING: ext/pb_ds/regression/tree_data_map_rand.cc compilation failed to produce executable
+WARNING: program timed out.
+FAIL: ext/pb_ds/regression/tree_no_data_map_rand.cc (test for excess errors)
+WARNING: ext/pb_ds/regression/tree_no_data_map_rand.cc compilation failed to produce executable
Environment:
gcc version 4.1.2 20060708 (prerelease) (Debian 4.1.1-8)
binutils 2.17 Debian GNU/Linux
Linux 2.6.16.18-dirty mips
libc6 2.3.6-15
--
Martin Michlmayr
http://www.cyrius.com/