This is the mail archive of the gcc-testresults@gcc.gnu.org mailing list for the GCC project.


Index Nav: [Date Index] [Subject Index] [Author Index] [Thread Index]
Message Nav: [Date Prev] [Date Next] [Thread Prev] [Thread Next]
Other format: [Raw text]

Results for 4.1.2 20060711 (Red Hat 4.1.1-7) [redhat/gcc-4_1-branch revision 115367 clean] testsuite on x86_64-redhat-linux-gnu


LAST_UPDATED: Wed Jul 12 15:02:46 UTC 2006 (revision 115367)

		=== acats tests ===

		=== acats Summary ===
# of expected passes		2317
# of unexpected failures	0
Native configuration is x86_64-redhat-linux-gnu

		=== gcc tests ===


Running target unix/-m32
FAIL: gcc.dg/ipa/ipa-1.c (test for excess errors)
FAIL: gcc.dg/ipa/ipa-2.c (test for excess errors)
FAIL: gcc.dg/ipa/ipa-3.c (test for excess errors)
FAIL: gcc.dg/ipa/ipa-4.c (test for excess errors)
FAIL: gcc.dg/ipa/ipa-5.c (test for excess errors)
FAIL: gcc.dg/tree-ssa/pr23294.c scan-tree-dump-times a \\* 5 3
FAIL: gcc.dg/tree-ssa/pr23294.c scan-tree-dump \\(a - b \\* 3\\) \\* 2
FAIL: gcc.dg/tree-ssa/pr23294.c scan-tree-dump \\(a \\* 3 - b\\) \\* 2
FAIL: gcc.dg/tree-ssa/vrp22.c scan-tree-dump-times link_error 0

		=== gcc Summary for unix/-m32 ===

# of expected passes		38774
# of unexpected failures	9
# of expected failures		106
# of untested testcases		28
# of unsupported tests		257

Running target unix
FAIL: gcc.dg/visibility-11.c scan-assembler memcpy@PLT
FAIL: gcc.dg/ipa/ipa-1.c (test for excess errors)
FAIL: gcc.dg/ipa/ipa-2.c (test for excess errors)
FAIL: gcc.dg/ipa/ipa-3.c (test for excess errors)
FAIL: gcc.dg/ipa/ipa-4.c (test for excess errors)
FAIL: gcc.dg/ipa/ipa-5.c (test for excess errors)
FAIL: gcc.dg/tree-ssa/pr23294.c scan-tree-dump-times a \\* 5 3
FAIL: gcc.dg/tree-ssa/pr23294.c scan-tree-dump \\(a - b \\* 3\\) \\* 2
FAIL: gcc.dg/tree-ssa/pr23294.c scan-tree-dump \\(a \\* 3 - b\\) \\* 2
FAIL: gcc.dg/tree-ssa/vrp22.c scan-tree-dump-times link_error 0

		=== gcc Summary for unix ===

# of expected passes		38673
# of unexpected failures	10
# of expected failures		105
# of untested testcases		28
# of unsupported tests		358

		=== gcc Summary ===

# of expected passes		77447
# of unexpected failures	19
# of expected failures		211
# of untested testcases		56
# of unsupported tests		615
/export/build/gnu/gcc-4.1-redhat/build-x86_64-redhat-linux/gcc/xgcc  version 4.1.2 20060711 (Red Hat 4.1.1-7) [redhat/gcc-4_1-branch revision 115367 clean]

		=== gfortran tests ===


Running target unix/-m32

		=== gfortran Summary for unix/-m32 ===

# of expected passes		13316
# of expected failures		15
# of unsupported tests		16

Running target unix

		=== gfortran Summary for unix ===

# of expected passes		13313
# of expected failures		18
# of unsupported tests		16

		=== gfortran Summary ===

# of expected passes		26629
# of expected failures		33
# of unsupported tests		32
/export/build/gnu/gcc-4.1-redhat/build-x86_64-redhat-linux/gcc/testsuite/gfortran/../../gfortran  version 4.1.2 20060711 (Red Hat 4.1.1-7) [redhat/gcc-4_1-branch revision 115367 clean]

		=== g++ tests ===


Running target unix/-m32
XPASS: g++.dg/tree-ssa/pr14814.C scan-tree-dump-times &this 0

		=== g++ Summary for unix/-m32 ===

# of expected passes		12541
# of unexpected successes	1
# of expected failures		67
# of unsupported tests		66

Running target unix
XPASS: g++.dg/tree-ssa/pr14814.C scan-tree-dump-times &this 0

		=== g++ Summary for unix ===

# of expected passes		12456
# of unexpected successes	1
# of expected failures		67
# of unsupported tests		95

		=== g++ Summary ===

# of expected passes		24997
# of unexpected successes	2
# of expected failures		134
# of unsupported tests		161
/export/build/gnu/gcc-4.1-redhat/build-x86_64-redhat-linux/gcc/testsuite/g++/../../g++  version 4.1.2 20060711 (Red Hat 4.1.1-7) [redhat/gcc-4_1-branch revision 115367 clean]

		=== objc tests ===


Running target unix/-m32

		=== objc Summary for unix/-m32 ===

# of expected passes		1685
# of unsupported tests		23

Running target unix

		=== objc Summary for unix ===

# of expected passes		1685
# of unsupported tests		23

		=== objc Summary ===

# of expected passes		3370
# of unsupported tests		46
/export/build/gnu/gcc-4.1-redhat/build-x86_64-redhat-linux/gcc/xgcc  version 4.1.2 20060711 (Red Hat 4.1.1-7) [redhat/gcc-4_1-branch revision 115367 clean]

		=== libffi tests ===


Running target unix/-m32

		=== libffi Summary for unix/-m32 ===

# of expected passes		228
# of unsupported tests		2

Running target unix

		=== libffi Summary for unix ===

# of expected passes		228
# of unsupported tests		2

		=== libffi Summary ===

# of expected passes		456
# of unsupported tests		4
		=== libgomp tests ===


Running target unix/-m32
FAIL: libgomp.c/ordered-2.c (test for excess errors)
WARNING: libgomp.c/ordered-2.c compilation failed to produce executable
FAIL: libgomp.fortran/lib1.f90 execution test
FAIL: libgomp.fortran/lib1.f90 execution test
FAIL: libgomp.fortran/lib2.f execution test
FAIL: libgomp.fortran/lib3.f execution test
FAIL: libgomp.fortran/lib3.f execution test

		=== libgomp Summary for unix/-m32 ===

# of expected passes		1475
# of unexpected failures	6

Running target unix

		=== libgomp Summary for unix ===

# of expected passes		1482

		=== libgomp Summary ===

# of expected passes		2957
# of unexpected failures	6
		=== libjava tests ===


Running target unix/-m32

		=== libjava Summary for unix/-m32 ===

# of expected passes		4060
# of expected failures		10
# of untested testcases		8

Running target unix

		=== libjava Summary for unix ===

# of expected passes		4060
# of expected failures		10
# of untested testcases		8

		=== libjava Summary ===

# of expected passes		8120
# of expected failures		20
# of untested testcases		16
		=== libmudflap tests ===


Running target unix/-m32

		=== libmudflap Summary for unix/-m32 ===

# of expected passes		1799

Running target unix

		=== libmudflap Summary for unix ===

# of expected passes		1799

		=== libmudflap Summary ===

# of expected passes		3598
		=== libstdc++ tests ===


Running target unix/-m32
FAIL: 22_locale/messages/members/char/1.cc execution test
FAIL: 22_locale/messages/members/char/2.cc execution test
FAIL: 22_locale/messages/members/char/wrapped_env.cc execution test
FAIL: 22_locale/messages/members/char/wrapped_locale.cc execution test
FAIL: 22_locale/messages_byname/named_equivalence.cc execution test
XPASS: 26_numerics/cmath/c99_classification_macros_c.cc (test for excess errors)

		=== libstdc++ Summary for unix/-m32 ===

# of expected passes		4029
# of unexpected failures	5
# of unexpected successes	1
# of expected failures		12
# of unsupported tests		4

Running target unix
FAIL: 22_locale/locale/cons/12438.cc execution test
XPASS: 26_numerics/cmath/c99_classification_macros_c.cc (test for excess errors)
XPASS: 27_io/fpos/14320-1.cc execution test

		=== libstdc++ Summary for unix ===

# of expected passes		4033
# of unexpected failures	1
# of unexpected successes	2
# of expected failures		11
# of unsupported tests		4

		=== libstdc++ Summary ===

# of expected passes		8062
# of unexpected failures	6
# of unexpected successes	3
# of expected failures		23
# of unsupported tests		8

Compiler version: 4.1.2 20060711 (Red Hat 4.1.1-7) [redhat/gcc-4_1-branch revision 115367 clean] 
Platform: x86_64-redhat-linux-gnu
configure flags: x86_64-redhat-linux --enable-clocale=gnu --with-system-zlib --with-cpu=generic --with-demangler-in-ld --enable-shared --enable-threads=posix --enable-haifa --enable-checking=assert --prefix=/usr/gcc-4.1-redhat --with-local-prefix=/usr/local --enable-languages=c,ada,c++,fortran,java,objc


Index Nav: [Date Index] [Subject Index] [Author Index] [Thread Index]
Message Nav: [Date Prev] [Date Next] [Thread Prev] [Thread Next]