This is the mail archive of the gcc-testresults@gcc.gnu.org mailing list for the GCC project.
Index Nav: | [Date Index] [Subject Index] [Author Index] [Thread Index] | |
---|---|---|
Message Nav: | [Date Prev] [Date Next] | [Thread Prev] [Thread Next] |
Other format: | [Raw text] |
LAST_UPDATED: Wed Jul 12 02:36:17 UTC 2006 (revision 115363) Native configuration is s390x-ibm-linux-gnu === g++ tests === Running target unix === g++ Summary === # of expected passes 12701 # of expected failures 65 # of unsupported tests 112 /build/BUILD/gcc/obj-s390x-redhat-linux/gcc/testsuite/g++/../../g++ version 4.2.0 20060712 (experimental) === gcc tests === Running target unix XPASS: gcc.dg/cpp/cmdlne-dI-M.c scan-file (^|\\\\n)cmdlne-dI-M.*:[^\\\\n]*cmdlne-dI-M.c XPASS: gcc.dg/cpp/cmdlne-dM-M.c scan-file (^|\\\\n)cmdlne-dM-M[^\\\\n]*:[^\\\\n]*cmdlne-dM-M.c FAIL: gcc.dg/fold-cond-1.c scan-tree-dump-times \\(g \\| h\\) != 0 1 XPASS: gcc.dg/tree-ssa/20040204-1.c scan-tree-dump-times link_error 0 XPASS: gcc.dg/tree-ssa/sra-2.c scan-tree-dump-times link_error 0 === gcc Summary === # of expected passes 38581 # of unexpected failures 1 # of unexpected successes 4 # of expected failures 76 # of untested testcases 28 # of unsupported tests 342 /build/BUILD/gcc/obj-s390x-redhat-linux/gcc/xgcc version 4.2.0 20060712 (experimental) === gfortran tests === Running target unix FAIL: gfortran.dg/char_result_6.f90 execution test FAIL: gfortran.dg/char_result_6.f90 execution test FAIL: gfortran.dg/char_result_6.f90 execution test FAIL: gfortran.dg/char_result_6.f90 execution test FAIL: gfortran.dg/char_result_6.f90 execution test FAIL: gfortran.dg/char_result_6.f90 execution test === gfortran Summary === # of expected passes 13522 # of unexpected failures 6 # of expected failures 14 # of unsupported tests 67 /build/BUILD/gcc/obj-s390x-redhat-linux/gcc/testsuite/gfortran/../../gfortran version 4.2.0 20060712 (experimental) === obj-c++ tests === Running target unix FAIL: obj-c++.dg/bitfield-1.mm (test for excess errors) FAIL: obj-c++.dg/bitfield-4.mm (test for excess errors) FAIL: obj-c++.dg/cxx-ivars-2.mm execution test FAIL: obj-c++.dg/encode-3.mm (test for excess errors) FAIL: obj-c++.dg/encode-3.mm execution test FAIL: obj-c++.dg/encode-8.mm execution test FAIL: obj-c++.dg/isa-field-1.mm (test for excess errors) FAIL: obj-c++.dg/layout-1.mm (test for excess errors) FAIL: obj-c++.dg/lookup-2.mm (test for excess errors) WARNING: obj-c++.dg/lookup-2.mm compilation failed to produce executable FAIL: obj-c++.dg/try-catch-2.mm (test for excess errors) WARNING: obj-c++.dg/try-catch-2.mm compilation failed to produce executable FAIL: obj-c++.dg/try-catch-9.mm (test for excess errors) WARNING: obj-c++.dg/try-catch-9.mm compilation failed to produce executable === obj-c++ Summary === # of expected passes 422 # of unexpected failures 11 # of unsupported tests 13 /build/BUILD/gcc/obj-s390x-redhat-linux/gcc/testsuite/obj-c++/../../g++ version 4.2.0 20060712 (experimental) === objc tests === Running target unix === objc Summary === # of expected passes 1754 # of expected failures 7 # of unsupported tests 24 /build/BUILD/gcc/obj-s390x-redhat-linux/gcc/xgcc version 4.2.0 20060712 (experimental) === libffi tests === Running target unix === libffi Summary === # of expected passes 1072 # of unsupported tests 8 === libgomp tests === Running target unix === libgomp Summary === # of expected passes 1498 === libjava tests === Running target unix === libjava Summary === # of expected passes 6929 # of expected failures 12 # of untested testcases 8 === libmudflap tests === Running target unix === libmudflap Summary === # of expected passes 1814 === libstdc++ tests === Running target unix FAIL: 22_locale/locale/cons/12352.cc execution test FAIL: 22_locale/locale/cons/12438.cc execution test XPASS: 26_numerics/cmath/c99_classification_macros_c.cc (test for excess errors) XPASS: 27_io/fpos/14320-1.cc execution test === libstdc++ Summary === # of expected passes 1542 # of unexpected failures 2 # of unexpected successes 2 # of expected failures 5 # of unsupported tests 4 Compiler version: 4.2.0 20060712 (experimental) Platform: s390x-ibm-linux-gnu configure flags: --prefix=/usr --mandir=/usr/share/man --infodir=/usr/share/info --enable-shared --enable-threads=posix --enable-checking=release --with-system-zlib --enable-__cxa_atexit --disable-libunwind-exceptions --host=s390x-redhat-linux --enable-languages=c,c++,fortran,java,objc,obj-c++
Index Nav: | [Date Index] [Subject Index] [Author Index] [Thread Index] | |
---|---|---|
Message Nav: | [Date Prev] [Date Next] | [Thread Prev] [Thread Next] |