This is the mail archive of the
gcc-testresults@gcc.gnu.org
mailing list for the GCC project.
Results for 4.2.0 20060709 (experimental) testsuite on hppa-unknown-linux-gnu
- From: dave at gsyprf11 dot external dot hp dot com (John David Anglin)
- To: dave at gsyprf11 dot external dot hp dot com, gcc-testresults at gcc dot gnu dot org
- Date: Mon, 10 Jul 2006 20:11:58 -0700 (PDT)
- Subject: Results for 4.2.0 20060709 (experimental) testsuite on hppa-unknown-linux-gnu
LAST_UPDATED: Sun Jul 9 21:19:39 UTC 2006 (revision 115297)
=== acats tests ===
FAIL: c35507m
FAIL: c37215h
FAIL: c954012
FAIL: cd2a23e
FAIL: cxh1001
=== acats Summary ===
# of expected passes 2312
# of unexpected failures 5
Native configuration is hppa-unknown-linux-gnu
=== g++ tests ===
Running target unix
XPASS: g++.dg/tree-ssa/ivopts-1.C scan-tree-dump-not offset: -4B
XPASS: g++.dg/tree-ssa/ivopts-1.C scan-tree-dump-not &x\\[5\\]
=== g++ Summary ===
# of expected passes 12727
# of unexpected successes 2
# of expected failures 65
# of unsupported tests 112
/home/dave/gcc-4.2/objdir/gcc/testsuite/g++/../../g++ version 4.2.0 20060709 (experimental)
=== gcc tests ===
Running target unix
WARNING: program timed out.
FAIL: gcc.c-torture/compile/20001226-1.c -O2 (test for excess errors)
WARNING: program timed out.
FAIL: gcc.c-torture/compile/20001226-1.c -O3 -fomit-frame-pointer (test for excess errors)
WARNING: program timed out.
FAIL: gcc.c-torture/compile/20001226-1.c -O3 -g (test for excess errors)
WARNING: program timed out.
FAIL: gcc.c-torture/compile/20001226-1.c -Os (test for excess errors)
FAIL: gcc.c-torture/execute/builtin-bitops-1.c execution, -O3 -fomit-frame-pointer -funroll-loops
FAIL: gcc.c-torture/execute/builtin-bitops-1.c execution, -O3 -fomit-frame-pointer -funroll-all-loops -finline-functions
XPASS: gcc.dg/tree-ssa/loop-1.c scan-assembler-times foo 5
=== gcc Summary ===
# of expected passes 38512
# of unexpected failures 6
# of unexpected successes 1
# of expected failures 80
# of untested testcases 28
# of unsupported tests 359
/home/dave/gcc-4.2/objdir/gcc/xgcc version 4.2.0 20060709 (experimental)
=== gfortran tests ===
Running target unix
XPASS: gfortran.dg/csqrt_2.f -O0 execution test
XPASS: gfortran.dg/csqrt_2.f -O1 execution test
XPASS: gfortran.dg/csqrt_2.f -O2 execution test
XPASS: gfortran.dg/csqrt_2.f -O3 -fomit-frame-pointer execution test
XPASS: gfortran.dg/csqrt_2.f -O3 -fomit-frame-pointer -funroll-loops execution test
XPASS: gfortran.dg/csqrt_2.f -O3 -fomit-frame-pointer -funroll-all-loops -finline-functions execution test
XPASS: gfortran.dg/csqrt_2.f -O3 -g execution test
XPASS: gfortran.dg/csqrt_2.f -Os execution test
FAIL: gfortran.dg/f2c_2.f90 -O0 execution test
FAIL: gfortran.dg/f2c_2.f90 -O1 execution test
FAIL: gfortran.dg/f2c_2.f90 -O2 execution test
FAIL: gfortran.dg/f2c_2.f90 -O3 -fomit-frame-pointer execution test
FAIL: gfortran.dg/f2c_2.f90 -O3 -fomit-frame-pointer -funroll-loops execution test
FAIL: gfortran.dg/f2c_2.f90 -O3 -fomit-frame-pointer -funroll-all-loops -finline-functions execution test
FAIL: gfortran.dg/f2c_2.f90 -O3 -g execution test
FAIL: gfortran.dg/f2c_2.f90 -Os execution test
FAIL: gfortran.dg/g77/cabs.f -O0 execution test
FAIL: gfortran.dg/g77/cabs.f -O1 execution test
FAIL: gfortran.dg/g77/cabs.f -O2 execution test
FAIL: gfortran.dg/g77/cabs.f -O3 -fomit-frame-pointer execution test
FAIL: gfortran.dg/g77/cabs.f -O3 -fomit-frame-pointer -funroll-loops execution test
FAIL: gfortran.dg/g77/cabs.f -O3 -fomit-frame-pointer -funroll-all-loops -finline-functions execution test
FAIL: gfortran.dg/g77/cabs.f -O3 -g execution test
FAIL: gfortran.dg/g77/cabs.f -Os execution test
FAIL: gfortran.dg/g77/f90-intrinsic-mathematical.f -O0 execution test
FAIL: gfortran.dg/g77/f90-intrinsic-mathematical.f -O1 execution test
FAIL: gfortran.dg/g77/f90-intrinsic-mathematical.f -O2 execution test
FAIL: gfortran.dg/g77/f90-intrinsic-mathematical.f -O3 -fomit-frame-pointer execution test
FAIL: gfortran.dg/g77/f90-intrinsic-mathematical.f -O3 -fomit-frame-pointer -funroll-loops execution test
FAIL: gfortran.dg/g77/f90-intrinsic-mathematical.f -O3 -fomit-frame-pointer -funroll-all-loops -finline-functions execution test
FAIL: gfortran.dg/g77/f90-intrinsic-mathematical.f -O3 -g execution test
FAIL: gfortran.dg/g77/f90-intrinsic-mathematical.f -Os execution test
FAIL: gfortran.dg/g77/f90-intrinsic-numeric.f -O3 -fomit-frame-pointer -funroll-loops execution test
FAIL: gfortran.dg/g77/f90-intrinsic-numeric.f -O3 -fomit-frame-pointer -funroll-all-loops -finline-functions execution test
FAIL: gfortran.fortran-torture/execute/csqrt_1.f90 execution, -O3 -fomit-frame-pointer -funroll-loops
FAIL: gfortran.fortran-torture/execute/csqrt_1.f90 execution, -O3 -fomit-frame-pointer -funroll-all-loops -finline-functions
FAIL: gfortran.fortran-torture/execute/intrinsic_abs.f90 execution, -O0
FAIL: gfortran.fortran-torture/execute/intrinsic_abs.f90 execution, -O1
FAIL: gfortran.fortran-torture/execute/intrinsic_abs.f90 execution, -O2
FAIL: gfortran.fortran-torture/execute/intrinsic_abs.f90 execution, -O3 -fomit-frame-pointer
FAIL: gfortran.fortran-torture/execute/intrinsic_abs.f90 execution, -O3 -fomit-frame-pointer -funroll-loops
FAIL: gfortran.fortran-torture/execute/intrinsic_abs.f90 execution, -O3 -fomit-frame-pointer -funroll-all-loops -finline-functions
FAIL: gfortran.fortran-torture/execute/intrinsic_abs.f90 execution, -O3 -g
FAIL: gfortran.fortran-torture/execute/intrinsic_abs.f90 execution, -Os
FAIL: gfortran.fortran-torture/execute/intrinsic_dotprod.f90 execution, -O3 -fomit-frame-pointer -funroll-loops
FAIL: gfortran.fortran-torture/execute/intrinsic_dotprod.f90 execution, -O3 -fomit-frame-pointer -funroll-all-loops -finline-functions
FAIL: gfortran.fortran-torture/execute/math.f90 execution, -O0
FAIL: gfortran.fortran-torture/execute/math.f90 execution, -O1
FAIL: gfortran.fortran-torture/execute/math.f90 execution, -O2
FAIL: gfortran.fortran-torture/execute/math.f90 execution, -O3 -fomit-frame-pointer
FAIL: gfortran.fortran-torture/execute/math.f90 execution, -O3 -fomit-frame-pointer -funroll-loops
FAIL: gfortran.fortran-torture/execute/math.f90 execution, -O3 -fomit-frame-pointer -funroll-all-loops -finline-functions
FAIL: gfortran.fortran-torture/execute/math.f90 execution, -O3 -g
FAIL: gfortran.fortran-torture/execute/math.f90 execution, -Os
FAIL: gfortran.fortran-torture/execute/power.f90 execution, -O0
FAIL: gfortran.fortran-torture/execute/power.f90 execution, -O1
FAIL: gfortran.fortran-torture/execute/power.f90 execution, -O2
FAIL: gfortran.fortran-torture/execute/power.f90 execution, -O3 -fomit-frame-pointer
FAIL: gfortran.fortran-torture/execute/power.f90 execution, -O3 -fomit-frame-pointer -funroll-loops
FAIL: gfortran.fortran-torture/execute/power.f90 execution, -O3 -fomit-frame-pointer -funroll-all-loops -finline-functions
FAIL: gfortran.fortran-torture/execute/power.f90 execution, -O3 -g
FAIL: gfortran.fortran-torture/execute/power.f90 execution, -Os
=== gfortran Summary ===
# of expected passes 13426
# of unexpected failures 54
# of unexpected successes 8
# of expected failures 6
# of unsupported tests 83
/home/dave/gcc-4.2/objdir/gcc/testsuite/gfortran/../../gfortran version 4.2.0 20060709 (experimental)
=== gnat tests ===
Running target unix
=== gnat Summary ===
# of expected passes 16
=== obj-c++ tests ===
Running target unix
FAIL: obj-c++.dg/comp-types-10.mm (internal compiler error)
FAIL: obj-c++.dg/comp-types-10.mm (test for excess errors)
FAIL: obj-c++.dg/cxx-ivars-2.mm execution test
FAIL: obj-c++.dg/encode-3.mm (test for excess errors)
FAIL: obj-c++.dg/encode-8.mm execution test
FAIL: obj-c++.dg/isa-field-1.mm (test for excess errors)
FAIL: obj-c++.dg/lookup-2.mm (test for excess errors)
WARNING: obj-c++.dg/lookup-2.mm compilation failed to produce executable
FAIL: obj-c++.dg/try-catch-2.mm (test for excess errors)
WARNING: obj-c++.dg/try-catch-2.mm compilation failed to produce executable
FAIL: obj-c++.dg/try-catch-9.mm (internal compiler error)
FAIL: obj-c++.dg/try-catch-9.mm (test for excess errors)
WARNING: obj-c++.dg/try-catch-9.mm compilation failed to produce executable
=== obj-c++ Summary ===
# of expected passes 425
# of unexpected failures 10
# of unsupported tests 13
/home/dave/gcc-4.2/objdir/gcc/testsuite/obj-c++/../../g++ version 4.2.0 20060709 (experimental)
=== objc tests ===
Running target unix
=== objc Summary ===
# of expected passes 1754
# of expected failures 7
# of unsupported tests 24
/home/dave/gcc-4.2/objdir/gcc/xgcc version 4.2.0 20060709 (experimental)
=== libffi tests ===
Running target unix
=== libffi Summary ===
# of expected passes 1072
# of unsupported tests 8
=== libgomp tests ===
Running target unix
=== libgomp Summary ===
# of expected passes 1266
# of unsupported tests 116
=== libjava tests ===
Running target unix
FAIL: PR1343 -O3 compilation from bytecode
FAIL: Throw_1 compilation from source
FAIL: pr17536 -O3 compilation from source
FAIL: stacktrace -findirect-dispatch compilation from bytecode
FAIL: stringconst2 -O3 compilation from source
=== libjava Summary ===
# of expected passes 6916
# of unexpected failures 5
# of expected failures 12
# of untested testcases 16
=== libmudflap tests ===
Running target unix
FAIL: libmudflap.cth/pass39-frag.c (-O3) (rerun 8) execution test
FAIL: libmudflap.cth/pass39-frag.c (-O3) (rerun 8) output pattern test
=== libmudflap Summary ===
# of expected passes 1812
# of unexpected failures 2
=== libstdc++ tests ===
Running target unix
XPASS: 26_numerics/cmath/c99_classification_macros_c.cc (test for excess errors)
=== libstdc++ Summary ===
# of expected passes 3683
# of unexpected successes 1
# of expected failures 13
# of unsupported tests 319
Compiler version: 4.2.0 20060709 (experimental)
Platform: hppa-unknown-linux-gnu
configure flags: --with-gnu-as --with-gnu-ld --enable-shared --enable-nls --prefix=/home/dave/opt/gnu/gcc/gcc-4.2.0 --with-local-prefix=/home/dave/opt/gnu --enable-threads=posix --enable-__cxa_atexit --host=hppa-linux --enable-clocale=gnu --enable-java-gc=boehm --enable-java-awt=xlib --enable-languages=c,ada,c++,fortran,java,objc,obj-c++