This is the mail archive of the gcc-testresults@gcc.gnu.org mailing list for the GCC project.


Index Nav: [Date Index] [Subject Index] [Author Index] [Thread Index]
Message Nav: [Date Prev] [Date Next] [Thread Prev] [Thread Next]
Other format: [Raw text]

Results for 4.0.4 20060707 (prerelease) testsuite on powerpc64-unknown-linux-gnu


Linux 2.4.21-17.EL ppc64
GNU C Library stable release version 2.3.2
GNU ld version 2.16.1
GNU assembler 2.16.1
GNU Make version 3.79.1

DejaGnu:
	Expect version is	5.43.0
	Tcl version is		8.4
	Framework version is	1.4.4

32-bit biarch default32

SVN branch:  gcc-4_0-branch

This hardware does not support VMX instructions.

LAST_UPDATED: Fri Jul  7 12:03:20 UTC 2006 (revision 115253)

Native configuration is powerpc64-unknown-linux-gnu

		=== g++ tests ===


Running target unix/-m32

		=== g++ Summary for unix/-m32 ===

# of expected passes		11560
# of expected failures		69
# of unsupported tests		79

Running target unix/-m64

		=== g++ Summary for unix/-m64 ===

# of expected passes		11522
# of expected failures		69
# of unsupported tests		82

		=== g++ Summary ===

# of expected passes		23082
# of expected failures		138
# of unsupported tests		161
/home/gccbuild/build/nightly/build-gcc-4.0/gcc/testsuite/g++/../../g++  version 4.0.4 20060707 (prerelease)

		=== gcc tests ===


Running target unix/-m32

		=== gcc Summary for unix/-m32 ===

# of expected passes		36756
# of expected failures		94
# of untested testcases		28
# of unsupported tests		461

Running target unix/-m64
FAIL: gcc.c-torture/execute/20020720-1.c compilation,  -O1 
UNRESOLVED: gcc.c-torture/execute/20020720-1.c execution,  -O1 
FAIL: gcc.c-torture/execute/20020720-1.c compilation,  -O2 
UNRESOLVED: gcc.c-torture/execute/20020720-1.c execution,  -O2 
FAIL: gcc.c-torture/execute/20020720-1.c compilation,  -O3 -fomit-frame-pointer 
UNRESOLVED: gcc.c-torture/execute/20020720-1.c execution,  -O3 -fomit-frame-pointer 
FAIL: gcc.c-torture/execute/20020720-1.c compilation,  -O3 -g 
UNRESOLVED: gcc.c-torture/execute/20020720-1.c execution,  -O3 -g 
FAIL: gcc.c-torture/execute/20020720-1.c compilation,  -Os 
UNRESOLVED: gcc.c-torture/execute/20020720-1.c execution,  -Os 

		=== gcc Summary for unix/-m64 ===

# of expected passes		36751
# of unexpected failures	5
# of expected failures		101
# of unresolved testcases	5
# of untested testcases		28
# of unsupported tests		459

		=== gcc Summary ===

# of expected passes		73507
# of unexpected failures	5
# of expected failures		195
# of unresolved testcases	5
# of untested testcases		56
# of unsupported tests		920
/home/gccbuild/build/nightly/build-gcc-4.0/gcc/xgcc  version 4.0.4 20060707 (prerelease)

		=== gfortran tests ===


Running target unix/-m32
FAIL: gfortran.dg/actual_array_constructor_2.f90  -O0  (test for excess errors)
WARNING: gfortran.dg/actual_array_constructor_2.f90  -O0  compilation failed to produce executable
FAIL: gfortran.dg/actual_array_constructor_2.f90  -O1  (test for excess errors)
WARNING: gfortran.dg/actual_array_constructor_2.f90  -O1  compilation failed to produce executable
FAIL: gfortran.dg/actual_array_constructor_2.f90  -O2  (test for excess errors)
WARNING: gfortran.dg/actual_array_constructor_2.f90  -O2  compilation failed to produce executable
FAIL: gfortran.dg/actual_array_constructor_2.f90  -O3 -fomit-frame-pointer  (test for excess errors)
WARNING: gfortran.dg/actual_array_constructor_2.f90  -O3 -fomit-frame-pointer  compilation failed to produce executable
FAIL: gfortran.dg/actual_array_constructor_2.f90  -O3 -fomit-frame-pointer -funroll-loops  (test for excess errors)
WARNING: gfortran.dg/actual_array_constructor_2.f90  -O3 -fomit-frame-pointer -funroll-loops  compilation failed to produce executable
FAIL: gfortran.dg/actual_array_constructor_2.f90  -O3 -fomit-frame-pointer -funroll-all-loops -finline-functions  (test for excess errors)
WARNING: gfortran.dg/actual_array_constructor_2.f90  -O3 -fomit-frame-pointer -funroll-all-loops -finline-functions  compilation failed to produce executable
FAIL: gfortran.dg/actual_array_constructor_2.f90  -O3 -g  (test for excess errors)
WARNING: gfortran.dg/actual_array_constructor_2.f90  -O3 -g  compilation failed to produce executable
FAIL: gfortran.dg/actual_array_constructor_2.f90  -Os  (test for excess errors)
WARNING: gfortran.dg/actual_array_constructor_2.f90  -Os  compilation failed to produce executable
FAIL: gfortran.dg/actual_array_substr_2.f90  -O0  (test for excess errors)
WARNING: gfortran.dg/actual_array_substr_2.f90  -O0  compilation failed to produce executable
FAIL: gfortran.dg/actual_array_substr_2.f90  -O1  (test for excess errors)
WARNING: gfortran.dg/actual_array_substr_2.f90  -O1  compilation failed to produce executable
FAIL: gfortran.dg/actual_array_substr_2.f90  -O2  (test for excess errors)
WARNING: gfortran.dg/actual_array_substr_2.f90  -O2  compilation failed to produce executable
FAIL: gfortran.dg/actual_array_substr_2.f90  -O3 -fomit-frame-pointer  (test for excess errors)
WARNING: gfortran.dg/actual_array_substr_2.f90  -O3 -fomit-frame-pointer  compilation failed to produce executable
FAIL: gfortran.dg/actual_array_substr_2.f90  -O3 -fomit-frame-pointer -funroll-loops  (test for excess errors)
WARNING: gfortran.dg/actual_array_substr_2.f90  -O3 -fomit-frame-pointer -funroll-loops  compilation failed to produce executable
FAIL: gfortran.dg/actual_array_substr_2.f90  -O3 -fomit-frame-pointer -funroll-all-loops -finline-functions  (test for excess errors)
WARNING: gfortran.dg/actual_array_substr_2.f90  -O3 -fomit-frame-pointer -funroll-all-loops -finline-functions  compilation failed to produce executable
FAIL: gfortran.dg/actual_array_substr_2.f90  -O3 -g  (test for excess errors)
WARNING: gfortran.dg/actual_array_substr_2.f90  -O3 -g  compilation failed to produce executable
FAIL: gfortran.dg/actual_array_substr_2.f90  -Os  (test for excess errors)
WARNING: gfortran.dg/actual_array_substr_2.f90  -Os  compilation failed to produce executable

		=== gfortran Summary for unix/-m32 ===

# of expected passes		8821
# of unexpected failures	16
# of expected failures		1
# of unsupported tests		17

Running target unix/-m64
FAIL: gfortran.dg/actual_array_constructor_2.f90  -O0  (test for excess errors)
WARNING: gfortran.dg/actual_array_constructor_2.f90  -O0  compilation failed to produce executable
FAIL: gfortran.dg/actual_array_constructor_2.f90  -O1  (test for excess errors)
WARNING: gfortran.dg/actual_array_constructor_2.f90  -O1  compilation failed to produce executable
FAIL: gfortran.dg/actual_array_constructor_2.f90  -O2  (test for excess errors)
WARNING: gfortran.dg/actual_array_constructor_2.f90  -O2  compilation failed to produce executable
FAIL: gfortran.dg/actual_array_constructor_2.f90  -O3 -fomit-frame-pointer  (test for excess errors)
WARNING: gfortran.dg/actual_array_constructor_2.f90  -O3 -fomit-frame-pointer  compilation failed to produce executable
FAIL: gfortran.dg/actual_array_constructor_2.f90  -O3 -fomit-frame-pointer -funroll-loops  (test for excess errors)
WARNING: gfortran.dg/actual_array_constructor_2.f90  -O3 -fomit-frame-pointer -funroll-loops  compilation failed to produce executable
FAIL: gfortran.dg/actual_array_constructor_2.f90  -O3 -fomit-frame-pointer -funroll-all-loops -finline-functions  (test for excess errors)
WARNING: gfortran.dg/actual_array_constructor_2.f90  -O3 -fomit-frame-pointer -funroll-all-loops -finline-functions  compilation failed to produce executable
FAIL: gfortran.dg/actual_array_constructor_2.f90  -O3 -g  (test for excess errors)
WARNING: gfortran.dg/actual_array_constructor_2.f90  -O3 -g  compilation failed to produce executable
FAIL: gfortran.dg/actual_array_constructor_2.f90  -Os  (test for excess errors)
WARNING: gfortran.dg/actual_array_constructor_2.f90  -Os  compilation failed to produce executable
FAIL: gfortran.dg/actual_array_substr_2.f90  -O0  (test for excess errors)
WARNING: gfortran.dg/actual_array_substr_2.f90  -O0  compilation failed to produce executable
FAIL: gfortran.dg/actual_array_substr_2.f90  -O1  (test for excess errors)
WARNING: gfortran.dg/actual_array_substr_2.f90  -O1  compilation failed to produce executable
FAIL: gfortran.dg/actual_array_substr_2.f90  -O2  (test for excess errors)
WARNING: gfortran.dg/actual_array_substr_2.f90  -O2  compilation failed to produce executable
FAIL: gfortran.dg/actual_array_substr_2.f90  -O3 -fomit-frame-pointer  (test for excess errors)
WARNING: gfortran.dg/actual_array_substr_2.f90  -O3 -fomit-frame-pointer  compilation failed to produce executable
FAIL: gfortran.dg/actual_array_substr_2.f90  -O3 -fomit-frame-pointer -funroll-loops  (test for excess errors)
WARNING: gfortran.dg/actual_array_substr_2.f90  -O3 -fomit-frame-pointer -funroll-loops  compilation failed to produce executable
FAIL: gfortran.dg/actual_array_substr_2.f90  -O3 -fomit-frame-pointer -funroll-all-loops -finline-functions  (test for excess errors)
WARNING: gfortran.dg/actual_array_substr_2.f90  -O3 -fomit-frame-pointer -funroll-all-loops -finline-functions  compilation failed to produce executable
FAIL: gfortran.dg/actual_array_substr_2.f90  -O3 -g  (test for excess errors)
WARNING: gfortran.dg/actual_array_substr_2.f90  -O3 -g  compilation failed to produce executable
FAIL: gfortran.dg/actual_array_substr_2.f90  -Os  (test for excess errors)
WARNING: gfortran.dg/actual_array_substr_2.f90  -Os  compilation failed to produce executable
FAIL: gfortran.dg/f2c_2.f90  -O0  execution test
FAIL: gfortran.dg/f2c_2.f90  -O1  execution test
FAIL: gfortran.dg/f2c_2.f90  -O2  execution test
FAIL: gfortran.dg/f2c_2.f90  -O3 -fomit-frame-pointer  execution test
FAIL: gfortran.dg/f2c_2.f90  -O3 -fomit-frame-pointer -funroll-loops  execution test
FAIL: gfortran.dg/f2c_2.f90  -O3 -fomit-frame-pointer -funroll-all-loops -finline-functions  execution test
FAIL: gfortran.dg/f2c_2.f90  -O3 -g  execution test
FAIL: gfortran.dg/f2c_2.f90  -Os  execution test
FAIL: gfortran.dg/g77/cabs.f  -O0  execution test
FAIL: gfortran.dg/g77/cabs.f  -O1  execution test
FAIL: gfortran.dg/g77/cabs.f  -O2  execution test
FAIL: gfortran.dg/g77/cabs.f  -O3 -fomit-frame-pointer  execution test
FAIL: gfortran.dg/g77/cabs.f  -O3 -fomit-frame-pointer -funroll-loops  execution test
FAIL: gfortran.dg/g77/cabs.f  -O3 -fomit-frame-pointer -funroll-all-loops -finline-functions  execution test
FAIL: gfortran.dg/g77/cabs.f  -O3 -g  execution test
FAIL: gfortran.dg/g77/cabs.f  -Os  execution test
FAIL: gfortran.fortran-torture/execute/intrinsic_abs.f90 execution,  -O0 
FAIL: gfortran.fortran-torture/execute/intrinsic_abs.f90 execution,  -O1 
FAIL: gfortran.fortran-torture/execute/intrinsic_abs.f90 execution,  -O2 
FAIL: gfortran.fortran-torture/execute/intrinsic_abs.f90 execution,  -O3 -fomit-frame-pointer 
FAIL: gfortran.fortran-torture/execute/intrinsic_abs.f90 execution,  -O3 -fomit-frame-pointer -funroll-loops 
FAIL: gfortran.fortran-torture/execute/intrinsic_abs.f90 execution,  -O3 -fomit-frame-pointer -funroll-all-loops -finline-functions 
FAIL: gfortran.fortran-torture/execute/intrinsic_abs.f90 execution,  -O3 -g 
FAIL: gfortran.fortran-torture/execute/intrinsic_abs.f90 execution,  -Os 
FAIL: gfortran.fortran-torture/execute/power.f90 execution,  -O0 
FAIL: gfortran.fortran-torture/execute/power.f90 execution,  -O1 
FAIL: gfortran.fortran-torture/execute/power.f90 execution,  -O2 
FAIL: gfortran.fortran-torture/execute/power.f90 execution,  -O3 -fomit-frame-pointer 
FAIL: gfortran.fortran-torture/execute/power.f90 execution,  -O3 -fomit-frame-pointer -funroll-loops 
FAIL: gfortran.fortran-torture/execute/power.f90 execution,  -O3 -fomit-frame-pointer -funroll-all-loops -finline-functions 
FAIL: gfortran.fortran-torture/execute/power.f90 execution,  -O3 -g 
FAIL: gfortran.fortran-torture/execute/power.f90 execution,  -Os 

		=== gfortran Summary for unix/-m64 ===

# of expected passes		8789
# of unexpected failures	48
# of expected failures		1
# of unsupported tests		17

		=== gfortran Summary ===

# of expected passes		17610
# of unexpected failures	64
# of expected failures		2
# of unsupported tests		34
/home/gccbuild/build/nightly/build-gcc-4.0/gcc/testsuite/gfortran/../../gfortran  version 4.0.4 20060707 (prerelease)

		=== objc tests ===


Running target unix/-m32

		=== objc Summary for unix/-m32 ===

# of expected passes		1554
# of unsupported tests		10

Running target unix/-m64

		=== objc Summary for unix/-m64 ===

# of expected passes		1554
# of unsupported tests		10

		=== objc Summary ===

# of expected passes		3108
# of unsupported tests		20
/home/gccbuild/build/nightly/build-gcc-4.0/gcc/xgcc  version 4.0.4 20060707 (prerelease)

		=== libffi tests ===


Running target unix/-m32

		=== libffi Summary for unix/-m32 ===

# of expected passes		219
# of unsupported tests		2

Running target unix/-m64

		=== libffi Summary for unix/-m64 ===

# of expected passes		219
# of unsupported tests		2

		=== libffi Summary ===

# of expected passes		438
# of unsupported tests		4
		=== libjava tests ===


Running target unix/-m32

		=== libjava Summary for unix/-m32 ===

# of expected passes		3899
# of expected failures		10
# of untested testcases		8

Running target unix/-m64
FAIL: PR16923.c compilation

		=== libjava Summary for unix/-m64 ===

# of expected passes		3897
# of unexpected failures	1
# of expected failures		10
# of untested testcases		8

		=== libjava Summary ===

# of expected passes		7796
# of unexpected failures	1
# of expected failures		20
# of untested testcases		16
		=== libmudflap tests ===


Running target unix/-m32

		=== libmudflap Summary for unix/-m32 ===

# of expected passes		1288

Running target unix/-m64
FAIL: libmudflap.c/fail27-frag.c output pattern test
FAIL: libmudflap.c/fail27-frag.c (-O2) output pattern test
FAIL: libmudflap.c/fail27-frag.c (-O3) output pattern test
FAIL: libmudflap.cth/pass40-frag.c (-O2) execution test
FAIL: libmudflap.cth/pass40-frag.c (-O2) output pattern test

		=== libmudflap Summary for unix/-m64 ===

# of expected passes		1283
# of unexpected failures	5

		=== libmudflap Summary ===

# of expected passes		2571
# of unexpected failures	5
		=== libstdc++ tests ===


Running target unix/-m32
FAIL: abi_check
XPASS: 22_locale/locale/cons/12658_thread-1.cc execution test
XPASS: 26_numerics/cmath/c99_classification_macros_c.cc (test for excess errors)
XPASS: ext/array_allocator/2.cc execution test

		=== libstdc++ Summary for unix/-m32 ===

# of expected passes		3711
# of unexpected failures	1
# of unexpected successes	3
# of expected failures		12

Running target unix/-m64
FAIL: abi_check
XPASS: 22_locale/locale/cons/12658_thread-1.cc execution test
FAIL: 22_locale/messages/members/char/1.cc execution test
FAIL: 22_locale/messages/members/char/2.cc execution test
FAIL: 22_locale/messages/members/char/wrapped_env.cc execution test
FAIL: 22_locale/messages/members/char/wrapped_locale.cc execution test
FAIL: 22_locale/messages_byname/named_equivalence.cc execution test
XPASS: 26_numerics/cmath/c99_classification_macros_c.cc (test for excess errors)
XPASS: 27_io/fpos/14320-1.cc execution test
XPASS: ext/array_allocator/2.cc execution test

		=== libstdc++ Summary for unix/-m64 ===

# of expected passes		3703
# of unexpected failures	6
# of unexpected successes	4
# of expected failures		14

		=== libstdc++ Summary ===

# of expected passes		7414
# of unexpected failures	7
# of unexpected successes	7
# of expected failures		26

Compiler version: 4.0.4 20060707 (prerelease) 
Platform: powerpc64-unknown-linux-gnu
configure flags: --prefix=/opt/gcc-nightly/4.0-20060707 --build=powerpc64-linux --host=powerpc64-linux --target=powerpc64-linux --with-cpu=default32 --with-as=/opt/gcc-nightly/4.0-20060707/bin/as --with-ld=/opt/gcc-nightly/4.0-20060707/bin/ld --enable-threads=posix --enable-shared --enable-__cxa_atexit --enable-checking --with-mpfr=/opt/gcc-nightly/4.0-20060707 --enable-languages=c,c++,f95,java,objc


Index Nav: [Date Index] [Subject Index] [Author Index] [Thread Index]
Message Nav: [Date Prev] [Date Next] [Thread Prev] [Thread Next]