This is the mail archive of the gcc-testresults@gcc.gnu.org mailing list for the GCC project.


Index Nav: [Date Index] [Subject Index] [Author Index] [Thread Index]
Message Nav: [Date Prev] [Date Next] [Thread Prev] [Thread Next]
Other format: [Raw text]

Results for 4.1.2 20060701 (prerelease) gcc testsuite on bfin-unknown-elf


Ubuntu 5 on pentium3-smp
cross tool versions:
GNU assembler 2.17.50 20060625
GNU gdb 6.3.50_2004-11-25-cvs
GNU ld version 2.17.50 20060625

GNU Make 3.80
expect version 5.42.1
host gcc version: gcc (GCC) 4.2.0 20060630 (experimental)
LAST_UPDATED: Sat Jul  1 00:25:45 UTC 2006 (revision 115112)

Target is bfin-unknown-elf
Host   is i686-pc-linux-gnu

		=== gcc tests ===


Running target bfin-sim
FAIL: gcc.c-torture/compile/mangle-1.c  -O0  (test for excess errors)
FAIL: gcc.c-torture/compile/mangle-1.c  -O1  (test for excess errors)
FAIL: gcc.c-torture/compile/mangle-1.c  -O2  (test for excess errors)
FAIL: gcc.c-torture/compile/mangle-1.c  -O3 -fomit-frame-pointer  (test for excess errors)
FAIL: gcc.c-torture/compile/mangle-1.c  -O3 -g  (test for excess errors)
FAIL: gcc.c-torture/compile/mangle-1.c  -Os  (test for excess errors)
FAIL: gcc.dg/20020312-2.c (test for excess errors)
WARNING: gcc.dg/20020312-2.c compilation failed to produce executable
FAIL: gcc.dg/20021014-1.c (test for excess errors)
WARNING: gcc.dg/20021014-1.c compilation failed to produce executable
FAIL: gcc.dg/20050607-1.c (test for excess errors)
FAIL: gcc.dg/fold-cond-1.c scan-tree-dump-times \\(g \\| h\\) != 0 1
FAIL: gcc.dg/intmax_t-1.c (test for excess errors)
FAIL: gcc.dg/nest.c (test for excess errors)
WARNING: gcc.dg/nest.c compilation failed to produce executable
FAIL: gcc.dg/nested-func-4.c (test for excess errors)
WARNING: gcc.dg/nested-func-4.c compilation failed to produce executable
FAIL: gcc.dg/ucnid-2.c (test for excess errors)
WARNING: gcc.dg/ucnid-2.c compilation failed to produce executable
FAIL: gcc.dg/ucnid-3.c (test for excess errors)
WARNING: gcc.dg/ucnid-3.c compilation failed to produce executable
FAIL: gcc.dg/ucnid-4.c (test for excess errors)
WARNING: gcc.dg/ucnid-4.c compilation failed to produce executable
FAIL: gcc.dg/tree-prof/inliner-1.c compilation,  -fprofile-generate
UNRESOLVED: gcc.dg/tree-prof/inliner-1.c execution,    -fprofile-generate
UNRESOLVED: gcc.dg/tree-prof/inliner-1.c compilation,  -fprofile-use
UNRESOLVED: gcc.dg/tree-prof/inliner-1.c execution,    -fprofile-use
FAIL: gcc.dg/tree-prof/update-cunroll-2.c execution: file update-cunroll-2.gcda does not exist,  -fprofile-generate
UNRESOLVED: gcc.dg/tree-prof/update-cunroll-2.c compilation,  -fprofile-use
UNRESOLVED: gcc.dg/tree-prof/update-cunroll-2.c execution,    -fprofile-use
FAIL: gcc.dg/tree-prof/update-loopch.c execution: file update-loopch.gcda does not exist,  -fprofile-generate
UNRESOLVED: gcc.dg/tree-prof/update-loopch.c compilation,  -fprofile-use
UNRESOLVED: gcc.dg/tree-prof/update-loopch.c execution,    -fprofile-use
FAIL: gcc.dg/tree-prof/update-tailcall.c execution: file update-tailcall.gcda does not exist,  -fprofile-generate
UNRESOLVED: gcc.dg/tree-prof/update-tailcall.c compilation,  -fprofile-use
UNRESOLVED: gcc.dg/tree-prof/update-tailcall.c execution,    -fprofile-use
FAIL: gcc.dg/tree-prof/val-prof-1.c compilation,  -fprofile-generate
UNRESOLVED: gcc.dg/tree-prof/val-prof-1.c execution,    -fprofile-generate
UNRESOLVED: gcc.dg/tree-prof/val-prof-1.c compilation,  -fprofile-use
UNRESOLVED: gcc.dg/tree-prof/val-prof-1.c execution,    -fprofile-use
FAIL: gcc.dg/tree-prof/val-prof-2.c compilation,  -fprofile-generate
UNRESOLVED: gcc.dg/tree-prof/val-prof-2.c execution,    -fprofile-generate
UNRESOLVED: gcc.dg/tree-prof/val-prof-2.c compilation,  -fprofile-use
UNRESOLVED: gcc.dg/tree-prof/val-prof-2.c execution,    -fprofile-use
FAIL: gcc.dg/tree-prof/val-prof-3.c compilation,  -fprofile-generate
UNRESOLVED: gcc.dg/tree-prof/val-prof-3.c execution,    -fprofile-generate
UNRESOLVED: gcc.dg/tree-prof/val-prof-3.c compilation,  -fprofile-use
UNRESOLVED: gcc.dg/tree-prof/val-prof-3.c execution,    -fprofile-use
FAIL: gcc.dg/tree-prof/val-prof-4.c compilation,  -fprofile-generate
UNRESOLVED: gcc.dg/tree-prof/val-prof-4.c execution,    -fprofile-generate
UNRESOLVED: gcc.dg/tree-prof/val-prof-4.c compilation,  -fprofile-use
UNRESOLVED: gcc.dg/tree-prof/val-prof-4.c execution,    -fprofile-use
FAIL: gcc.dg/tree-prof/val-prof-5.c compilation,  -fprofile-generate
UNRESOLVED: gcc.dg/tree-prof/val-prof-5.c execution,    -fprofile-generate
UNRESOLVED: gcc.dg/tree-prof/val-prof-5.c compilation,  -fprofile-use
UNRESOLVED: gcc.dg/tree-prof/val-prof-5.c execution,    -fprofile-use
XPASS: gcc.dg/tree-ssa/20040204-1.c scan-tree-dump-times link_error 0
FAIL: gcc.misc-tests/bprob-1.c execution: file bprob-1.gcda does not exist,  -fprofile-arcs
UNRESOLVED: gcc.misc-tests/bprob-1.c compilation,  -fbranch-probabilities
UNRESOLVED: gcc.misc-tests/bprob-1.c execution,    -fbranch-probabilities
FAIL: gcc.misc-tests/bprob-2.c execution: file bprob-2.gcda does not exist,  -fprofile-arcs
UNRESOLVED: gcc.misc-tests/bprob-2.c compilation,  -fbranch-probabilities
UNRESOLVED: gcc.misc-tests/bprob-2.c execution,    -fbranch-probabilities

		=== gcc Summary ===

# of expected passes		37015
# of unexpected failures	27
# of unexpected successes	1
# of expected failures		75
# of unresolved testcases	28
# of untested testcases		28
# of unsupported tests		395
/home/mstein/sim/bfin-elf/build/gcc/xgcc  version 4.1.2 20060701 (prerelease)


Compiler version: 4.1.2 20060701 (prerelease) gcc 
Platform: bfin-unknown-elf
configure flags: --target=bfin-elf --prefix=/n/07/mstein/cross-local/bfin-elf --disable-nls --disable-build-warnings --with-ld=/n/07/mstein/cross-local/bfin-elf/bin/bfin-elf-ld --with-as=/n/07/mstein/cross-local/bfin-elf/bin/bfin-elf-as --disable-libssp --enable-languages=c


Index Nav: [Date Index] [Subject Index] [Author Index] [Thread Index]
Message Nav: [Date Prev] [Date Next] [Thread Prev] [Thread Next]