This is the mail archive of the
gcc-testresults@gcc.gnu.org
mailing list for the GCC project.
Results for 4.1.2 20060629 (Red Hat 4.1.1-6) [redhat/gcc-4_1-branch revision 115069 clean] testsuite on ia64-redhat-linux-gnu
- From: hjl at gnu-12 dot sc dot intel dot com (H.J. Lu)
- To: gcc-testresults at gcc dot gnu dot org
- Date: Fri, 30 Jun 2006 06:29:29 -0700 (PDT)
- Subject: Results for 4.1.2 20060629 (Red Hat 4.1.1-6) [redhat/gcc-4_1-branch revision 115069 clean] testsuite on ia64-redhat-linux-gnu
LAST_UPDATED: Thu Jun 29 18:35:35 UTC 2006 (revision 115069)
=== acats tests ===
FAIL: c36204d
=== acats Summary ===
# of expected passes 2316
# of unexpected failures 1
Native configuration is ia64-redhat-linux-gnu
=== gcc tests ===
Running target unix
FAIL: gcc.dg/builtin-apply4.c execution test
FAIL: gcc.dg/ipa/ipa-1.c (test for excess errors)
FAIL: gcc.dg/ipa/ipa-2.c (test for excess errors)
FAIL: gcc.dg/ipa/ipa-3.c (test for excess errors)
FAIL: gcc.dg/ipa/ipa-4.c (test for excess errors)
FAIL: gcc.dg/ipa/ipa-5.c (test for excess errors)
XPASS: gcc.dg/tree-ssa/loop-1.c scan-assembler-times foo 5
FAIL: gcc.dg/tree-ssa/pr23294.c scan-tree-dump-times a \\* 5 3
FAIL: gcc.dg/tree-ssa/pr23294.c scan-tree-dump \\(a - b \\* 3\\) \\* 2
FAIL: gcc.dg/tree-ssa/pr23294.c scan-tree-dump \\(a \\* 3 - b\\) \\* 2
FAIL: gcc.dg/tree-ssa/vrp22.c scan-tree-dump-times link_error 0
XPASS: gcc.dg/vect/pr16105.c scan-tree-dump-times vectorized 1 loops 1
XPASS: gcc.dg/vect/pr20122.c scan-tree-dump-times vectorized 1 loops 2
XPASS: gcc.dg/vect/vect-105.c scan-tree-dump-times vectorized 1 loops 1
XPASS: gcc.dg/vect/vect-30.c scan-tree-dump-times vectorized 1 loops 2
XPASS: gcc.dg/vect/vect-42.c scan-tree-dump-times vectorized 1 loops 1
XPASS: gcc.dg/vect/vect-43.c scan-tree-dump-times vectorized 1 loops 1
XPASS: gcc.dg/vect/vect-74.c scan-tree-dump-times vectorized 1 loops 1
XPASS: gcc.dg/vect/vect-75.c scan-tree-dump-times vectorized 1 loops 1
XPASS: gcc.dg/vect/vect-8.c scan-tree-dump-times vectorized 1 loops 1
=== gcc Summary ===
# of expected passes 37646
# of unexpected failures 10
# of unexpected successes 10
# of expected failures 137
# of untested testcases 28
# of unsupported tests 318
/export/build/gnu/gcc-4.1-redhat/build-ia64-redhat-linux/gcc/xgcc version 4.1.2 20060629 (Red Hat 4.1.1-6) [redhat/gcc-4_1-branch revision 115069 clean]
=== gfortran tests ===
Running target unix
FAIL: gfortran.dg/vect/vect-4.f90 scan-tree-dump-times Alignment of access forced using peeling 1
FAIL: gfortran.dg/vect/vect-4.f90 scan-tree-dump-times Vectorizing an unaligned access 1
=== gfortran Summary ===
# of expected passes 13212
# of unexpected failures 2
# of expected failures 20
# of unsupported tests 18
/export/build/gnu/gcc-4.1-redhat/build-ia64-redhat-linux/gcc/testsuite/gfortran/../../gfortran version 4.1.2 20060629 (Red Hat 4.1.1-6) [redhat/gcc-4_1-branch revision 115069 clean]
=== g++ tests ===
Running target unix
XPASS: g++.dg/tree-ssa/pr14814.C scan-tree-dump-times &this 0
=== g++ Summary ===
# of expected passes 11901
# of unexpected successes 1
# of expected failures 67
# of unsupported tests 103
/export/build/gnu/gcc-4.1-redhat/build-ia64-redhat-linux/gcc/testsuite/g++/../../g++ version 4.1.2 20060629 (Red Hat 4.1.1-6) [redhat/gcc-4_1-branch revision 115069 clean]
=== objc tests ===
Running target unix
=== objc Summary ===
# of expected passes 1683
# of unsupported tests 24
/export/build/gnu/gcc-4.1-redhat/build-ia64-redhat-linux/gcc/xgcc version 4.1.2 20060629 (Red Hat 4.1.1-6) [redhat/gcc-4_1-branch revision 115069 clean]
=== libffi tests ===
Running target unix
=== libffi Summary ===
# of expected passes 228
# of unsupported tests 2
=== libgomp tests ===
Running target unix
=== libgomp Summary ===
# of expected passes 1482
=== libjava tests ===
Running target unix
=== libjava Summary ===
# of expected passes 4060
# of expected failures 10
# of untested testcases 8
=== libmudflap tests ===
Running target unix
=== libmudflap Summary ===
# of expected passes 1799
=== libstdc++ tests ===
Running target unix
XPASS: 26_numerics/cmath/c99_classification_macros_c.cc (test for excess errors)
XPASS: 27_io/fpos/14320-1.cc execution test
=== libstdc++ Summary ===
# of expected passes 1632
# of unexpected successes 2
# of expected failures 5
# of unsupported tests 4
Compiler version: 4.1.2 20060629 (Red Hat 4.1.1-6) [redhat/gcc-4_1-branch revision 115069 clean]
Platform: ia64-redhat-linux-gnu
configure flags: ia64-redhat-linux --enable-clocale=gnu --with-system-zlib --with-demangler-in-ld --enable-shared --enable-threads=posix --enable-haifa --enable-checking=assert --prefix=/usr/gcc-4.1-redhat --with-local-prefix=/usr/local --enable-languages=c,ada,c++,fortran,java,objc