This is the mail archive of the
gcc-testresults@gcc.gnu.org
mailing list for the GCC project.
Results for 4.2.0 20060626 (experimental) testsuite on i486-pc-linux-gnu (Debian)
- From: Martin Michlmayr <tbm at cyrius dot com>
- To: gcc-testresults at gcc dot gnu dot org
- Date: Tue, 27 Jun 2006 00:15:10 +0200
- Subject: Results for 4.2.0 20060626 (experimental) testsuite on i486-pc-linux-gnu (Debian)
LAST_UPDATED: Obtained from SVN: trunk revision 115007
Native configuration is i486-pc-linux-gnu
=== g++ tests ===
Running target unix
=== g++ Summary for unix ===
# of expected passes 12736
# of expected failures 67
# of unsupported tests 69
Running target unix/-march=i686
FAIL: g++.dg/other/i386-1.C (test for excess errors)
WARNING: g++.dg/other/i386-1.C compilation failed to produce executable
=== g++ Summary for unix/-march=i686 ===
# of expected passes 12734
# of unexpected failures 1
# of expected failures 67
# of unsupported tests 69
=== g++ Summary ===
# of expected passes 25470
# of unexpected failures 1
# of expected failures 134
# of unsupported tests 138
/home/tbm/scratch/gcc-snapshot-20060626/build/gcc/testsuite/g++/../../g++ version 4.2.0 20060626 (experimental)
=== gcc tests ===
Running target unix
FAIL: gcc.dg/cleanup-10.c execution test
FAIL: gcc.dg/cleanup-11.c execution test
FAIL: gcc.dg/cleanup-8.c execution test
FAIL: gcc.dg/cleanup-9.c execution test
FAIL: gcc.dg/vect/pr20122.c scan-tree-dump-times vectorized 1 loops 2
=== gcc Summary for unix ===
# of expected passes 39804
# of unexpected failures 5
# of expected failures 112
# of untested testcases 28
# of unsupported tests 276
Running target unix/-march=i686
FAIL: gcc.dg/20020122-2.c (test for excess errors)
FAIL: gcc.dg/cleanup-10.c execution test
FAIL: gcc.dg/cleanup-11.c execution test
FAIL: gcc.dg/cleanup-8.c execution test
FAIL: gcc.dg/cleanup-9.c execution test
FAIL: gcc.dg/vect/pr20122.c scan-tree-dump-times vectorized 1 loops 2
FAIL: gcc.misc-tests/i386-pf-sse-1.c -march=pentium3 scan-assembler prefetchnta
FAIL: gcc.misc-tests/i386-pf-sse-1.c -march=pentium3 scan-assembler prefetcht0
FAIL: gcc.misc-tests/i386-pf-sse-1.c -march=pentium3 scan-assembler prefetcht1
FAIL: gcc.misc-tests/i386-pf-sse-1.c -march=pentium3 scan-assembler prefetcht2
FAIL: gcc.misc-tests/i386-pf-sse-1.c -march=pentium3m scan-assembler prefetchnta
FAIL: gcc.misc-tests/i386-pf-sse-1.c -march=pentium3m scan-assembler prefetcht0
FAIL: gcc.misc-tests/i386-pf-sse-1.c -march=pentium3m scan-assembler prefetcht1
FAIL: gcc.misc-tests/i386-pf-sse-1.c -march=pentium3m scan-assembler prefetcht2
FAIL: gcc.misc-tests/i386-pf-sse-1.c -march=pentium-m scan-assembler prefetchnta
FAIL: gcc.misc-tests/i386-pf-sse-1.c -march=pentium-m scan-assembler prefetcht0
FAIL: gcc.misc-tests/i386-pf-sse-1.c -march=pentium-m scan-assembler prefetcht1
FAIL: gcc.misc-tests/i386-pf-sse-1.c -march=pentium-m scan-assembler prefetcht2
FAIL: gcc.misc-tests/i386-pf-sse-1.c -march=pentium4 scan-assembler prefetchnta
FAIL: gcc.misc-tests/i386-pf-sse-1.c -march=pentium4 scan-assembler prefetcht0
FAIL: gcc.misc-tests/i386-pf-sse-1.c -march=pentium4 scan-assembler prefetcht1
FAIL: gcc.misc-tests/i386-pf-sse-1.c -march=pentium4 scan-assembler prefetcht2
FAIL: gcc.misc-tests/i386-pf-sse-1.c -march=pentium4m scan-assembler prefetchnta
FAIL: gcc.misc-tests/i386-pf-sse-1.c -march=pentium4m scan-assembler prefetcht0
FAIL: gcc.misc-tests/i386-pf-sse-1.c -march=pentium4m scan-assembler prefetcht1
FAIL: gcc.misc-tests/i386-pf-sse-1.c -march=pentium4m scan-assembler prefetcht2
FAIL: gcc.misc-tests/i386-pf-sse-1.c -march=prescott scan-assembler prefetchnta
FAIL: gcc.misc-tests/i386-pf-sse-1.c -march=prescott scan-assembler prefetcht0
FAIL: gcc.misc-tests/i386-pf-sse-1.c -march=prescott scan-assembler prefetcht1
FAIL: gcc.misc-tests/i386-pf-sse-1.c -march=prescott scan-assembler prefetcht2
FAIL: gcc.misc-tests/i386-pf-sse-1.c -march=c3-2 scan-assembler prefetchnta
FAIL: gcc.misc-tests/i386-pf-sse-1.c -march=c3-2 scan-assembler prefetcht0
FAIL: gcc.misc-tests/i386-pf-sse-1.c -march=c3-2 scan-assembler prefetcht1
FAIL: gcc.misc-tests/i386-pf-sse-1.c -march=c3-2 scan-assembler prefetcht2
FAIL: gcc.misc-tests/i386-pf-3dnow-1.c -march=c3 scan-assembler prefetch
FAIL: gcc.misc-tests/i386-pf-3dnow-1.c -march=c3 scan-assembler prefetchw
FAIL: gcc.misc-tests/i386-pf-3dnow-1.c -march=k6-2 scan-assembler prefetch
FAIL: gcc.misc-tests/i386-pf-3dnow-1.c -march=k6-2 scan-assembler prefetchw
FAIL: gcc.misc-tests/i386-pf-3dnow-1.c -march=k6-3 scan-assembler prefetch
FAIL: gcc.misc-tests/i386-pf-3dnow-1.c -march=k6-3 scan-assembler prefetchw
FAIL: gcc.misc-tests/i386-pf-athlon-1.c -march=athlon scan-assembler prefetchw
FAIL: gcc.misc-tests/i386-pf-athlon-1.c -march=athlon scan-assembler prefetchnta
FAIL: gcc.misc-tests/i386-pf-athlon-1.c -march=athlon scan-assembler prefetcht
FAIL: gcc.misc-tests/i386-pf-athlon-1.c -march=athlon-4 scan-assembler prefetchw
FAIL: gcc.misc-tests/i386-pf-athlon-1.c -march=athlon-4 scan-assembler prefetchnta
FAIL: gcc.misc-tests/i386-pf-athlon-1.c -march=athlon-4 scan-assembler prefetcht
FAIL: gcc.target/i386/387-1.c scan-assembler call\\t(.*)sin
FAIL: gcc.target/i386/387-1.c scan-assembler call\\t(.*)cos
FAIL: gcc.target/i386/387-1.c scan-assembler call\\t(.*)sqrt
FAIL: gcc.target/i386/387-1.c scan-assembler call\\t(.*)atan2
FAIL: gcc.target/i386/387-1.c scan-assembler call\\t(.*)log
FAIL: gcc.target/i386/387-1.c scan-assembler call\\t(.*)exp
FAIL: gcc.target/i386/387-1.c scan-assembler call\\t(.*)tan
FAIL: gcc.target/i386/387-1.c scan-assembler call\\t(.*)fmod
FAIL: gcc.target/i386/387-5.c scan-assembler call\\t(.*)atan
FAIL: gcc.target/i386/387-5.c scan-assembler call\\t(.*)log1p
FAIL: gcc.target/i386/387-5.c scan-assembler call\\t(.*)drem
FAIL: gcc.target/i386/compress-float-sse-pic.c (test for excess errors)
FAIL: gcc.target/i386/compress-float-sse-pic.c scan-assembler movsd
FAIL: gcc.target/i386/compress-float-sse.c (test for excess errors)
FAIL: gcc.target/i386/compress-float-sse.c scan-assembler movsd
FAIL: gcc.target/i386/cvt-1.c (test for excess errors)
FAIL: gcc.target/i386/cvt-1.c scan-assembler cvttsd2si[^\\\\n]*xmm
FAIL: gcc.target/i386/cvt-1.c scan-assembler cvttss2si[^\\\\n]*xmm
FAIL: gcc.target/i386/fpcvt-4.c (test for excess errors)
FAIL: gcc.target/i386/fpcvt-4.c scan-assembler cvtsi2sd
FAIL: gcc.target/i386/lea.c scan-assembler leal
FAIL: gcc.target/i386/pentium4-not-mull.c scan-assembler-not imull
FAIL: gcc.target/i386/pr12092-1.c (test for excess errors)
FAIL: gcc.target/i386/pr21101.c (test for excess errors)
=== gcc Summary for unix/-march=i686 ===
# of expected passes 39739
# of unexpected failures 70
# of expected failures 112
# of untested testcases 28
# of unsupported tests 276
=== gcc Summary ===
# of expected passes 79543
# of unexpected failures 75
# of expected failures 224
# of untested testcases 56
# of unsupported tests 552
/home/tbm/scratch/gcc-snapshot-20060626/build/gcc/xgcc version 4.2.0 20060626 (experimental)
=== gfortran tests ===
Running target unix
=== gfortran Summary for unix ===
# of expected passes 13517
# of expected failures 15
# of unsupported tests 24
Running target unix/-march=i686
=== gfortran Summary for unix/-march=i686 ===
# of expected passes 13517
# of expected failures 15
# of unsupported tests 24
=== gfortran Summary ===
# of expected passes 27034
# of expected failures 30
# of unsupported tests 48
/home/tbm/scratch/gcc-snapshot-20060626/build/gcc/testsuite/gfortran/../../gfortran version 4.2.0 20060626 (experimental)
=== obj-c++ tests ===
Running target unix
FAIL: obj-c++.dg/comp-types-10.mm (internal compiler error)
FAIL: obj-c++.dg/comp-types-10.mm (test for excess errors)
FAIL: obj-c++.dg/cxx-ivars-2.mm execution test
FAIL: obj-c++.dg/encode-3.mm (test for excess errors)
FAIL: obj-c++.dg/encode-8.mm execution test
FAIL: obj-c++.dg/isa-field-1.mm (test for excess errors)
FAIL: obj-c++.dg/lookup-2.mm (test for excess errors)
WARNING: obj-c++.dg/lookup-2.mm compilation failed to produce executable
FAIL: obj-c++.dg/try-catch-2.mm (test for excess errors)
WARNING: obj-c++.dg/try-catch-2.mm compilation failed to produce executable
FAIL: obj-c++.dg/try-catch-9.mm (internal compiler error)
FAIL: obj-c++.dg/try-catch-9.mm (test for excess errors)
WARNING: obj-c++.dg/try-catch-9.mm compilation failed to produce executable
=== obj-c++ Summary for unix ===
# of expected passes 425
# of unexpected failures 10
# of unsupported tests 13
Running target unix/-march=i686
FAIL: obj-c++.dg/comp-types-10.mm (internal compiler error)
FAIL: obj-c++.dg/comp-types-10.mm (test for excess errors)
FAIL: obj-c++.dg/cxx-ivars-2.mm execution test
FAIL: obj-c++.dg/encode-3.mm (test for excess errors)
FAIL: obj-c++.dg/encode-8.mm execution test
FAIL: obj-c++.dg/isa-field-1.mm (test for excess errors)
FAIL: obj-c++.dg/lookup-2.mm (test for excess errors)
WARNING: obj-c++.dg/lookup-2.mm compilation failed to produce executable
FAIL: obj-c++.dg/try-catch-2.mm (test for excess errors)
WARNING: obj-c++.dg/try-catch-2.mm compilation failed to produce executable
FAIL: obj-c++.dg/try-catch-9.mm (internal compiler error)
FAIL: obj-c++.dg/try-catch-9.mm (test for excess errors)
WARNING: obj-c++.dg/try-catch-9.mm compilation failed to produce executable
=== obj-c++ Summary for unix/-march=i686 ===
# of expected passes 425
# of unexpected failures 10
# of unsupported tests 13
=== obj-c++ Summary ===
# of expected passes 850
# of unexpected failures 20
# of unsupported tests 26
/home/tbm/scratch/gcc-snapshot-20060626/build/gcc/testsuite/obj-c++/../../g++ version 4.2.0 20060626 (experimental)
=== objc tests ===
Running target unix
=== objc Summary for unix ===
# of expected passes 1754
# of expected failures 7
# of unsupported tests 24
Running target unix/-march=i686
=== objc Summary for unix/-march=i686 ===
# of expected passes 1754
# of expected failures 7
# of unsupported tests 24
=== objc Summary ===
# of expected passes 3508
# of expected failures 14
# of unsupported tests 48
/home/tbm/scratch/gcc-snapshot-20060626/build/gcc/xgcc version 4.2.0 20060626 (experimental)
=== treelang tests ===
Running target unix
=== treelang Summary for unix ===
# of expected passes 50
Running target unix/-march=i686
=== treelang Summary for unix/-march=i686 ===
# of expected passes 50
=== treelang Summary ===
# of expected passes 100
=== libffi tests ===
Running target unix
FAIL: libffi.call/return_fl2.c -O0 -W -Wall execution test
FAIL: libffi.call/return_fl2.c -O2 execution test
FAIL: libffi.call/return_fl2.c -O3 execution test
FAIL: libffi.call/return_fl2.c -Os execution test
=== libffi Summary for unix ===
# of expected passes 1068
# of unexpected failures 4
# of unsupported tests 8
Running target unix/-march=i686
FAIL: libffi.call/return_fl2.c -O0 -W -Wall execution test
FAIL: libffi.call/return_fl2.c -O2 execution test
FAIL: libffi.call/return_fl2.c -O3 execution test
FAIL: libffi.call/return_fl2.c -Os execution test
=== libffi Summary for unix/-march=i686 ===
# of expected passes 1068
# of unexpected failures 4
# of unsupported tests 8
=== libffi Summary ===
# of expected passes 2136
# of unexpected failures 8
# of unsupported tests 16
=== libgomp tests ===
Running target unix
=== libgomp Summary for unix ===
# of expected passes 1498
Running target unix/-march=i686
=== libgomp Summary for unix/-march=i686 ===
# of expected passes 1498
=== libgomp Summary ===
# of expected passes 2996
=== libjava tests ===
Running target unix
=== libjava Summary for unix ===
# of expected passes 6862
# of expected failures 12
# of untested testcases 8
Running target unix/-march=i686
=== libjava Summary for unix/-march=i686 ===
# of expected passes 6862
# of expected failures 12
# of untested testcases 8
=== libjava Summary ===
# of expected passes 13724
# of expected failures 24
# of untested testcases 16
=== libmudflap tests ===
Running target unix
=== libmudflap Summary for unix ===
# of expected passes 1814
Running target unix/-march=i686
=== libmudflap Summary for unix/-march=i686 ===
# of expected passes 1814
=== libmudflap Summary ===
# of expected passes 3628
=== libstdc++ tests ===
Running target unix
XPASS: 26_numerics/cmath/c99_classification_macros_c.cc (test for excess errors)
=== libstdc++ Summary for unix ===
# of expected passes 3682
# of unexpected successes 1
# of expected failures 13
# of unsupported tests 319
Running target unix/-march=i686
=== libstdc++ Summary for unix/-march=i686 ===
# of expected passes 3682
# of expected failures 14
# of unsupported tests 319
=== libstdc++ Summary ===
# of expected passes 7364
# of unexpected successes 1
# of expected failures 27
# of unsupported tests 638
Compiler version: 4.2.0 20060626 (experimental)
Platform: i486-pc-linux-gnu
configure flags: -v --prefix=/usr/lib/gcc-snapshot --enable-shared --with-system-zlib --disable-nls --enable-__cxa_atexit --enable-clocale=gnu --enable-libstdcxx-debug --enable-java-awt=gtk-default --enable-gtk-cairo --with-java-home=/usr/lib/gcc-snapshot/jre --enable-objc-gc --enable-mpfr --with-tune=generic --disable-werror i486-linux-gnu --enable-languages=c,c++,fortran,java,objc,obj-c++,treelang
BOOT_CFLAGS=-O2
Build Dependencies:
Desired=Unknown/Install/Remove/Purge/Hold
| Status=Not/Installed/Config-files/Unpacked/Failed-config/Half-installed
|/ Err?=(none)/Hold/Reinst-required/X=both-problems (Status,Err: uppercase=bad)
||/ Name Version Description
+++-==============-===================-==============================================
ii binutils 2.16.1cvs20060413-1 The GNU assembler, linker and binary utilities
Patches that Debian applied in this version:
cpu-default-i486:
set default 32bit ix86 architecture to i486
reporting:
Add Debian URL for bug reporting instructions.
gcc-ice-hack:
2004-01-23 Jakub Jelinek <jakub@redhat.com>
* system.h (ICE_EXIT_CODE): Define.
* gcc.c (execute): Don't free first string early, but at the end
of the function. Call retry_ice if compiler exited with
ICE_EXIT_CODE.
(retry_ice): New function.
* diagnostic.c (diagnostic_count_diagnostic,
diagnostic_action_after_output, error_recursion): Exit with
ICE_EXIT_CODE instead of FATAL_EXIT_CODE.
libjava-biarch-awt:
Counting all warnings,
there are 0 warnings in stage3 of this bootstrap.
Number of warnings per file:
Number of warning types:
diff to test results from gcc 4.2 20060613:
-FAIL: g++.dg/ext/complit1.C (internal compiler error)
-FAIL: g++.dg/ext/complit1.C (test for excess errors)
-FAIL: g++.dg/ext/complit1.C (internal compiler error)
-FAIL: g++.dg/ext/complit1.C (test for excess errors)
Environment:
gcc version 4.1.2 20060613 (prerelease) (Debian 4.1.1-5)
binutils 2.16.91 20060413 Debian GNU/Linux
Linux 2.6.16-1-686 i686
libc6 2.3.6-15
--
Martin Michlmayr
http://www.cyrius.com/