This is the mail archive of the
gcc-testresults@gcc.gnu.org
mailing list for the GCC project.
Results for 4.2.0 20060626 (experimental) testsuite on powerpc-unknown-linux-gnu (Debian)
- From: Martin Michlmayr <tbm at cyrius dot com>
- To: gcc-testresults at gcc dot gnu dot org
- Date: Mon, 26 Jun 2006 20:57:30 +0200
- Subject: Results for 4.2.0 20060626 (experimental) testsuite on powerpc-unknown-linux-gnu (Debian)
LAST_UPDATED: Obtained from SVN: trunk revision 115007
Native configuration is powerpc-unknown-linux-gnu
=== g++ tests ===
Running target unix
=== g++ Summary ===
# of expected passes 12759
# of expected failures 65
# of unsupported tests 94
/home/tbm/scratch/gcc-snapshot-20060626/build/gcc/testsuite/g++/../../g++ version 4.2.0 20060626 (experimental)
=== gcc tests ===
Running target unix
FAIL: gcc.dg/cleanup-10.c execution test
FAIL: gcc.dg/cleanup-11.c execution test
FAIL: gcc.dg/cleanup-8.c execution test
FAIL: gcc.dg/cleanup-9.c execution test
FAIL: gcc.dg/vect/pr20122.c scan-tree-dump-times vectorized 1 loops 2
=== gcc Summary ===
# of expected passes 40101
# of unexpected failures 5
# of expected failures 111
# of untested testcases 28
# of unsupported tests 371
/home/tbm/scratch/gcc-snapshot-20060626/build/gcc/xgcc version 4.2.0 20060626 (experimental)
=== gfortran tests ===
Running target unix
=== gfortran Summary ===
# of expected passes 13398
# of expected failures 15
# of unsupported tests 82
/home/tbm/scratch/gcc-snapshot-20060626/build/gcc/testsuite/gfortran/../../gfortran version 4.2.0 20060626 (experimental)
=== obj-c++ tests ===
Running target unix
FAIL: obj-c++.dg/comp-types-10.mm (internal compiler error)
FAIL: obj-c++.dg/comp-types-10.mm (test for excess errors)
FAIL: obj-c++.dg/cxx-ivars-2.mm execution test
FAIL: obj-c++.dg/encode-3.mm (test for excess errors)
FAIL: obj-c++.dg/encode-8.mm execution test
FAIL: obj-c++.dg/isa-field-1.mm (test for excess errors)
FAIL: obj-c++.dg/lookup-2.mm (test for excess errors)
WARNING: obj-c++.dg/lookup-2.mm compilation failed to produce executable
FAIL: obj-c++.dg/try-catch-2.mm (test for excess errors)
WARNING: obj-c++.dg/try-catch-2.mm compilation failed to produce executable
FAIL: obj-c++.dg/try-catch-9.mm (internal compiler error)
FAIL: obj-c++.dg/try-catch-9.mm (test for excess errors)
WARNING: obj-c++.dg/try-catch-9.mm compilation failed to produce executable
=== obj-c++ Summary ===
# of expected passes 425
# of unexpected failures 10
# of unsupported tests 13
/home/tbm/scratch/gcc-snapshot-20060626/build/gcc/testsuite/obj-c++/../../g++ version 4.2.0 20060626 (experimental)
=== objc tests ===
Running target unix
=== objc Summary ===
# of expected passes 1754
# of expected failures 7
# of unsupported tests 24
/home/tbm/scratch/gcc-snapshot-20060626/build/gcc/xgcc version 4.2.0 20060626 (experimental)
=== treelang tests ===
Running target unix
=== treelang Summary ===
# of expected passes 50
=== libffi tests ===
Running target unix
=== libffi Summary ===
# of expected passes 1072
# of unsupported tests 8
=== libgomp tests ===
Running target unix
=== libgomp Summary ===
# of expected passes 1498
=== libjava tests ===
Running target unix
=== libjava Summary ===
# of expected passes 6862
# of expected failures 12
# of untested testcases 8
=== libmudflap tests ===
Running target unix
=== libmudflap Summary ===
# of expected passes 1814
=== libstdc++ tests ===
Running target unix
XPASS: 26_numerics/cmath/c99_classification_macros_c.cc (test for excess errors)
=== libstdc++ Summary ===
# of expected passes 3682
# of unexpected successes 1
# of expected failures 13
# of unsupported tests 319
Compiler version: 4.2.0 20060626 (experimental)
Platform: powerpc-unknown-linux-gnu
configure flags: -v --prefix=/usr/lib/gcc-snapshot --enable-shared --with-system-zlib --disable-nls --enable-__cxa_atexit --enable-clocale=gnu --enable-libstdcxx-debug --enable-java-awt=gtk-default --enable-gtk-cairo --with-java-home=/usr/lib/gcc-snapshot/jre --enable-objc-gc --enable-mpfr --disable-multilib --disable-werror powerpc-linux-gnu --enable-languages=c,c++,fortran,java,objc,obj-c++,treelang
BOOT_CFLAGS=-O2
Build Dependencies:
Desired=Unknown/Install/Remove/Purge/Hold
| Status=Not/Installed/Config-files/Unpacked/Failed-config/Half-installed
|/ Err?=(none)/Hold/Reinst-required/X=both-problems (Status,Err: uppercase=bad)
||/ Name Version Description
+++-==============-===================-==============================================
ii binutils 2.16.1cvs20060413-1 The GNU assembler, linker and binary utilities
Patches that Debian applied in this version:
cpu-default-i486:
set default 32bit ix86 architecture to i486
reporting:
Add Debian URL for bug reporting instructions.
gcc-ice-hack:
2004-01-23 Jakub Jelinek <jakub@redhat.com>
* system.h (ICE_EXIT_CODE): Define.
* gcc.c (execute): Don't free first string early, but at the end
of the function. Call retry_ice if compiler exited with
ICE_EXIT_CODE.
(retry_ice): New function.
* diagnostic.c (diagnostic_count_diagnostic,
diagnostic_action_after_output, error_recursion): Exit with
ICE_EXIT_CODE instead of FATAL_EXIT_CODE.
libjava-biarch-awt:
Counting all warnings,
there are 0 warnings in stage3 of this bootstrap.
Number of warnings per file:
Number of warning types:
diff to test results from gcc 4.2 20060613:
-FAIL: g++.dg/ext/altivec-3.C execution test
-FAIL: g++.dg/ext/complit1.C (internal compiler error)
-FAIL: g++.dg/ext/complit1.C (test for excess errors)
-FAIL: gcc.dg/vmx/pr27842.c -O0 execution test
-FAIL: gcc.dg/vmx/pr27842.c -O1 execution test
-FAIL: gcc.dg/vmx/pr27842.c -O2 execution test
-FAIL: gcc.dg/vmx/pr27842.c -O3 -fomit-frame-pointer execution test
-FAIL: gcc.dg/vmx/pr27842.c -O3 -fomit-frame-pointer -funroll-loops execution test
-FAIL: gcc.dg/vmx/pr27842.c -O3 -fomit-frame-pointer -funroll-all-loops -finline-functions execution test
-FAIL: gcc.dg/vmx/pr27842.c -O3 -g execution test
-FAIL: gcc.dg/vmx/pr27842.c -Os execution test
-WARNING: program timed out.
-FAIL: libmudflap.cth/pass37-frag.c (rerun 2) execution test
-FAIL: libmudflap.cth/pass37-frag.c (rerun 2) output pattern test
-WARNING: program timed out.
-FAIL: libmudflap.cth/pass37-frag.c (rerun 10) execution test
-FAIL: libmudflap.cth/pass37-frag.c (rerun 10) output pattern test
-WARNING: program timed out.
-FAIL: libmudflap.cth/pass37-frag.c (rerun 12) execution test
-FAIL: libmudflap.cth/pass37-frag.c (rerun 12) output pattern test
-WARNING: program timed out.
-FAIL: libmudflap.cth/pass37-frag.c (rerun 13) execution test
-FAIL: libmudflap.cth/pass37-frag.c (rerun 13) output pattern test
-WARNING: program timed out.
-FAIL: libmudflap.cth/pass37-frag.c (rerun 15) execution test
-FAIL: libmudflap.cth/pass37-frag.c (rerun 15) output pattern test
-WARNING: program timed out.
-FAIL: libmudflap.cth/pass37-frag.c (rerun 16) execution test
-FAIL: libmudflap.cth/pass37-frag.c (rerun 16) output pattern test
-WARNING: program timed out.
-FAIL: libmudflap.cth/pass37-frag.c (rerun 17) execution test
-FAIL: libmudflap.cth/pass37-frag.c (rerun 17) output pattern test
-WARNING: program timed out.
-FAIL: libmudflap.cth/pass37-frag.c (rerun 18) execution test
-FAIL: libmudflap.cth/pass37-frag.c (rerun 18) output pattern test
-WARNING: program timed out.
-FAIL: libmudflap.cth/pass37-frag.c (rerun 19) execution test
-FAIL: libmudflap.cth/pass37-frag.c (rerun 19) output pattern test
-WARNING: program timed out.
-FAIL: libmudflap.cth/pass39-frag.c execution test
-FAIL: libmudflap.cth/pass39-frag.c output pattern test
-WARNING: program timed out.
-FAIL: libmudflap.cth/pass39-frag.c (rerun 1) execution test
-FAIL: libmudflap.cth/pass39-frag.c (rerun 1) output pattern test
-WARNING: program timed out.
-FAIL: libmudflap.cth/pass39-frag.c (rerun 2) execution test
-FAIL: libmudflap.cth/pass39-frag.c (rerun 2) output pattern test
-WARNING: program timed out.
-FAIL: libmudflap.cth/pass39-frag.c (rerun 3) execution test
-FAIL: libmudflap.cth/pass39-frag.c (rerun 3) output pattern test
-WARNING: program timed out.
-FAIL: libmudflap.cth/pass39-frag.c (rerun 4) execution test
-FAIL: libmudflap.cth/pass39-frag.c (rerun 4) output pattern test
-WARNING: program timed out.
-FAIL: libmudflap.cth/pass39-frag.c (rerun 5) execution test
-FAIL: libmudflap.cth/pass39-frag.c (rerun 5) output pattern test
-WARNING: program timed out.
-FAIL: libmudflap.cth/pass39-frag.c (rerun 6) execution test
-FAIL: libmudflap.cth/pass39-frag.c (rerun 6) output pattern test
-WARNING: program timed out.
-FAIL: libmudflap.cth/pass39-frag.c (rerun 9) execution test
-FAIL: libmudflap.cth/pass39-frag.c (rerun 9) output pattern test
-WARNING: program timed out.
-FAIL: libmudflap.cth/pass39-frag.c (rerun 10) execution test
-FAIL: libmudflap.cth/pass39-frag.c (rerun 10) output pattern test
-WARNING: program timed out.
-FAIL: libmudflap.cth/pass39-frag.c (rerun 11) execution test
-FAIL: libmudflap.cth/pass39-frag.c (rerun 11) output pattern test
-WARNING: program timed out.
-FAIL: libmudflap.cth/pass39-frag.c (rerun 12) execution test
-FAIL: libmudflap.cth/pass39-frag.c (rerun 12) output pattern test
-WARNING: program timed out.
-FAIL: libmudflap.cth/pass39-frag.c (rerun 13) execution test
-FAIL: libmudflap.cth/pass39-frag.c (rerun 13) output pattern test
-WARNING: program timed out.
-FAIL: libmudflap.cth/pass39-frag.c (rerun 14) execution test
-FAIL: libmudflap.cth/pass39-frag.c (rerun 14) output pattern test
-WARNING: program timed out.
-FAIL: libmudflap.cth/pass39-frag.c (rerun 16) execution test
-FAIL: libmudflap.cth/pass39-frag.c (rerun 16) output pattern test
-WARNING: program timed out.
-FAIL: libmudflap.cth/pass39-frag.c (rerun 17) execution test
-FAIL: libmudflap.cth/pass39-frag.c (rerun 17) output pattern test
-WARNING: program timed out.
-FAIL: libmudflap.cth/pass39-frag.c (rerun 18) execution test
-FAIL: libmudflap.cth/pass39-frag.c (rerun 18) output pattern test
-WARNING: program timed out.
-FAIL: libmudflap.cth/pass39-frag.c (rerun 19) execution test
-FAIL: libmudflap.cth/pass39-frag.c (rerun 19) output pattern test
-WARNING: program timed out.
-FAIL: libmudflap.cth/pass37-frag.c (-static -DSTATIC) (rerun 3) execution test
-FAIL: libmudflap.cth/pass37-frag.c (-static -DSTATIC) (rerun 3) output pattern test
-WARNING: program timed out.
-FAIL: libmudflap.cth/pass37-frag.c (-static -DSTATIC) (rerun 4) execution test
-FAIL: libmudflap.cth/pass37-frag.c (-static -DSTATIC) (rerun 4) output pattern test
-WARNING: program timed out.
-FAIL: libmudflap.cth/pass37-frag.c (-static -DSTATIC) (rerun 6) execution test
-FAIL: libmudflap.cth/pass37-frag.c (-static -DSTATIC) (rerun 6) output pattern test
-WARNING: program timed out.
-FAIL: libmudflap.cth/pass37-frag.c (-static -DSTATIC) (rerun 7) execution test
-FAIL: libmudflap.cth/pass37-frag.c (-static -DSTATIC) (rerun 7) output pattern test
-WARNING: program timed out.
-FAIL: libmudflap.cth/pass37-frag.c (-static -DSTATIC) (rerun 9) execution test
-FAIL: libmudflap.cth/pass37-frag.c (-static -DSTATIC) (rerun 9) output pattern test
-WARNING: program timed out.
-FAIL: libmudflap.cth/pass37-frag.c (-static -DSTATIC) (rerun 10) execution test
-FAIL: libmudflap.cth/pass37-frag.c (-static -DSTATIC) (rerun 10) output pattern test
-WARNING: program timed out.
-FAIL: libmudflap.cth/pass37-frag.c (-static -DSTATIC) (rerun 11) execution test
-FAIL: libmudflap.cth/pass37-frag.c (-static -DSTATIC) (rerun 11) output pattern test
-WARNING: program timed out.
-FAIL: libmudflap.cth/pass37-frag.c (-static -DSTATIC) (rerun 14) execution test
-FAIL: libmudflap.cth/pass37-frag.c (-static -DSTATIC) (rerun 14) output pattern test
-WARNING: program timed out.
-FAIL: libmudflap.cth/pass39-frag.c (-static -DSTATIC) (rerun 1) execution test
-FAIL: libmudflap.cth/pass39-frag.c (-static -DSTATIC) (rerun 1) output pattern test
-WARNING: program timed out.
-FAIL: libmudflap.cth/pass39-frag.c (-static -DSTATIC) (rerun 3) execution test
-FAIL: libmudflap.cth/pass39-frag.c (-static -DSTATIC) (rerun 3) output pattern test
-WARNING: program timed out.
-FAIL: libmudflap.cth/pass39-frag.c (-static -DSTATIC) (rerun 4) execution test
-FAIL: libmudflap.cth/pass39-frag.c (-static -DSTATIC) (rerun 4) output pattern test
-WARNING: program timed out.
-FAIL: libmudflap.cth/pass39-frag.c (-static -DSTATIC) (rerun 5) execution test
-FAIL: libmudflap.cth/pass39-frag.c (-static -DSTATIC) (rerun 5) output pattern test
-WARNING: program timed out.
-FAIL: libmudflap.cth/pass39-frag.c (-static -DSTATIC) (rerun 6) execution test
-FAIL: libmudflap.cth/pass39-frag.c (-static -DSTATIC) (rerun 6) output pattern test
-WARNING: program timed out.
-FAIL: libmudflap.cth/pass39-frag.c (-static -DSTATIC) (rerun 7) execution test
-FAIL: libmudflap.cth/pass39-frag.c (-static -DSTATIC) (rerun 7) output pattern test
-WARNING: program timed out.
-FAIL: libmudflap.cth/pass39-frag.c (-static -DSTATIC) (rerun 8) execution test
-FAIL: libmudflap.cth/pass39-frag.c (-static -DSTATIC) (rerun 8) output pattern test
-WARNING: program timed out.
-FAIL: libmudflap.cth/pass39-frag.c (-static -DSTATIC) (rerun 9) execution test
-FAIL: libmudflap.cth/pass39-frag.c (-static -DSTATIC) (rerun 9) output pattern test
-WARNING: program timed out.
-FAIL: libmudflap.cth/pass39-frag.c (-static -DSTATIC) (rerun 10) execution test
-FAIL: libmudflap.cth/pass39-frag.c (-static -DSTATIC) (rerun 10) output pattern test
-WARNING: program timed out.
-FAIL: libmudflap.cth/pass39-frag.c (-static -DSTATIC) (rerun 11) execution test
-FAIL: libmudflap.cth/pass39-frag.c (-static -DSTATIC) (rerun 11) output pattern test
-WARNING: program timed out.
-FAIL: libmudflap.cth/pass39-frag.c (-static -DSTATIC) (rerun 12) execution test
-FAIL: libmudflap.cth/pass39-frag.c (-static -DSTATIC) (rerun 12) output pattern test
-WARNING: program timed out.
-FAIL: libmudflap.cth/pass39-frag.c (-static -DSTATIC) (rerun 13) execution test
-FAIL: libmudflap.cth/pass39-frag.c (-static -DSTATIC) (rerun 13) output pattern test
-WARNING: program timed out.
-FAIL: libmudflap.cth/pass39-frag.c (-static -DSTATIC) (rerun 14) execution test
-FAIL: libmudflap.cth/pass39-frag.c (-static -DSTATIC) (rerun 14) output pattern test
-WARNING: program timed out.
-FAIL: libmudflap.cth/pass39-frag.c (-static -DSTATIC) (rerun 15) execution test
-FAIL: libmudflap.cth/pass39-frag.c (-static -DSTATIC) (rerun 15) output pattern test
-WARNING: program timed out.
-FAIL: libmudflap.cth/pass39-frag.c (-static -DSTATIC) (rerun 16) execution test
-FAIL: libmudflap.cth/pass39-frag.c (-static -DSTATIC) (rerun 16) output pattern test
-WARNING: program timed out.
-FAIL: libmudflap.cth/pass39-frag.c (-static -DSTATIC) (rerun 17) execution test
-FAIL: libmudflap.cth/pass39-frag.c (-static -DSTATIC) (rerun 17) output pattern test
-WARNING: program timed out.
-FAIL: libmudflap.cth/pass39-frag.c (-static -DSTATIC) (rerun 19) execution test
-FAIL: libmudflap.cth/pass39-frag.c (-static -DSTATIC) (rerun 19) output pattern test
-WARNING: program timed out.
-FAIL: libmudflap.cth/pass37-frag.c (-O2) execution test
-FAIL: libmudflap.cth/pass37-frag.c (-O2) output pattern test
-WARNING: program timed out.
-FAIL: libmudflap.cth/pass37-frag.c (-O2) (rerun 2) execution test
-FAIL: libmudflap.cth/pass37-frag.c (-O2) (rerun 2) output pattern test
-WARNING: program timed out.
-FAIL: libmudflap.cth/pass37-frag.c (-O2) (rerun 3) execution test
-FAIL: libmudflap.cth/pass37-frag.c (-O2) (rerun 3) output pattern test
-WARNING: program timed out.
-FAIL: libmudflap.cth/pass37-frag.c (-O2) (rerun 6) execution test
-FAIL: libmudflap.cth/pass37-frag.c (-O2) (rerun 6) output pattern test
-WARNING: program timed out.
-FAIL: libmudflap.cth/pass37-frag.c (-O2) (rerun 7) execution test
-FAIL: libmudflap.cth/pass37-frag.c (-O2) (rerun 7) output pattern test
-WARNING: program timed out.
-FAIL: libmudflap.cth/pass37-frag.c (-O2) (rerun 8) execution test
-FAIL: libmudflap.cth/pass37-frag.c (-O2) (rerun 8) output pattern test
-WARNING: program timed out.
-FAIL: libmudflap.cth/pass37-frag.c (-O2) (rerun 9) execution test
-FAIL: libmudflap.cth/pass37-frag.c (-O2) (rerun 9) output pattern test
-WARNING: program timed out.
-FAIL: libmudflap.cth/pass37-frag.c (-O2) (rerun 10) execution test
-FAIL: libmudflap.cth/pass37-frag.c (-O2) (rerun 10) output pattern test
-WARNING: program timed out.
-FAIL: libmudflap.cth/pass37-frag.c (-O2) (rerun 11) execution test
-FAIL: libmudflap.cth/pass37-frag.c (-O2) (rerun 11) output pattern test
-WARNING: program timed out.
-FAIL: libmudflap.cth/pass37-frag.c (-O2) (rerun 14) execution test
-FAIL: libmudflap.cth/pass37-frag.c (-O2) (rerun 14) output pattern test
-WARNING: program timed out.
-FAIL: libmudflap.cth/pass37-frag.c (-O2) (rerun 15) execution test
-FAIL: libmudflap.cth/pass37-frag.c (-O2) (rerun 15) output pattern test
-WARNING: program timed out.
-FAIL: libmudflap.cth/pass37-frag.c (-O2) (rerun 16) execution test
-FAIL: libmudflap.cth/pass37-frag.c (-O2) (rerun 16) output pattern test
-WARNING: program timed out.
-FAIL: libmudflap.cth/pass37-frag.c (-O2) (rerun 17) execution test
-FAIL: libmudflap.cth/pass37-frag.c (-O2) (rerun 17) output pattern test
-WARNING: program timed out.
-FAIL: libmudflap.cth/pass37-frag.c (-O2) (rerun 18) execution test
-FAIL: libmudflap.cth/pass37-frag.c (-O2) (rerun 18) output pattern test
-WARNING: program timed out.
-FAIL: libmudflap.cth/pass37-frag.c (-O2) (rerun 19) execution test
-FAIL: libmudflap.cth/pass37-frag.c (-O2) (rerun 19) output pattern test
-WARNING: program timed out.
-FAIL: libmudflap.cth/pass39-frag.c (-O2) execution test
-FAIL: libmudflap.cth/pass39-frag.c (-O2) output pattern test
-WARNING: program timed out.
-FAIL: libmudflap.cth/pass39-frag.c (-O2) (rerun 1) execution test
-FAIL: libmudflap.cth/pass39-frag.c (-O2) (rerun 1) output pattern test
-WARNING: program timed out.
-FAIL: libmudflap.cth/pass39-frag.c (-O2) (rerun 2) execution test
-FAIL: libmudflap.cth/pass39-frag.c (-O2) (rerun 2) output pattern test
-WARNING: program timed out.
-FAIL: libmudflap.cth/pass39-frag.c (-O2) (rerun 3) execution test
-FAIL: libmudflap.cth/pass39-frag.c (-O2) (rerun 3) output pattern test
-WARNING: program timed out.
-FAIL: libmudflap.cth/pass39-frag.c (-O2) (rerun 4) execution test
-FAIL: libmudflap.cth/pass39-frag.c (-O2) (rerun 4) output pattern test
-WARNING: program timed out.
-FAIL: libmudflap.cth/pass39-frag.c (-O2) (rerun 5) execution test
-FAIL: libmudflap.cth/pass39-frag.c (-O2) (rerun 5) output pattern test
-WARNING: program timed out.
-FAIL: libmudflap.cth/pass39-frag.c (-O2) (rerun 6) execution test
-FAIL: libmudflap.cth/pass39-frag.c (-O2) (rerun 6) output pattern test
-WARNING: program timed out.
-FAIL: libmudflap.cth/pass37-frag.c (-O3) (rerun 5) execution test
-FAIL: libmudflap.cth/pass37-frag.c (-O3) (rerun 5) output pattern test
-WARNING: program timed out.
-FAIL: libmudflap.cth/pass37-frag.c (-O3) (rerun 15) execution test
-FAIL: libmudflap.cth/pass37-frag.c (-O3) (rerun 15) output pattern test
-WARNING: program timed out.
-FAIL: libmudflap.cth/pass37-frag.c (-O3) (rerun 16) execution test
-FAIL: libmudflap.cth/pass37-frag.c (-O3) (rerun 16) output pattern test
-WARNING: program timed out.
-FAIL: libmudflap.cth/pass37-frag.c (-O3) (rerun 17) execution test
-FAIL: libmudflap.cth/pass37-frag.c (-O3) (rerun 17) output pattern test
-WARNING: program timed out.
-FAIL: libmudflap.cth/pass37-frag.c (-O3) (rerun 18) execution test
-FAIL: libmudflap.cth/pass37-frag.c (-O3) (rerun 18) output pattern test
-WARNING: program timed out.
-FAIL: libmudflap.cth/pass37-frag.c (-O3) (rerun 19) execution test
-FAIL: libmudflap.cth/pass37-frag.c (-O3) (rerun 19) output pattern test
Environment:
gcc version 4.2.0 20060530 (experimental)
binutils 2.16.91 20060413 Debian GNU/Linux
Linux 2.6.17-1-powerpc64 ppc
libc6 2.3.6-7
--
Martin Michlmayr
http://www.cyrius.com/