This is the mail archive of the gcc-testresults@gcc.gnu.org mailing list for the GCC project.


Index Nav: [Date Index] [Subject Index] [Author Index] [Thread Index]
Message Nav: [Date Prev] [Date Next] [Thread Prev] [Thread Next]
Other format: [Raw text]

Results for 3.4.6 testsuite on alpha-dec-osf5.1b


LAST_UPDATED: Obtained from SVN: tags/gcc_3_4_6_release revision 111785

Native configuration is alpha-dec-osf5.1b

		=== libffi tests ===


Running target unix
FAIL: libffi.call/cls_align_longdouble.c output pattern test, is 12 0 0 176 0 0: 188 0 0
FAIL: libffi.call/float.c execution test
FAIL: libffi.call/float2.c execution test
FAIL: libffi.special/unwindtest.cc execution test

		=== libffi Summary ===

# of expected passes		207
# of unexpected failures	4
# of unsupported tests		2
		=== libjava tests ===


Running target unix
FAIL: PR295 compilation from source
FAIL: PR295 compilation from bytecode
FAIL: PR295 -O3 compilation from source
FAIL: PR295 -O3 compilation from bytecode
FAIL: Statics compilation from source
FAIL: Statics compilation from bytecode
FAIL: Statics -O3 compilation from source
FAIL: Statics -O3 compilation from bytecode
FAIL: cxxtest.c compilation
FAIL: pr11951 run
FAIL: ArrayStore execution - gij test
FAIL: ArrayStore execution - gij test
FAIL: Array_3 execution - gij test
FAIL: Array_3 execution - gij test
FAIL: Class_1 compilation from source
FAIL: Class_1 compilation from bytecode
FAIL: Class_1 -O3 compilation from source
FAIL: Class_1 -O3 compilation from bytecode
FAIL: FileHandleGcTest execution - gij test
FAIL: FileHandleGcTest execution - gij test
FAIL: PR12416 compilation from source
FAIL: PR12416 compilation from bytecode
FAIL: PR12416 -O3 compilation from source
FAIL: PR12416 -O3 compilation from bytecode
FAIL: PR218 execution - gij test
FAIL: PR218 execution - gij test
FAIL: PR7482 compilation from source
FAIL: PR7482 compilation from bytecode
FAIL: PR7482 -O3 compilation from source
FAIL: PR7482 -O3 compilation from bytecode
FAIL: StringBuffer_1 execution - gij test
FAIL: StringBuffer_1 execution - gij test
FAIL: StringBuffer_overflow execution - gij test
FAIL: StringBuffer_overflow execution - gij test
FAIL: String_overflow execution - gij test
FAIL: String_overflow execution - gij test
FAIL: Thread_Alive execution - gij test
FAIL: Thread_Alive execution - gij test
FAIL: Thread_Interrupt execution - gij test
FAIL: Thread_Interrupt execution - gij test
FAIL: Thread_Wait_2 execution - gij test
FAIL: Thread_Wait_2 execution - gij test
FAIL: Thread_Wait_Interrupt execution - gij test
FAIL: Thread_Wait_Interrupt execution - gij test
FAIL: Throw_2 execution - source compiled test
FAIL: Throw_2 execution - gij test
FAIL: Throw_2 execution - bytecode->native test
FAIL: Throw_2 -O3 execution - source compiled test
FAIL: Throw_2 execution - gij test
FAIL: Throw_2 -O3 execution - bytecode->native test
FAIL: initexc execution - gij test
FAIL: initexc execution - gij test
FAIL: instinit2 execution - gij test
FAIL: instinit2 execution - gij test
FAIL: invokethrow execution - source compiled test
FAIL: invokethrow execution - gij test
FAIL: invokethrow execution - bytecode->native test
FAIL: invokethrow -O3 execution - source compiled test
FAIL: invokethrow execution - gij test
FAIL: invokethrow -O3 execution - bytecode->native test
FAIL: pr179 compilation from source
FAIL: pr179 compilation from bytecode
FAIL: pr179 -O3 compilation from source
FAIL: pr179 -O3 compilation from bytecode
FAIL: verify compilation from source
FAIL: verify compilation from bytecode
FAIL: verify -O3 compilation from source
FAIL: verify -O3 compilation from bytecode
FAIL: resource compilation dummy.class

		=== libjava Summary ===

# of expected passes		3110
# of unexpected failures	69
# of expected failures		10
# of untested testcases		87
		=== libstdc++ tests ===


Running target unix
XPASS: 22_locale/locale/cons/12658_thread.cc execution test
WARNING: program timed out.
FAIL: 27_io/basic_filebuf/open/char/9507.cc execution test
WARNING: program timed out.
FAIL: 27_io/basic_ofstream/cons/char/2.cc execution test

		=== libstdc++ Summary ===

# of expected passes		2733
# of unexpected failures	2
# of unexpected successes	1
# of expected failures		5
		=== acats tests ===
FAIL:	c250002
FAIL:	c37213f
FAIL:	c37215f
FAIL:	c380004
FAIL:	c45624a
FAIL:	c45624b
FAIL:	c460010
FAIL:	c4a013a
FAIL:	cd30001
FAIL:	cd30002
FAIL:	cd5011m
FAIL:	cxa5a03
FAIL:	cxg2002
FAIL:	cxg2017
FAIL:	cxg2020

		=== acats Summary ===
# of expected passes		2307
# of unexpected failures	15

		=== g++ tests ===


Running target unix
FAIL: g++.dg/opt/range-test-1.C (test for excess errors)
XPASS: g++.dg/rtti/tinfo1.C scan-assembler-not .section[^\\n\\r]*_ZTIP9CTemplateIhE[^\\n\\r]*
FAIL: g++.dg/pch/system-1.C -g assembly comparison
FAIL: g++.dg/pch/system-2.C -g assembly comparison

		=== g++ Summary ===

# of expected passes		9927
# of unexpected failures	3
# of unexpected successes	1
# of expected failures		66
# of unsupported tests		83
/amnt/sequoia/export/vol/gcc/obj/alpha/gcc-3.4.6/5.1b-gcc/gcc/testsuite/../g++  version 3.4.6

		=== g77 tests ===


Running target unix

		=== g77 Summary ===

# of expected passes		1812
# of unsupported tests		6
/amnt/sequoia/export/vol/gcc/obj/alpha/gcc-3.4.6/5.1b-gcc/gcc/testsuite/../g77  version 3.4.6

		=== gcc tests ===


Running target unix
FAIL: gcc.c-torture/compile/20001226-1.c (test for excess errors)
FAIL: gcc.c-torture/compile/20001226-1.c (test for excess errors)
FAIL: gcc.c-torture/compile/20001226-1.c (test for excess errors)
FAIL: gcc.c-torture/compile/20001226-1.c (test for excess errors)
FAIL: gcc.c-torture/compile/920625-2.c (test for excess errors)
FAIL: gcc.c-torture/compile/labels-3.c (test for excess errors)
FAIL: gcc.c-torture/compile/labels-3.c (test for excess errors)
FAIL: gcc.c-torture/compile/labels-3.c (test for excess errors)
FAIL: gcc.c-torture/compile/labels-3.c (test for excess errors)
FAIL: gcc.c-torture/compile/labels-3.c (test for excess errors)
FAIL: gcc.c-torture/compile/labels-3.c (test for excess errors)
FAIL: gcc.c-torture/execute/regstack-1.c execution,  -O1 
FAIL: gcc.c-torture/execute/ieee/20010226-1.c execution,  -O1 
FAIL: gcc.c-torture/execute/ieee/inf-1.c execution,  -O1 
FAIL: gcc.dg/20040123-1.c scan-assembler abort
FAIL: gcc.dg/array-quals-1.c scan-assembler-not \\\\.data(?!\\\\.rel\\\\.ro)
FAIL: gcc.dg/builtins-18.c (test for excess errors)
FAIL: gcc.dg/range-test-1.c (test for excess errors)
UNRESOLVED: gcc.dg/visibility-1.c
UNRESOLVED: gcc.dg/visibility-2.c
UNRESOLVED: gcc.dg/visibility-3.c
UNRESOLVED: gcc.dg/visibility-4.c
UNRESOLVED: gcc.dg/visibility-5.c
UNRESOLVED: gcc.dg/visibility-6.c
UNRESOLVED: gcc.dg/visibility-7.c
UNRESOLVED: gcc.dg/visibility-8.c
FAIL: gcc.dg/pch/static-1.c -O0 -g assembly comparison
FAIL: gcc.dg/pch/static-2.c -O0 -g assembly comparison
FAIL: gcc.dg/pch/static-3.c -O0 -g assembly comparison
FAIL: largefile.c (test for excess errors)
FAIL: largefile.c (test for excess errors)
FAIL: largefile.c (test for excess errors)
FAIL: largefile.c (test for excess errors)
FAIL: largefile.c (test for excess errors)
FAIL: largefile.c (test for excess errors)
FAIL: largefile.c (test for excess errors)

		=== gcc Summary ===

# of expected passes		24814
# of unexpected failures	28
# of expected failures		78
# of unresolved testcases	8
# of untested testcases		14
# of unsupported tests		377
/amnt/sequoia/export/vol/gcc/obj/alpha/gcc-3.4.6/5.1b-gcc/gcc/xgcc version 3.4.6

		=== objc tests ===


Running target unix

		=== objc Summary ===

# of expected passes		1352
# of unsupported tests		8
/amnt/sequoia/export/vol/gcc/obj/alpha/gcc-3.4.6/5.1b-gcc/gcc/xgcc  version 3.4.6


Compiler version: 3.4.6 
Platform: alpha-dec-osf5.1b
configure flags: --prefix=/vol/gcc-3.4/5.1b --disable-nls --host alpha-dec-osf5.1b --build alpha-dec-osf5.1b --target alpha-dec-osf5.1b


Index Nav: [Date Index] [Subject Index] [Author Index] [Thread Index]
Message Nav: [Date Prev] [Date Next] [Thread Prev] [Thread Next]