This is the mail archive of the
gcc-testresults@gcc.gnu.org
mailing list for the GCC project.
Results for 4.2.0 20060605 (experimental) testsuite on hppa1.1-hp-hpux10.20
- From: John David Anglin <dave at hiauly1 dot hia dot nrc dot ca>
- To: dave at hiauly1 dot hia dot nrc dot ca, gcc-testresults at gcc dot gnu dot org
- Date: Mon, 19 Jun 2006 09:23:54 -0400 (EDT)
- Subject: Results for 4.2.0 20060605 (experimental) testsuite on hppa1.1-hp-hpux10.20
LAST_UPDATED: Mon Jun 5 02:27:22 UTC 2006 (revision 114379)
=== acats tests ===
FAIL: c35507m
FAIL: c974004
FAIL: c974005
FAIL: c974009
Native configuration is hppa1.1-hp-hpux10.20
=== g++ tests ===
Running target unix
WARNING: program timed out.
FAIL: g++.dg/eh/cleanup1.C (test for excess errors)
FAIL: g++.dg/eh/spbp.C (test for excess errors)
WARNING: g++.dg/eh/spbp.C compilation failed to produce executable
FAIL: g++.dg/other/unused1.C scan-assembler stringz?\\t"class2"
FAIL: g++.dg/other/unused1.C scan-assembler stringz?\\t"printer"
FAIL: g++.old-deja/g++.other/init18.C execution test
FAIL: g++.old-deja/g++.other/init19.C execution test
FAIL: g++.old-deja/g++.other/init5.C execution test
=== g++ Summary ===
# of expected passes 11825
# of unexpected failures 7
# of expected failures 66
# of unsupported tests 165
/xxx/gnu/gcc/objdir/gcc/testsuite/g++/../../g++ version 4.2.0 20060605 (experimental)
=== gcc tests ===
Running target unix
WARNING: program timed out.
FAIL: gcc.c-torture/compile/20001226-1.c -O1 (test for excess errors)
WARNING: program timed out.
FAIL: gcc.c-torture/compile/20001226-1.c -O2 (test for excess errors)
WARNING: program timed out.
FAIL: gcc.c-torture/compile/20001226-1.c -O3 -fomit-frame-pointer (test for excess errors)
WARNING: program timed out.
FAIL: gcc.c-torture/compile/20001226-1.c -O3 -g (test for excess errors)
WARNING: program timed out.
FAIL: gcc.c-torture/compile/20001226-1.c -Os (test for excess errors)
FAIL: gcc.c-torture/execute/builtin-bitops-1.c execution, -O3 -fomit-frame-pointer -funroll-loops
FAIL: gcc.c-torture/execute/builtin-bitops-1.c execution, -O3 -fomit-frame-pointer -funroll-all-loops -finline-functions
XPASS: gcc.dg/cpp/cmdlne-dI-M.c scan-file (^|\\\\n)cmdlne-dI-M.*:[^\\\\n]*cmdlne-dI-M.c
XPASS: gcc.dg/cpp/cmdlne-dM-M.c scan-file (^|\\\\n)cmdlne-dM-M[^\\\\n]*:[^\\\\n]*cmdlne-dM-M.c
FAIL: gcc.dg/fold-cond-1.c scan-tree-dump-times \\(g \\| h\\) != 0 1
FAIL: gcc.dg/pr27095.c scan-assembler-not (?n)strlen(.*\\n)+.*strlen
WARNING: program timed out.
FAIL: gcc.dg/torture/fp-int-convert-long-double.c -O2 (test for excess errors)
WARNING: gcc.dg/torture/fp-int-convert-long-double.c -O2 compilation failed to produce executable
WARNING: program timed out.
FAIL: gcc.dg/torture/fp-int-convert-long-double.c -O3 -fomit-frame-pointer (test for excess errors)
WARNING: gcc.dg/torture/fp-int-convert-long-double.c -O3 -fomit-frame-pointer compilation failed to produce executable
WARNING: program timed out.
FAIL: gcc.dg/torture/fp-int-convert-long-double.c -O3 -g (test for excess errors)
WARNING: gcc.dg/torture/fp-int-convert-long-double.c -O3 -g compilation failed to produce executable
WARNING: program timed out.
FAIL: gcc.dg/torture/fp-int-convert-long-double.c -Os (test for excess errors)
WARNING: gcc.dg/torture/fp-int-convert-long-double.c -Os compilation failed to produce executable
FAIL: gcc.dg/torture/pr24626-2.c -O2 (test for excess errors)
FAIL: gcc.dg/torture/pr24626-2.c -O3 -fomit-frame-pointer (test for excess errors)
FAIL: gcc.dg/torture/pr24626-2.c -O3 -g (test for excess errors)
XPASS: gcc.dg/tree-ssa/20040204-1.c scan-tree-dump-times link_error 0
=== gcc Summary ===
# of expected passes 37341
# of unexpected failures 16
# of unexpected successes 3
# of expected failures 78
# of untested testcases 28
# of unsupported tests 488
/xxx/gnu/gcc/objdir/gcc/xgcc version 4.2.0 20060605 (experimental)
=== gfortran tests ===
Running target unix
FAIL: gfortran.dg/gomp/appendix-a/a.1.1.f90 -O (test for excess errors)
FAIL: gfortran.dg/gomp/appendix-a/a.11.1.f90 -O (test for excess errors)
FAIL: gfortran.dg/gomp/appendix-a/a.11.2.f90 -O (test for excess errors)
FAIL: gfortran.dg/gomp/appendix-a/a.11.3.f90 -O (test for excess errors)
FAIL: gfortran.dg/gomp/appendix-a/a.11.4.f90 -O (test for excess errors)
FAIL: gfortran.dg/gomp/appendix-a/a.11.5.f90 -O (test for excess errors)
FAIL: gfortran.dg/gomp/appendix-a/a.11.6.f90 -O (test for excess errors)
FAIL: gfortran.dg/gomp/appendix-a/a.11.7.f90 -O (test for excess errors)
FAIL: gfortran.dg/gomp/appendix-a/a.12.1.f90 -O (test for excess errors)
FAIL: gfortran.dg/gomp/appendix-a/a.13.1.f90 -O (test for excess errors)
FAIL: gfortran.dg/gomp/appendix-a/a.14.1.f90 -O (test for excess errors)
FAIL: gfortran.dg/gomp/appendix-a/a.17.1.f90 -O (test for excess errors)
FAIL: gfortran.dg/gomp/appendix-a/a.17.2.f90 -O (test for excess errors)
FAIL: gfortran.dg/gomp/appendix-a/a.17.3.f90 -O (test for excess errors)
FAIL: gfortran.dg/gomp/appendix-a/a.21.2.f90 -O (test for excess errors)
FAIL: gfortran.dg/gomp/appendix-a/a.21.3.f90 -O (test for excess errors)
FAIL: gfortran.dg/gomp/appendix-a/a.23.1.f90 -O (test for excess errors)
FAIL: gfortran.dg/gomp/appendix-a/a.23.2.f90 -O (test for excess errors)
FAIL: gfortran.dg/gomp/appendix-a/a.23.3.f90 -O (test for excess errors)
FAIL: gfortran.dg/gomp/appendix-a/a.23.4.f90 -O (test for excess errors)
FAIL: gfortran.dg/gomp/appendix-a/a.23.5.f90 -O (test for excess errors)
FAIL: gfortran.dg/gomp/appendix-a/a.25.1.f90 -O (test for excess errors)
FAIL: gfortran.dg/gomp/appendix-a/a.26.2.f90 -O (test for excess errors)
FAIL: gfortran.dg/gomp/appendix-a/a.27.1.f90 -O (test for excess errors)
FAIL: gfortran.dg/gomp/appendix-a/a.30.1.f90 -O (test for excess errors)
FAIL: gfortran.dg/gomp/appendix-a/a.31.1.f90 -O (test for excess errors)
FAIL: gfortran.dg/gomp/appendix-a/a.31.2.f90 -O (test for excess errors)
FAIL: gfortran.dg/gomp/appendix-a/a.31.3.f90 -O (test for excess errors)
FAIL: gfortran.dg/gomp/appendix-a/a.33.2.f90 -O (test for excess errors)
FAIL: gfortran.dg/gomp/appendix-a/a.33.4.f90 -O (test for excess errors)
FAIL: gfortran.dg/gomp/appendix-a/a.34.1.f90 -O (test for excess errors)
FAIL: gfortran.dg/gomp/appendix-a/a.34.2.f90 -O (test for excess errors)
FAIL: gfortran.dg/gomp/appendix-a/a.35.1.f90 -O (test for excess errors)
FAIL: gfortran.dg/gomp/appendix-a/a.35.2.f90 -O (test for excess errors)
FAIL: gfortran.dg/gomp/appendix-a/a.35.3.f90 -O (test for excess errors)
FAIL: gfortran.dg/gomp/appendix-a/a.35.4.f90 -O (test for excess errors)
FAIL: gfortran.dg/gomp/appendix-a/a.35.5.f90 -O (test for excess errors)
FAIL: gfortran.dg/gomp/appendix-a/a.35.6.f90 -O (test for excess errors)
FAIL: gfortran.dg/gomp/appendix-a/a.36.1.f90 -O (test for excess errors)
FAIL: gfortran.dg/gomp/appendix-a/a.37.1.f90 -O (test for excess errors)
FAIL: gfortran.dg/gomp/appendix-a/a.37.2.f90 -O (test for excess errors)
FAIL: gfortran.dg/gomp/appendix-a/a.6.1.f90 -O (test for excess errors)
FAIL: gfortran.dg/gomp/appendix-a/a.6.2.f90 -O (test for excess errors)
FAIL: gfortran.dg/gomp/appendix-a/a.7.1.f90 -O (test for excess errors)
FAIL: gfortran.dg/gomp/appendix-a/a.7.2.f90 -O (test for excess errors)
FAIL: gfortran.dg/gomp/appendix-a/a.8.1.f90 -O (test for excess errors)
FAIL: gfortran.dg/gomp/appendix-a/a.9.1.f90 -O (test for excess errors)
FAIL: gfortran.dg/gomp/block-1.f90 -O (test for excess errors)
FAIL: gfortran.dg/gomp/crayptr1.f90 -O (test for excess errors)
FAIL: gfortran.dg/gomp/crayptr3.f90 -O (test for excess errors)
FAIL: gfortran.dg/gomp/crayptr4.f90 -O (test for excess errors)
FAIL: gfortran.dg/gomp/do-1.f90 -O (test for excess errors)
FAIL: gfortran.dg/gomp/omp_atomic1.f90 -O (test for excess errors)
FAIL: gfortran.dg/gomp/omp_clauses1.f90 -O (test for excess errors)
FAIL: gfortran.dg/gomp/omp_do1.f90 -O (test for excess errors)
FAIL: gfortran.dg/gomp/pr26224.f -O (test for excess errors)
FAIL: gfortran.dg/gomp/pr27573.f90 -O (test for excess errors)
FAIL: gfortran.dg/gomp/reduction2.f90 -O (test for excess errors)
FAIL: gfortran.dg/gomp/reduction3.f90 -O (test for excess errors)
FAIL: gfortran.dg/gomp/sharing-2.f90 -O (test for excess errors)
FAIL: gfortran.dg/gomp/workshare1.f90 -O (test for excess errors)
FAIL: gfortran.fortran-torture/execute/intrinsic_set_exponent.f90 execution, -O0
FAIL: gfortran.fortran-torture/execute/intrinsic_set_exponent.f90 execution, -O1
FAIL: gfortran.fortran-torture/execute/intrinsic_set_exponent.f90 execution, -O2
FAIL: gfortran.fortran-torture/execute/intrinsic_set_exponent.f90 execution, -O3 -fomit-frame-pointer
FAIL: gfortran.fortran-torture/execute/intrinsic_set_exponent.f90 execution, -O3 -fomit-frame-pointer -funroll-loops
FAIL: gfortran.fortran-torture/execute/intrinsic_set_exponent.f90 execution, -O3 -fomit-frame-pointer -funroll-all-loops -finline-functions
FAIL: gfortran.fortran-torture/execute/intrinsic_set_exponent.f90 execution, -O3 -g
FAIL: gfortran.fortran-torture/execute/intrinsic_set_exponent.f90 execution, -Os
FAIL: gfortran.fortran-torture/execute/nan_inf_fmt.f90 execution, -O0
FAIL: gfortran.fortran-torture/execute/nan_inf_fmt.f90 execution, -O1
FAIL: gfortran.fortran-torture/execute/nan_inf_fmt.f90 execution, -O2
FAIL: gfortran.fortran-torture/execute/nan_inf_fmt.f90 execution, -O3 -fomit-frame-pointer
FAIL: gfortran.fortran-torture/execute/nan_inf_fmt.f90 execution, -O3 -fomit-frame-pointer -funroll-loops
FAIL: gfortran.fortran-torture/execute/nan_inf_fmt.f90 execution, -O3 -fomit-frame-pointer -funroll-all-loops -finline-functions
FAIL: gfortran.fortran-torture/execute/nan_inf_fmt.f90 execution, -O3 -g
FAIL: gfortran.fortran-torture/execute/nan_inf_fmt.f90 execution, -Os
=== gfortran Summary ===
# of expected passes 12984
# of unexpected failures 77
# of expected failures 6
# of unsupported tests 96
/xxx/gnu/gcc/objdir/gcc/testsuite/gfortran/../../gfortran version 4.2.0 20060605 (experimental)
=== obj-c++ tests ===
Running target unix
FAIL: obj-c++.dg/bitfield-1.mm (test for excess errors)
WARNING: obj-c++.dg/bitfield-1.mm compilation failed to produce executable
FAIL: obj-c++.dg/comp-types-10.mm (test for excess errors)
FAIL: obj-c++.dg/cxx-ivars-2.mm execution test
FAIL: obj-c++.dg/dwarf-2.mm (test for excess errors)
ERROR: obj-c++.dg/dwarf-2.mm: error executing dg-final: couldn't open "dwarf-2.s": no such file or directory
UNRESOLVED: obj-c++.dg/dwarf-2.mm: error executing dg-final: couldn't open "dwarf-2.s": no such file or directory
FAIL: obj-c++.dg/encode-3.mm (test for excess errors)
FAIL: obj-c++.dg/encode-8.mm execution test
FAIL: obj-c++.dg/isa-field-1.mm (test for excess errors)
FAIL: obj-c++.dg/lookup-2.mm (test for excess errors)
WARNING: obj-c++.dg/lookup-2.mm compilation failed to produce executable
FAIL: obj-c++.dg/try-catch-2.mm (test for excess errors)
WARNING: obj-c++.dg/try-catch-2.mm compilation failed to produce executable
FAIL: obj-c++.dg/try-catch-9.mm (test for excess errors)
WARNING: obj-c++.dg/try-catch-9.mm compilation failed to produce executable
=== obj-c++ Summary ===
# of expected passes 421
# of unexpected failures 10
# of unresolved testcases 1
# of unsupported tests 13
/xxx/gnu/gcc/objdir/gcc/testsuite/obj-c++/../../g++ version 4.2.0 20060605 (experimental)
=== objc tests ===
Running target unix
FAIL: objc.dg/dwarf-1.m (test for excess errors)
ERROR: objc.dg/dwarf-1.m: error executing dg-final: couldn't open "dwarf-1.s": no such file or directory
UNRESOLVED: objc.dg/dwarf-1.m: error executing dg-final: couldn't open "dwarf-1.s": no such file or directory
FAIL: objc.dg/dwarf-2.m (test for excess errors)
ERROR: objc.dg/dwarf-2.m: error executing dg-final: couldn't open "dwarf-2.s": no such file or directory
UNRESOLVED: objc.dg/dwarf-2.m: error executing dg-final: couldn't open "dwarf-2.s": no such file or directory
=== objc Summary ===
# of expected passes 1748
# of unexpected failures 2
# of expected failures 7
# of unresolved testcases 2
# of unsupported tests 25
/xxx/gnu/gcc/objdir/gcc/xgcc version 4.2.0 20060605 (experimental)
=== libstdc++ tests ===
Running target unix
WARNING: program timed out.
FAIL: 23_containers/deque/cons/2.cc (test for excess errors)
WARNING: 23_containers/deque/cons/2.cc compilation failed to produce executable
WARNING: program timed out.
FAIL: tr1/6_containers/unordered/swap/unordered_map/2.cc (test for excess errors)
WARNING: tr1/6_containers/unordered/swap/unordered_map/2.cc compilation failed to produce executable
WARNING: program timed out.
FAIL: tr1/6_containers/unordered/swap/unordered_multimap/1.cc (test for excess errors)
WARNING: tr1/6_containers/unordered/swap/unordered_multimap/1.cc compilation failed to produce executable
=== libstdc++ Summary ===
# of expected passes 2734
# of unexpected failures 3
# of expected failures 10
# of unsupported tests 145
Compiler version: 4.2.0 20060605 (experimental)
Platform: hppa1.1-hp-hpux10.20
configure flags: --with-gnu-as --with-as=/usr/local/bin/as --enable-shared --prefix=/opt/gnu/gcc/gcc-4.2.0 --with-gmp=/opt/gnu/gcc/gcc-4.2.0 --enable-debug=no --disable-nls --enable-languages=c,ada,c++,fortran,objc,obj-c++