This is the mail archive of the
gcc-testresults@gcc.gnu.org
mailing list for the GCC project.
Results for 4.2.0 20060618 (experimental) testsuite on i686-pc-linux-gnu
- From: Diego Novillo <dnovillo at redhat dot com>
- To: gcc-testresults at gcc dot gnu dot org
- Date: Sun, 18 Jun 2006 07:57:55 -0400
- Subject: Results for 4.2.0 20060618 (experimental) testsuite on i686-pc-linux-gnu
LAST_UPDATED:
Native configuration is i686-pc-linux-gnu
=== g++ tests ===
Running target unix
=== g++ Summary ===
# of expected passes 12705
# of expected failures 67
# of unsupported tests 69
/notnfs/dnovillo/sbox/gcc/bld.toribio/gcc/testsuite/g++/../../g++ version 4.2.0 20060618 (experimental)
=== gcc tests ===
Running target unix
WARNING: program timed out.
FAIL: gcc.c-torture/compile/20001226-1.c (test for excess errors)
WARNING: program timed out.
FAIL: gcc.c-torture/compile/20001226-1.c (test for excess errors)
FAIL: gcc.dg/builtins-14.c (test for excess errors)
FAIL: gcc.target/i386/sse-18.c execution test
=== gcc Summary ===
# of expected passes 39754
# of unexpected failures 4
# of expected failures 112
# of untested testcases 28
# of unsupported tests 276
/notnfs/dnovillo/sbox/gcc/bld.toribio/gcc/xgcc version 4.2.0 20060618 (experimental)
=== gfortran tests ===
Running target unix
=== gfortran Summary ===
# of expected passes 13393
# of expected failures 15
# of unsupported tests 16
/notnfs/dnovillo/sbox/gcc/bld.toribio/gcc/testsuite/gfortran/../../gfortran version 4.2.0 20060618 (experimental)
=== objc tests ===
Running target unix
=== objc Summary ===
# of expected passes 1754
# of expected failures 7
# of unsupported tests 24
/notnfs/dnovillo/sbox/gcc/bld.toribio/gcc/xgcc version 4.2.0 20060618 (experimental)
=== libffi tests ===
Running target unix
FAIL: libffi.call/return_fl2.c execution test
FAIL: libffi.call/return_fl2.c execution test
FAIL: libffi.call/return_fl2.c execution test
FAIL: libffi.call/return_fl2.c execution test
=== libffi Summary ===
# of expected passes 1068
# of unexpected failures 4
# of unsupported tests 8
=== libgomp tests ===
Running target unix
FAIL: libgomp.fortran/threadprivate2.f90 execution test
FAIL: libgomp.fortran/threadprivate2.f90 execution test
FAIL: libgomp.fortran/threadprivate2.f90 execution test
FAIL: libgomp.fortran/threadprivate2.f90 execution test
FAIL: libgomp.fortran/threadprivate2.f90 execution test
FAIL: libgomp.fortran/threadprivate2.f90 execution test
FAIL: libgomp.fortran/threadprivate2.f90 execution test
FAIL: libgomp.fortran/threadprivate2.f90 execution test
FAIL: libgomp.fortran/threadprivate3.f90 execution test
FAIL: libgomp.fortran/threadprivate3.f90 execution test
FAIL: libgomp.fortran/threadprivate3.f90 execution test
FAIL: libgomp.fortran/threadprivate3.f90 execution test
FAIL: libgomp.fortran/threadprivate3.f90 execution test
FAIL: libgomp.fortran/threadprivate3.f90 execution test
FAIL: libgomp.fortran/threadprivate3.f90 execution test
FAIL: libgomp.fortran/threadprivate3.f90 execution test
=== libgomp Summary ===
# of expected passes 1482
# of unexpected failures 16
=== libjava tests ===
Running target unix
FAIL: LargeFile execution - source compiled test
FAIL: LargeFile execution - gij test
FAIL: LargeFile execution - bytecode->native test
FAIL: LargeFile execution - gij test
FAIL: LargeFile -findirect-dispatch execution - bytecode->native test
FAIL: LargeFile -O3 execution - source compiled test
FAIL: LargeFile execution - gij test
FAIL: LargeFile -O3 execution - bytecode->native test
FAIL: LargeFile execution - gij test
FAIL: LargeFile -O3 -findirect-dispatch execution - bytecode->native test
=== libjava Summary ===
# of expected passes 6812
# of unexpected failures 10
# of expected failures 12
# of untested testcases 18
=== libmudflap tests ===
Running target unix
=== libmudflap Summary ===
# of expected passes 1814
=== libstdc++ tests ===
Running target unix
XPASS: 26_numerics/cmath/c99_classification_macros_c.cc (test for excess errors)
=== libstdc++ Summary ===
# of expected passes 1667
# of unexpected successes 1
# of expected failures 6
# of unsupported tests 4
Compiler version: 4.2.0 20060618 (experimental)
Platform: i686-pc-linux-gnu
configure flags: --prefix=/home/cygnus/dnovillo/perf/sbox/gcc/local.i686/inst.toribio --srcdir=/home/cygnus/dnovillo/perf/sbox/gcc/local.i686/src --enable-mpfr --with-gmp=/home/cygnus/dnovillo/i686 --disable-checking --enable-languages=c,c++,fortran,java,objc