This is the mail archive of the
gcc-testresults@gcc.gnu.org
mailing list for the GCC project.
Results for 4.2.0 20060606 (experimental) testsuite on alpha-dec-osf5.1b
- From: Rainer Orth <ro at TechFak dot Uni-Bielefeld dot DE>
- To: gcc-testresults at gcc dot gnu dot org
- Date: Fri, 16 Jun 2006 20:46:09 +0200 (MET DST)
- Subject: Results for 4.2.0 20060606 (experimental) testsuite on alpha-dec-osf5.1b
LAST_UPDATED: Tue Jun 6 18:49:44 UTC 2006 (revision 114443)
Native configuration is alpha-dec-osf5.1b
=== libffi tests ===
Running target unix
FAIL: libffi.call/float.c execution test
FAIL: libffi.call/float2.c execution test
FAIL: libffi.call/float3.c execution test
FAIL: libffi.call/float4.c execution test
FAIL: libffi.call/float.c execution test
FAIL: libffi.call/float2.c execution test
FAIL: libffi.call/float3.c execution test
FAIL: libffi.call/float4.c execution test
FAIL: libffi.call/float.c execution test
FAIL: libffi.call/float2.c execution test
FAIL: libffi.call/float3.c execution test
FAIL: libffi.call/float4.c execution test
FAIL: libffi.call/float.c execution test
FAIL: libffi.call/float2.c execution test
FAIL: libffi.call/float3.c execution test
FAIL: libffi.call/float4.c execution test
FAIL: libffi.special/unwindtest.cc execution test
FAIL: libffi.special/unwindtest.cc execution test
FAIL: libffi.special/unwindtest.cc execution test
FAIL: libffi.special/unwindtest.cc execution test
=== libffi Summary ===
# of expected passes 1048
# of unexpected failures 20
# of unsupported tests 8
=== libgomp tests ===
Running target unix
FAIL: libgomp.c/appendix-a/a.15.1.c execution test
FAIL: libgomp.c/appendix-a/a.16.1.c execution test
FAIL: libgomp.c/appendix-a/a.18.1.c execution test
FAIL: libgomp.c/appendix-a/a.19.1.c execution test
FAIL: libgomp.c/appendix-a/a.2.1.c execution test
FAIL: libgomp.c/appendix-a/a.21.1.c execution test
FAIL: libgomp.c/appendix-a/a.26.1.c execution test
FAIL: libgomp.c/appendix-a/a.29.1.c execution test
FAIL: libgomp.c/appendix-a/a.36.1.c execution test
FAIL: libgomp.c/appendix-a/a.39.1.c execution test
FAIL: libgomp.c/appendix-a/a.4.1.c execution test
FAIL: libgomp.c/barrier-1.c execution test
FAIL: libgomp.c/critical-1.c execution test
FAIL: libgomp.c/critical-2.c execution test
FAIL: libgomp.c/lib-1.c execution test
FAIL: libgomp.c/loop-1.c execution test
FAIL: libgomp.c/loop-2.c execution test
FAIL: libgomp.c/loop-3.c execution test
FAIL: libgomp.c/nested-1.c execution test
FAIL: libgomp.c/nested-2.c execution test
FAIL: libgomp.c/nestedfn-1.c execution test
FAIL: libgomp.c/nestedfn-2.c execution test
FAIL: libgomp.c/nestedfn-3.c execution test
FAIL: libgomp.c/omp-loop01.c execution test
FAIL: libgomp.c/omp-loop02.c execution test
FAIL: libgomp.c/omp-loop03.c execution test
FAIL: libgomp.c/omp-nested-1.c execution test
FAIL: libgomp.c/omp-parallel-for.c execution test
FAIL: libgomp.c/omp-parallel-if.c execution test
FAIL: libgomp.c/omp-single-1.c execution test
FAIL: libgomp.c/omp-single-2.c execution test
FAIL: libgomp.c/omp-single-3.c execution test
FAIL: libgomp.c/omp_hello.c execution test
FAIL: libgomp.c/omp_matvec.c execution test
FAIL: libgomp.c/omp_orphan.c execution test
FAIL: libgomp.c/omp_reduction.c execution test
FAIL: libgomp.c/omp_workshare1.c execution test
FAIL: libgomp.c/omp_workshare2.c execution test
FAIL: libgomp.c/omp_workshare4.c execution test
FAIL: libgomp.c/ordered-1.c execution test
FAIL: libgomp.c/ordered-2.c execution test
FAIL: libgomp.c/ordered-3.c execution test
FAIL: libgomp.c/parallel-1.c execution test
FAIL: libgomp.c/pr26943-1.c execution test
FAIL: libgomp.c/pr26943-2.c execution test
FAIL: libgomp.c/pr26943-3.c execution test
FAIL: libgomp.c/pr26943-4.c execution test
FAIL: libgomp.c/reduction-1.c execution test
FAIL: libgomp.c/reduction-2.c execution test
FAIL: libgomp.c/reduction-3.c execution test
FAIL: libgomp.c/reduction-4.c execution test
FAIL: libgomp.c/sections-1.c execution test
FAIL: libgomp.c/shared-1.c execution test
FAIL: libgomp.c/shared-2.c execution test
FAIL: libgomp.c/shared-3.c execution test
FAIL: libgomp.c/single-1.c execution test
FAIL: libgomp.c/single-2.c execution test
FAIL: libgomp.c/vla-1.c execution test
FAIL: libgomp.c++/ctor-1.C execution test
FAIL: libgomp.c++/ctor-1.C execution test
FAIL: libgomp.c++/ctor-1.C execution test
FAIL: libgomp.c++/ctor-1.C execution test
FAIL: libgomp.c++/ctor-1.C execution test
FAIL: libgomp.c++/ctor-1.C execution test
FAIL: libgomp.c++/ctor-1.C execution test
FAIL: libgomp.c++/ctor-1.C execution test
FAIL: libgomp.c++/ctor-2.C execution test
FAIL: libgomp.c++/ctor-2.C execution test
FAIL: libgomp.c++/ctor-2.C execution test
FAIL: libgomp.c++/ctor-2.C execution test
FAIL: libgomp.c++/ctor-2.C execution test
FAIL: libgomp.c++/ctor-2.C execution test
FAIL: libgomp.c++/ctor-2.C execution test
FAIL: libgomp.c++/ctor-2.C execution test
FAIL: libgomp.c++/ctor-3.C execution test
FAIL: libgomp.c++/ctor-3.C execution test
FAIL: libgomp.c++/ctor-3.C execution test
FAIL: libgomp.c++/ctor-3.C execution test
FAIL: libgomp.c++/ctor-3.C execution test
FAIL: libgomp.c++/ctor-3.C execution test
FAIL: libgomp.c++/ctor-3.C execution test
FAIL: libgomp.c++/ctor-3.C execution test
FAIL: libgomp.c++/ctor-4.C execution test
FAIL: libgomp.c++/ctor-4.C execution test
FAIL: libgomp.c++/ctor-4.C execution test
FAIL: libgomp.c++/ctor-4.C execution test
FAIL: libgomp.c++/ctor-4.C execution test
FAIL: libgomp.c++/ctor-4.C execution test
FAIL: libgomp.c++/ctor-4.C execution test
FAIL: libgomp.c++/ctor-4.C execution test
FAIL: libgomp.c++/ctor-6.C execution test
FAIL: libgomp.c++/ctor-6.C execution test
FAIL: libgomp.c++/ctor-6.C execution test
FAIL: libgomp.c++/ctor-6.C execution test
FAIL: libgomp.c++/ctor-6.C execution test
FAIL: libgomp.c++/ctor-6.C execution test
FAIL: libgomp.c++/ctor-6.C execution test
FAIL: libgomp.c++/ctor-6.C execution test
FAIL: libgomp.c++/ctor-7.C execution test
FAIL: libgomp.c++/ctor-7.C execution test
FAIL: libgomp.c++/ctor-7.C execution test
FAIL: libgomp.c++/ctor-7.C execution test
FAIL: libgomp.c++/ctor-7.C execution test
FAIL: libgomp.c++/ctor-7.C execution test
FAIL: libgomp.c++/ctor-7.C execution test
FAIL: libgomp.c++/ctor-7.C execution test
FAIL: libgomp.c++/loop-1.C execution test
FAIL: libgomp.c++/loop-2.C execution test
FAIL: libgomp.c++/loop-3.C execution test
FAIL: libgomp.c++/loop-4.C execution test
FAIL: libgomp.c++/loop-5.C execution test
FAIL: libgomp.c++/loop-6.C execution test
FAIL: libgomp.c++/loop-6.C execution test
FAIL: libgomp.c++/loop-6.C execution test
FAIL: libgomp.c++/loop-6.C execution test
FAIL: libgomp.c++/loop-6.C execution test
FAIL: libgomp.c++/loop-6.C execution test
FAIL: libgomp.c++/loop-6.C execution test
FAIL: libgomp.c++/loop-6.C execution test
FAIL: libgomp.c++/loop-7.C execution test
FAIL: libgomp.c++/loop-7.C execution test
FAIL: libgomp.c++/loop-7.C execution test
FAIL: libgomp.c++/loop-7.C execution test
FAIL: libgomp.c++/loop-7.C execution test
FAIL: libgomp.c++/loop-7.C execution test
FAIL: libgomp.c++/loop-7.C execution test
FAIL: libgomp.c++/loop-7.C execution test
FAIL: libgomp.c++/master-1.C execution test
FAIL: libgomp.c++/master-1.C execution test
FAIL: libgomp.c++/master-1.C execution test
FAIL: libgomp.c++/master-1.C execution test
FAIL: libgomp.c++/master-1.C execution test
FAIL: libgomp.c++/master-1.C execution test
FAIL: libgomp.c++/master-1.C execution test
FAIL: libgomp.c++/master-1.C execution test
FAIL: libgomp.c++/nested-1.C execution test
FAIL: libgomp.c++/nested-1.C execution test
FAIL: libgomp.c++/nested-1.C execution test
FAIL: libgomp.c++/nested-1.C execution test
FAIL: libgomp.c++/nested-1.C execution test
FAIL: libgomp.c++/nested-1.C execution test
FAIL: libgomp.c++/nested-1.C execution test
FAIL: libgomp.c++/nested-1.C execution test
FAIL: libgomp.c++/parallel-1.C execution test
FAIL: libgomp.c++/pr26691.C execution test
FAIL: libgomp.c++/pr26943.C execution test
FAIL: libgomp.c++/pr26943.C execution test
FAIL: libgomp.c++/pr26943.C execution test
FAIL: libgomp.c++/pr26943.C execution test
FAIL: libgomp.c++/pr26943.C execution test
FAIL: libgomp.c++/pr26943.C execution test
FAIL: libgomp.c++/pr26943.C execution test
FAIL: libgomp.c++/pr26943.C execution test
FAIL: libgomp.c++/pr27337.C execution test
FAIL: libgomp.c++/pr27337.C execution test
FAIL: libgomp.c++/pr27337.C execution test
FAIL: libgomp.c++/pr27337.C execution test
FAIL: libgomp.c++/pr27337.C execution test
FAIL: libgomp.c++/pr27337.C execution test
FAIL: libgomp.c++/pr27337.C execution test
FAIL: libgomp.c++/pr27337.C execution test
FAIL: libgomp.c++/reduction-1.C execution test
FAIL: libgomp.c++/reduction-2.C execution test
FAIL: libgomp.c++/reduction-3.C execution test
FAIL: libgomp.c++/sections-1.C execution test
FAIL: libgomp.c++/shared-1.C execution test
FAIL: libgomp.c++/shared-2.C execution test
FAIL: libgomp.c++/single-1.C execution test
FAIL: libgomp.c++/single-2.C execution test
FAIL: libgomp.c++/single-3.C execution test
FAIL: libgomp.fortran/appendix-a/a.16.1.f90 execution test
FAIL: libgomp.fortran/appendix-a/a.16.1.f90 execution test
FAIL: libgomp.fortran/appendix-a/a.16.1.f90 execution test
FAIL: libgomp.fortran/appendix-a/a.16.1.f90 execution test
FAIL: libgomp.fortran/appendix-a/a.16.1.f90 execution test
FAIL: libgomp.fortran/appendix-a/a.16.1.f90 execution test
FAIL: libgomp.fortran/appendix-a/a.16.1.f90 execution test
FAIL: libgomp.fortran/appendix-a/a.16.1.f90 execution test
FAIL: libgomp.fortran/appendix-a/a.18.1.f90 execution test
FAIL: libgomp.fortran/appendix-a/a.18.1.f90 execution test
FAIL: libgomp.fortran/appendix-a/a.18.1.f90 execution test
FAIL: libgomp.fortran/appendix-a/a.18.1.f90 execution test
FAIL: libgomp.fortran/appendix-a/a.18.1.f90 execution test
FAIL: libgomp.fortran/appendix-a/a.18.1.f90 execution test
FAIL: libgomp.fortran/appendix-a/a.18.1.f90 execution test
FAIL: libgomp.fortran/appendix-a/a.18.1.f90 execution test
FAIL: libgomp.fortran/appendix-a/a.19.1.f90 execution test
FAIL: libgomp.fortran/appendix-a/a.19.1.f90 execution test
FAIL: libgomp.fortran/appendix-a/a.19.1.f90 execution test
FAIL: libgomp.fortran/appendix-a/a.19.1.f90 execution test
FAIL: libgomp.fortran/appendix-a/a.19.1.f90 execution test
FAIL: libgomp.fortran/appendix-a/a.19.1.f90 execution test
FAIL: libgomp.fortran/appendix-a/a.19.1.f90 execution test
FAIL: libgomp.fortran/appendix-a/a.19.1.f90 execution test
FAIL: libgomp.fortran/appendix-a/a.2.1.f90 execution test
FAIL: libgomp.fortran/appendix-a/a.2.1.f90 execution test
FAIL: libgomp.fortran/appendix-a/a.2.1.f90 execution test
FAIL: libgomp.fortran/appendix-a/a.2.1.f90 execution test
FAIL: libgomp.fortran/appendix-a/a.2.1.f90 execution test
FAIL: libgomp.fortran/appendix-a/a.2.1.f90 execution test
FAIL: libgomp.fortran/appendix-a/a.2.1.f90 execution test
FAIL: libgomp.fortran/appendix-a/a.2.1.f90 execution test
FAIL: libgomp.fortran/appendix-a/a.26.1.f90 execution test
FAIL: libgomp.fortran/appendix-a/a.26.1.f90 execution test
FAIL: libgomp.fortran/appendix-a/a.26.1.f90 execution test
FAIL: libgomp.fortran/appendix-a/a.26.1.f90 execution test
FAIL: libgomp.fortran/appendix-a/a.26.1.f90 execution test
FAIL: libgomp.fortran/appendix-a/a.26.1.f90 execution test
FAIL: libgomp.fortran/appendix-a/a.26.1.f90 execution test
FAIL: libgomp.fortran/appendix-a/a.26.1.f90 execution test
FAIL: libgomp.fortran/appendix-a/a.28.1.f90 execution test
FAIL: libgomp.fortran/appendix-a/a.28.1.f90 execution test
FAIL: libgomp.fortran/appendix-a/a.28.1.f90 execution test
FAIL: libgomp.fortran/appendix-a/a.28.1.f90 execution test
FAIL: libgomp.fortran/appendix-a/a.28.1.f90 execution test
FAIL: libgomp.fortran/appendix-a/a.28.1.f90 execution test
FAIL: libgomp.fortran/appendix-a/a.28.1.f90 execution test
FAIL: libgomp.fortran/appendix-a/a.28.1.f90 execution test
FAIL: libgomp.fortran/appendix-a/a.28.2.f90 execution test
FAIL: libgomp.fortran/appendix-a/a.28.2.f90 execution test
FAIL: libgomp.fortran/appendix-a/a.28.2.f90 execution test
FAIL: libgomp.fortran/appendix-a/a.28.2.f90 execution test
FAIL: libgomp.fortran/appendix-a/a.28.2.f90 execution test
FAIL: libgomp.fortran/appendix-a/a.28.2.f90 execution test
FAIL: libgomp.fortran/appendix-a/a.28.2.f90 execution test
FAIL: libgomp.fortran/appendix-a/a.28.2.f90 execution test
FAIL: libgomp.fortran/appendix-a/a.28.3.f90 execution test
FAIL: libgomp.fortran/appendix-a/a.28.3.f90 execution test
FAIL: libgomp.fortran/appendix-a/a.28.3.f90 execution test
FAIL: libgomp.fortran/appendix-a/a.28.3.f90 execution test
FAIL: libgomp.fortran/appendix-a/a.28.3.f90 execution test
FAIL: libgomp.fortran/appendix-a/a.28.3.f90 execution test
FAIL: libgomp.fortran/appendix-a/a.28.3.f90 execution test
FAIL: libgomp.fortran/appendix-a/a.28.3.f90 execution test
FAIL: libgomp.fortran/appendix-a/a.28.4.f90 execution test
FAIL: libgomp.fortran/appendix-a/a.28.4.f90 execution test
FAIL: libgomp.fortran/appendix-a/a.28.4.f90 execution test
FAIL: libgomp.fortran/appendix-a/a.28.4.f90 execution test
FAIL: libgomp.fortran/appendix-a/a.28.4.f90 execution test
FAIL: libgomp.fortran/appendix-a/a.28.4.f90 execution test
FAIL: libgomp.fortran/appendix-a/a.28.4.f90 execution test
FAIL: libgomp.fortran/appendix-a/a.28.4.f90 execution test
FAIL: libgomp.fortran/appendix-a/a.31.4.f90 execution test
FAIL: libgomp.fortran/appendix-a/a.31.4.f90 execution test
FAIL: libgomp.fortran/appendix-a/a.31.4.f90 execution test
FAIL: libgomp.fortran/appendix-a/a.31.4.f90 execution test
FAIL: libgomp.fortran/appendix-a/a.31.4.f90 execution test
FAIL: libgomp.fortran/appendix-a/a.31.4.f90 execution test
FAIL: libgomp.fortran/appendix-a/a.31.4.f90 execution test
FAIL: libgomp.fortran/appendix-a/a.31.4.f90 execution test
FAIL: libgomp.fortran/appendix-a/a.31.5.f90 execution test
FAIL: libgomp.fortran/appendix-a/a.31.5.f90 execution test
FAIL: libgomp.fortran/appendix-a/a.31.5.f90 execution test
FAIL: libgomp.fortran/appendix-a/a.31.5.f90 execution test
FAIL: libgomp.fortran/appendix-a/a.31.5.f90 execution test
FAIL: libgomp.fortran/appendix-a/a.31.5.f90 execution test
FAIL: libgomp.fortran/appendix-a/a.31.5.f90 execution test
FAIL: libgomp.fortran/appendix-a/a.31.5.f90 execution test
FAIL: libgomp.fortran/appendix-a/a.39.1.f90 execution test
FAIL: libgomp.fortran/appendix-a/a.39.1.f90 execution test
FAIL: libgomp.fortran/appendix-a/a.39.1.f90 execution test
FAIL: libgomp.fortran/appendix-a/a.39.1.f90 execution test
FAIL: libgomp.fortran/appendix-a/a.39.1.f90 execution test
FAIL: libgomp.fortran/appendix-a/a.39.1.f90 execution test
FAIL: libgomp.fortran/appendix-a/a.39.1.f90 execution test
FAIL: libgomp.fortran/appendix-a/a.39.1.f90 execution test
FAIL: libgomp.fortran/appendix-a/a.4.1.f90 execution test
FAIL: libgomp.fortran/appendix-a/a.4.1.f90 execution test
FAIL: libgomp.fortran/appendix-a/a.4.1.f90 execution test
FAIL: libgomp.fortran/appendix-a/a.4.1.f90 execution test
FAIL: libgomp.fortran/appendix-a/a.4.1.f90 execution test
FAIL: libgomp.fortran/appendix-a/a.4.1.f90 execution test
FAIL: libgomp.fortran/appendix-a/a.4.1.f90 execution test
FAIL: libgomp.fortran/appendix-a/a.4.1.f90 execution test
FAIL: libgomp.fortran/appendix-a/a.5.1.f90 execution test
FAIL: libgomp.fortran/appendix-a/a10.1.f90 execution test
FAIL: libgomp.fortran/appendix-a/a10.1.f90 execution test
FAIL: libgomp.fortran/appendix-a/a10.1.f90 execution test
FAIL: libgomp.fortran/appendix-a/a10.1.f90 execution test
FAIL: libgomp.fortran/appendix-a/a10.1.f90 execution test
FAIL: libgomp.fortran/appendix-a/a10.1.f90 execution test
FAIL: libgomp.fortran/appendix-a/a10.1.f90 execution test
FAIL: libgomp.fortran/appendix-a/a10.1.f90 execution test
FAIL: libgomp.fortran/character1.f90 execution test
FAIL: libgomp.fortran/character1.f90 execution test
FAIL: libgomp.fortran/character1.f90 execution test
FAIL: libgomp.fortran/character1.f90 execution test
FAIL: libgomp.fortran/character1.f90 execution test
FAIL: libgomp.fortran/character1.f90 execution test
FAIL: libgomp.fortran/character1.f90 execution test
FAIL: libgomp.fortran/character1.f90 execution test
FAIL: libgomp.fortran/character2.f90 execution test
FAIL: libgomp.fortran/character2.f90 execution test
FAIL: libgomp.fortran/character2.f90 execution test
FAIL: libgomp.fortran/character2.f90 execution test
FAIL: libgomp.fortran/character2.f90 execution test
FAIL: libgomp.fortran/character2.f90 execution test
FAIL: libgomp.fortran/character2.f90 execution test
FAIL: libgomp.fortran/character2.f90 execution test
FAIL: libgomp.fortran/crayptr1.f90 execution test
FAIL: libgomp.fortran/crayptr1.f90 execution test
FAIL: libgomp.fortran/crayptr1.f90 execution test
FAIL: libgomp.fortran/crayptr1.f90 execution test
FAIL: libgomp.fortran/crayptr1.f90 execution test
FAIL: libgomp.fortran/crayptr1.f90 execution test
FAIL: libgomp.fortran/crayptr1.f90 execution test
FAIL: libgomp.fortran/crayptr1.f90 execution test
FAIL: libgomp.fortran/do1.f90 execution test
FAIL: libgomp.fortran/do1.f90 execution test
FAIL: libgomp.fortran/do1.f90 execution test
FAIL: libgomp.fortran/do1.f90 execution test
FAIL: libgomp.fortran/do1.f90 execution test
FAIL: libgomp.fortran/do1.f90 execution test
FAIL: libgomp.fortran/do1.f90 execution test
FAIL: libgomp.fortran/do1.f90 execution test
FAIL: libgomp.fortran/do2.f90 execution test
FAIL: libgomp.fortran/do2.f90 execution test
FAIL: libgomp.fortran/do2.f90 execution test
FAIL: libgomp.fortran/do2.f90 execution test
FAIL: libgomp.fortran/do2.f90 execution test
FAIL: libgomp.fortran/do2.f90 execution test
FAIL: libgomp.fortran/do2.f90 execution test
FAIL: libgomp.fortran/do2.f90 execution test
FAIL: libgomp.fortran/jacobi.f execution test
FAIL: libgomp.fortran/jacobi.f execution test
FAIL: libgomp.fortran/jacobi.f execution test
FAIL: libgomp.fortran/jacobi.f execution test
FAIL: libgomp.fortran/jacobi.f execution test
FAIL: libgomp.fortran/jacobi.f execution test
FAIL: libgomp.fortran/jacobi.f execution test
FAIL: libgomp.fortran/jacobi.f execution test
FAIL: libgomp.fortran/lib1.f90 execution test
FAIL: libgomp.fortran/lib1.f90 execution test
FAIL: libgomp.fortran/lib1.f90 execution test
FAIL: libgomp.fortran/lib1.f90 execution test
FAIL: libgomp.fortran/lib1.f90 execution test
FAIL: libgomp.fortran/lib1.f90 execution test
FAIL: libgomp.fortran/lib1.f90 execution test
FAIL: libgomp.fortran/lib1.f90 execution test
FAIL: libgomp.fortran/lib2.f execution test
FAIL: libgomp.fortran/lib2.f execution test
FAIL: libgomp.fortran/lib2.f execution test
FAIL: libgomp.fortran/lib2.f execution test
FAIL: libgomp.fortran/lib2.f execution test
FAIL: libgomp.fortran/lib2.f execution test
FAIL: libgomp.fortran/lib2.f execution test
FAIL: libgomp.fortran/lib2.f execution test
FAIL: libgomp.fortran/lib3.f execution test
FAIL: libgomp.fortran/lib3.f execution test
FAIL: libgomp.fortran/lib3.f execution test
FAIL: libgomp.fortran/lib3.f execution test
FAIL: libgomp.fortran/lib3.f execution test
FAIL: libgomp.fortran/lib3.f execution test
FAIL: libgomp.fortran/lib3.f execution test
FAIL: libgomp.fortran/lib3.f execution test
FAIL: libgomp.fortran/nestedfn1.f90 execution test
FAIL: libgomp.fortran/nestedfn1.f90 execution test
FAIL: libgomp.fortran/nestedfn1.f90 execution test
FAIL: libgomp.fortran/nestedfn1.f90 execution test
FAIL: libgomp.fortran/nestedfn1.f90 execution test
FAIL: libgomp.fortran/nestedfn1.f90 execution test
FAIL: libgomp.fortran/nestedfn1.f90 execution test
FAIL: libgomp.fortran/nestedfn1.f90 execution test
FAIL: libgomp.fortran/nestedfn2.f90 execution test
FAIL: libgomp.fortran/nestedfn2.f90 execution test
FAIL: libgomp.fortran/nestedfn2.f90 execution test
FAIL: libgomp.fortran/nestedfn2.f90 execution test
FAIL: libgomp.fortran/nestedfn2.f90 execution test
FAIL: libgomp.fortran/nestedfn2.f90 execution test
FAIL: libgomp.fortran/nestedfn2.f90 execution test
FAIL: libgomp.fortran/nestedfn2.f90 execution test
FAIL: libgomp.fortran/omp_hello.f execution test
FAIL: libgomp.fortran/omp_orphan.f execution test
FAIL: libgomp.fortran/omp_parse1.f90 execution test
FAIL: libgomp.fortran/omp_parse1.f90 execution test
FAIL: libgomp.fortran/omp_parse1.f90 execution test
FAIL: libgomp.fortran/omp_parse1.f90 execution test
FAIL: libgomp.fortran/omp_parse1.f90 execution test
FAIL: libgomp.fortran/omp_parse1.f90 execution test
FAIL: libgomp.fortran/omp_parse1.f90 execution test
FAIL: libgomp.fortran/omp_parse1.f90 execution test
FAIL: libgomp.fortran/omp_parse2.f90 execution test
FAIL: libgomp.fortran/omp_parse2.f90 execution test
FAIL: libgomp.fortran/omp_parse2.f90 execution test
FAIL: libgomp.fortran/omp_parse2.f90 execution test
FAIL: libgomp.fortran/omp_parse2.f90 execution test
FAIL: libgomp.fortran/omp_parse2.f90 execution test
FAIL: libgomp.fortran/omp_parse2.f90 execution test
FAIL: libgomp.fortran/omp_parse2.f90 execution test
FAIL: libgomp.fortran/omp_parse4.f90 execution test
FAIL: libgomp.fortran/omp_parse4.f90 execution test
FAIL: libgomp.fortran/omp_parse4.f90 execution test
FAIL: libgomp.fortran/omp_parse4.f90 execution test
FAIL: libgomp.fortran/omp_parse4.f90 execution test
FAIL: libgomp.fortran/omp_parse4.f90 execution test
FAIL: libgomp.fortran/omp_parse4.f90 execution test
FAIL: libgomp.fortran/omp_parse4.f90 execution test
FAIL: libgomp.fortran/omp_reduction.f execution test
FAIL: libgomp.fortran/omp_workshare1.f execution test
FAIL: libgomp.fortran/omp_workshare2.f execution test
FAIL: libgomp.fortran/pr25219.f90 execution test
FAIL: libgomp.fortran/pr27395-1.f90 execution test
FAIL: libgomp.fortran/pr27395-1.f90 execution test
FAIL: libgomp.fortran/pr27395-1.f90 execution test
FAIL: libgomp.fortran/pr27395-1.f90 execution test
FAIL: libgomp.fortran/pr27395-1.f90 execution test
FAIL: libgomp.fortran/pr27395-1.f90 execution test
FAIL: libgomp.fortran/pr27395-1.f90 execution test
FAIL: libgomp.fortran/pr27395-1.f90 execution test
FAIL: libgomp.fortran/pr27395-2.f90 execution test
FAIL: libgomp.fortran/pr27395-2.f90 execution test
FAIL: libgomp.fortran/pr27395-2.f90 execution test
FAIL: libgomp.fortran/pr27395-2.f90 execution test
FAIL: libgomp.fortran/pr27395-2.f90 execution test
FAIL: libgomp.fortran/pr27395-2.f90 execution test
FAIL: libgomp.fortran/pr27395-2.f90 execution test
FAIL: libgomp.fortran/pr27395-2.f90 execution test
FAIL: libgomp.fortran/pr27416-1.f90 execution test
FAIL: libgomp.fortran/pr27416-1.f90 execution test
FAIL: libgomp.fortran/pr27416-1.f90 execution test
FAIL: libgomp.fortran/pr27416-1.f90 execution test
FAIL: libgomp.fortran/pr27416-1.f90 execution test
FAIL: libgomp.fortran/pr27416-1.f90 execution test
FAIL: libgomp.fortran/pr27416-1.f90 execution test
FAIL: libgomp.fortran/pr27416-1.f90 execution test
FAIL: libgomp.fortran/reduction1.f90 execution test
FAIL: libgomp.fortran/reduction1.f90 execution test
FAIL: libgomp.fortran/reduction1.f90 execution test
FAIL: libgomp.fortran/reduction1.f90 execution test
FAIL: libgomp.fortran/reduction1.f90 execution test
FAIL: libgomp.fortran/reduction1.f90 execution test
FAIL: libgomp.fortran/reduction1.f90 execution test
FAIL: libgomp.fortran/reduction1.f90 execution test
FAIL: libgomp.fortran/reduction2.f90 execution test
FAIL: libgomp.fortran/reduction2.f90 execution test
FAIL: libgomp.fortran/reduction2.f90 execution test
FAIL: libgomp.fortran/reduction2.f90 execution test
FAIL: libgomp.fortran/reduction2.f90 execution test
FAIL: libgomp.fortran/reduction2.f90 execution test
FAIL: libgomp.fortran/reduction2.f90 execution test
FAIL: libgomp.fortran/reduction2.f90 execution test
FAIL: libgomp.fortran/reduction3.f90 execution test
FAIL: libgomp.fortran/reduction3.f90 execution test
FAIL: libgomp.fortran/reduction3.f90 execution test
FAIL: libgomp.fortran/reduction3.f90 execution test
FAIL: libgomp.fortran/reduction3.f90 execution test
FAIL: libgomp.fortran/reduction3.f90 execution test
FAIL: libgomp.fortran/reduction3.f90 execution test
FAIL: libgomp.fortran/reduction3.f90 execution test
FAIL: libgomp.fortran/reduction4.f90 execution test
FAIL: libgomp.fortran/reduction4.f90 execution test
FAIL: libgomp.fortran/reduction4.f90 execution test
FAIL: libgomp.fortran/reduction4.f90 execution test
FAIL: libgomp.fortran/reduction4.f90 execution test
FAIL: libgomp.fortran/reduction4.f90 execution test
FAIL: libgomp.fortran/reduction4.f90 execution test
FAIL: libgomp.fortran/reduction4.f90 execution test
FAIL: libgomp.fortran/reduction5.f90 execution test
FAIL: libgomp.fortran/reduction5.f90 execution test
FAIL: libgomp.fortran/reduction5.f90 execution test
FAIL: libgomp.fortran/reduction5.f90 execution test
FAIL: libgomp.fortran/reduction5.f90 execution test
FAIL: libgomp.fortran/reduction5.f90 execution test
FAIL: libgomp.fortran/reduction5.f90 execution test
FAIL: libgomp.fortran/reduction5.f90 execution test
FAIL: libgomp.fortran/reduction6.f90 execution test
FAIL: libgomp.fortran/reduction6.f90 execution test
FAIL: libgomp.fortran/reduction6.f90 execution test
FAIL: libgomp.fortran/reduction6.f90 execution test
FAIL: libgomp.fortran/reduction6.f90 execution test
FAIL: libgomp.fortran/reduction6.f90 execution test
FAIL: libgomp.fortran/reduction6.f90 execution test
FAIL: libgomp.fortran/reduction6.f90 execution test
FAIL: libgomp.fortran/reference1.f90 execution test
FAIL: libgomp.fortran/reference1.f90 execution test
FAIL: libgomp.fortran/reference1.f90 execution test
FAIL: libgomp.fortran/reference1.f90 execution test
FAIL: libgomp.fortran/reference1.f90 execution test
FAIL: libgomp.fortran/reference1.f90 execution test
FAIL: libgomp.fortran/reference1.f90 execution test
FAIL: libgomp.fortran/reference1.f90 execution test
FAIL: libgomp.fortran/reference2.f90 execution test
FAIL: libgomp.fortran/reference2.f90 execution test
FAIL: libgomp.fortran/reference2.f90 execution test
FAIL: libgomp.fortran/reference2.f90 execution test
FAIL: libgomp.fortran/reference2.f90 execution test
FAIL: libgomp.fortran/reference2.f90 execution test
FAIL: libgomp.fortran/reference2.f90 execution test
FAIL: libgomp.fortran/reference2.f90 execution test
FAIL: libgomp.fortran/retval1.f90 execution test
FAIL: libgomp.fortran/retval1.f90 execution test
FAIL: libgomp.fortran/retval1.f90 execution test
FAIL: libgomp.fortran/retval1.f90 execution test
FAIL: libgomp.fortran/retval1.f90 execution test
FAIL: libgomp.fortran/retval1.f90 execution test
FAIL: libgomp.fortran/retval1.f90 execution test
FAIL: libgomp.fortran/retval1.f90 execution test
FAIL: libgomp.fortran/retval2.f90 execution test
FAIL: libgomp.fortran/retval2.f90 execution test
FAIL: libgomp.fortran/retval2.f90 execution test
FAIL: libgomp.fortran/retval2.f90 execution test
FAIL: libgomp.fortran/retval2.f90 execution test
FAIL: libgomp.fortran/retval2.f90 execution test
FAIL: libgomp.fortran/retval2.f90 execution test
FAIL: libgomp.fortran/retval2.f90 execution test
FAIL: libgomp.fortran/sharing1.f90 execution test
FAIL: libgomp.fortran/sharing1.f90 execution test
FAIL: libgomp.fortran/sharing1.f90 execution test
FAIL: libgomp.fortran/sharing1.f90 execution test
FAIL: libgomp.fortran/sharing1.f90 execution test
FAIL: libgomp.fortran/sharing1.f90 execution test
FAIL: libgomp.fortran/sharing1.f90 execution test
FAIL: libgomp.fortran/sharing1.f90 execution test
FAIL: libgomp.fortran/sharing2.f90 execution test
FAIL: libgomp.fortran/sharing2.f90 execution test
FAIL: libgomp.fortran/sharing2.f90 execution test
FAIL: libgomp.fortran/sharing2.f90 execution test
FAIL: libgomp.fortran/sharing2.f90 execution test
FAIL: libgomp.fortran/sharing2.f90 execution test
FAIL: libgomp.fortran/sharing2.f90 execution test
FAIL: libgomp.fortran/sharing2.f90 execution test
FAIL: libgomp.fortran/vla1.f90 execution test
FAIL: libgomp.fortran/vla1.f90 execution test
FAIL: libgomp.fortran/vla1.f90 execution test
FAIL: libgomp.fortran/vla1.f90 execution test
FAIL: libgomp.fortran/vla1.f90 execution test
FAIL: libgomp.fortran/vla1.f90 execution test
FAIL: libgomp.fortran/vla1.f90 execution test
FAIL: libgomp.fortran/vla1.f90 execution test
FAIL: libgomp.fortran/vla2.f90 execution test
FAIL: libgomp.fortran/vla2.f90 execution test
FAIL: libgomp.fortran/vla2.f90 execution test
FAIL: libgomp.fortran/vla2.f90 execution test
FAIL: libgomp.fortran/vla2.f90 execution test
FAIL: libgomp.fortran/vla2.f90 execution test
FAIL: libgomp.fortran/vla2.f90 execution test
FAIL: libgomp.fortran/vla2.f90 execution test
FAIL: libgomp.fortran/vla3.f90 execution test
FAIL: libgomp.fortran/vla3.f90 execution test
FAIL: libgomp.fortran/vla3.f90 execution test
FAIL: libgomp.fortran/vla3.f90 execution test
FAIL: libgomp.fortran/vla3.f90 execution test
FAIL: libgomp.fortran/vla3.f90 execution test
FAIL: libgomp.fortran/vla3.f90 execution test
FAIL: libgomp.fortran/vla3.f90 execution test
FAIL: libgomp.fortran/vla4.f90 execution test
FAIL: libgomp.fortran/vla4.f90 execution test
FAIL: libgomp.fortran/vla4.f90 execution test
FAIL: libgomp.fortran/vla4.f90 execution test
FAIL: libgomp.fortran/vla4.f90 execution test
FAIL: libgomp.fortran/vla4.f90 execution test
FAIL: libgomp.fortran/vla4.f90 execution test
FAIL: libgomp.fortran/vla4.f90 execution test
FAIL: libgomp.fortran/vla5.f90 execution test
FAIL: libgomp.fortran/vla5.f90 execution test
FAIL: libgomp.fortran/vla5.f90 execution test
FAIL: libgomp.fortran/vla5.f90 execution test
FAIL: libgomp.fortran/vla5.f90 execution test
FAIL: libgomp.fortran/vla5.f90 execution test
FAIL: libgomp.fortran/vla5.f90 execution test
FAIL: libgomp.fortran/vla5.f90 execution test
FAIL: libgomp.fortran/vla6.f90 execution test
FAIL: libgomp.fortran/vla6.f90 execution test
FAIL: libgomp.fortran/vla6.f90 execution test
FAIL: libgomp.fortran/vla6.f90 execution test
FAIL: libgomp.fortran/vla6.f90 execution test
FAIL: libgomp.fortran/vla6.f90 execution test
FAIL: libgomp.fortran/vla6.f90 execution test
FAIL: libgomp.fortran/vla6.f90 execution test
FAIL: libgomp.fortran/vla7.f90 execution test
FAIL: libgomp.fortran/vla7.f90 execution test
FAIL: libgomp.fortran/vla7.f90 execution test
FAIL: libgomp.fortran/vla7.f90 execution test
FAIL: libgomp.fortran/vla7.f90 execution test
FAIL: libgomp.fortran/vla7.f90 execution test
FAIL: libgomp.fortran/vla7.f90 execution test
FAIL: libgomp.fortran/vla7.f90 execution test
FAIL: libgomp.fortran/workshare1.f90 execution test
=== libgomp Summary ===
# of expected passes 668
# of unexpected failures 578
# of unsupported tests 111
=== libjava tests ===
Running target unix
WARNING: program timed out.
FAIL: PR9577 run
WARNING: program timed out.
FAIL: longfield run
WARNING: program timed out.
FAIL: shortfield run
FAIL: PR19295 compilation from source
FAIL: PR19295 compilation from bytecode
FAIL: PR19295 -findirect-dispatch compilation from bytecode
FAIL: PR19295 -O3 compilation from source
FAIL: PR19295 -O3 compilation from bytecode
FAIL: PR19295 -O3 -findirect-dispatch compilation from bytecode
FAIL: PR19674 compilation from source
FAIL: PR19674 compilation from bytecode
FAIL: PR19674 -findirect-dispatch compilation from bytecode
FAIL: PR19674 -O3 compilation from source
FAIL: PR19674 -O3 compilation from bytecode
FAIL: PR19674 -O3 -findirect-dispatch compilation from bytecode
FAIL: PR295 compilation from source
FAIL: PR295 compilation from bytecode
FAIL: PR295 -findirect-dispatch compilation from bytecode
FAIL: PR295 -O3 compilation from source
FAIL: PR295 -O3 compilation from bytecode
FAIL: PR295 -O3 -findirect-dispatch compilation from bytecode
FAIL: Statics compilation from source
FAIL: Statics compilation from bytecode
FAIL: Statics -findirect-dispatch compilation from bytecode
FAIL: Statics -O3 compilation from source
FAIL: Statics -O3 compilation from bytecode
FAIL: Statics -O3 -findirect-dispatch compilation from bytecode
WARNING: program timed out.
FAIL: simple run
WARNING: program timed out.
FAIL: PR15133 run
WARNING: program timed out.
FAIL: PR18116 run
WARNING: program timed out.
FAIL: bytebuffer run
WARNING: program timed out.
FAIL: calls run
WARNING: program timed out.
FAIL: cxxtest run
WARNING: program timed out.
FAIL: directbuffer run
WARNING: program timed out.
FAIL: field run
WARNING: program timed out.
FAIL: final_method run
WARNING: program timed out.
FAIL: findclass run
WARNING: program timed out.
FAIL: iface run
WARNING: program timed out.
FAIL: invoke run
WARNING: program timed out.
FAIL: jniutf run
WARNING: program timed out.
FAIL: martin run
WARNING: program timed out.
FAIL: noclass run
WARNING: program timed out.
FAIL: overload run
WARNING: program timed out.
FAIL: pr11951 run
WARNING: program timed out.
FAIL: pr18278 run
WARNING: program timed out.
FAIL: pr23739 run
WARNING: program timed out.
FAIL: register run
WARNING: program timed out.
FAIL: simple_int run
WARNING: program timed out.
FAIL: throwit run
WARNING: program timed out.
FAIL: virtual run
FAIL: PR16923 run
WARNING: program timed out.
FAIL: ArrayStore execution - source compiled test
FAIL: ArrayStore execution - gij test
WARNING: program timed out.
FAIL: ArrayStore execution - bytecode->native test
FAIL: ArrayStore execution - gij test
WARNING: program timed out.
FAIL: ArrayStore -findirect-dispatch execution - bytecode->native test
WARNING: program timed out.
FAIL: ArrayStore -O3 execution - source compiled test
FAIL: ArrayStore execution - gij test
WARNING: program timed out.
FAIL: ArrayStore -O3 execution - bytecode->native test
FAIL: ArrayStore execution - gij test
WARNING: program timed out.
FAIL: ArrayStore -O3 -findirect-dispatch execution - bytecode->native test
WARNING: program timed out.
FAIL: ArrayStore2 execution - source compiled test
WARNING: program timed out.
FAIL: ArrayStore2 execution - bytecode->native test
WARNING: program timed out.
FAIL: ArrayStore2 -findirect-dispatch execution - bytecode->native test
WARNING: program timed out.
FAIL: ArrayStore2 -O3 execution - source compiled test
WARNING: program timed out.
FAIL: ArrayStore2 -O3 execution - bytecode->native test
WARNING: program timed out.
FAIL: ArrayStore2 -O3 -findirect-dispatch execution - bytecode->native test
WARNING: program timed out.
FAIL: Array_1 execution - source compiled test
WARNING: program timed out.
FAIL: Array_1 execution - bytecode->native test
WARNING: program timed out.
FAIL: Array_1 -findirect-dispatch execution - bytecode->native test
WARNING: program timed out.
FAIL: Array_1 -O3 execution - source compiled test
WARNING: program timed out.
FAIL: Array_1 -O3 execution - bytecode->native test
WARNING: program timed out.
FAIL: Array_1 -O3 -findirect-dispatch execution - bytecode->native test
WARNING: program timed out.
FAIL: Array_2 execution - source compiled test
WARNING: program timed out.
FAIL: Array_2 execution - bytecode->native test
WARNING: program timed out.
FAIL: Array_2 -findirect-dispatch execution - bytecode->native test
WARNING: program timed out.
FAIL: Array_2 -O3 execution - source compiled test
WARNING: program timed out.
FAIL: Array_2 -O3 execution - bytecode->native test
WARNING: program timed out.
FAIL: Array_2 -O3 -findirect-dispatch execution - bytecode->native test
WARNING: program timed out.
FAIL: Array_3 execution - source compiled test
FAIL: Array_3 execution - gij test
WARNING: program timed out.
FAIL: Array_3 execution - bytecode->native test
FAIL: Array_3 execution - gij test
WARNING: program timed out.
FAIL: Array_3 -findirect-dispatch execution - bytecode->native test
WARNING: program timed out.
FAIL: Array_3 -O3 execution - source compiled test
FAIL: Array_3 execution - gij test
WARNING: program timed out.
FAIL: Array_3 -O3 execution - bytecode->native test
FAIL: Array_3 execution - gij test
WARNING: program timed out.
FAIL: Array_3 -O3 -findirect-dispatch execution - bytecode->native test
FAIL: Class_1 compilation from source
FAIL: Class_1 execution - gij test
FAIL: Class_1 compilation from bytecode
FAIL: Class_1 execution - gij test
FAIL: Class_1 -findirect-dispatch compilation from bytecode
FAIL: Class_1 -O3 compilation from source
FAIL: Class_1 execution - gij test
FAIL: Class_1 -O3 compilation from bytecode
FAIL: Class_1 execution - gij test
FAIL: Class_1 -O3 -findirect-dispatch compilation from bytecode
WARNING: program timed out.
FAIL: CompareNaN execution - source compiled test
WARNING: program timed out.
FAIL: CompareNaN execution - bytecode->native test
WARNING: program timed out.
FAIL: CompareNaN -findirect-dispatch execution - bytecode->native test
WARNING: program timed out.
FAIL: CompareNaN -O3 execution - source compiled test
WARNING: program timed out.
FAIL: CompareNaN -O3 execution - bytecode->native test
WARNING: program timed out.
FAIL: CompareNaN -O3 -findirect-dispatch execution - bytecode->native test
WARNING: program timed out.
FAIL: Divide_1 execution - source compiled test
WARNING: program timed out.
FAIL: Divide_1 execution - bytecode->native test
WARNING: program timed out.
FAIL: Divide_1 -findirect-dispatch execution - bytecode->native test
WARNING: program timed out.
FAIL: Divide_1 -O3 execution - source compiled test
WARNING: program timed out.
FAIL: Divide_1 -O3 execution - bytecode->native test
WARNING: program timed out.
FAIL: Divide_1 -O3 -findirect-dispatch execution - bytecode->native test
WARNING: program timed out.
FAIL: EvaluationOrder execution - source compiled test
WARNING: program timed out.
FAIL: EvaluationOrder execution - bytecode->native test
WARNING: program timed out.
FAIL: EvaluationOrder -findirect-dispatch execution - bytecode->native test
WARNING: program timed out.
FAIL: EvaluationOrder -O3 execution - source compiled test
WARNING: program timed out.
FAIL: EvaluationOrder -O3 execution - bytecode->native test
WARNING: program timed out.
FAIL: EvaluationOrder -O3 -findirect-dispatch execution - bytecode->native test
WARNING: program timed out.
FAIL: ExtraClassLoader execution - source compiled test
FAIL: ExtraClassLoader output - gij test
WARNING: program timed out.
FAIL: ExtraClassLoader execution - bytecode->native test
FAIL: ExtraClassLoader output - gij test
WARNING: program timed out.
FAIL: ExtraClassLoader -findirect-dispatch execution - bytecode->native test
WARNING: program timed out.
FAIL: ExtraClassLoader -O3 execution - source compiled test
FAIL: ExtraClassLoader output - gij test
WARNING: program timed out.
FAIL: ExtraClassLoader -O3 execution - bytecode->native test
FAIL: ExtraClassLoader output - gij test
WARNING: program timed out.
FAIL: ExtraClassLoader -O3 -findirect-dispatch execution - bytecode->native test
WARNING: program timed out.
FAIL: FileHandleGcTest execution - source compiled test
FAIL: FileHandleGcTest execution - gij test
WARNING: program timed out.
FAIL: FileHandleGcTest execution - bytecode->native test
FAIL: FileHandleGcTest execution - gij test
WARNING: program timed out.
FAIL: FileHandleGcTest -findirect-dispatch execution - bytecode->native test
WARNING: program timed out.
FAIL: FileHandleGcTest -O3 execution - source compiled test
FAIL: FileHandleGcTest execution - gij test
WARNING: program timed out.
FAIL: FileHandleGcTest -O3 execution - bytecode->native test
FAIL: FileHandleGcTest execution - gij test
WARNING: program timed out.
FAIL: FileHandleGcTest -O3 -findirect-dispatch execution - bytecode->native test
WARNING: program timed out.
FAIL: Final execution - source compiled test
WARNING: program timed out.
FAIL: Final execution - bytecode->native test
WARNING: program timed out.
FAIL: Final -findirect-dispatch execution - bytecode->native test
WARNING: program timed out.
FAIL: Final -O3 execution - source compiled test
WARNING: program timed out.
FAIL: Final -O3 execution - bytecode->native test
WARNING: program timed out.
FAIL: Final -O3 -findirect-dispatch execution - bytecode->native test
WARNING: program timed out.
FAIL: Float_1 execution - source compiled test
WARNING: program timed out.
FAIL: Float_1 execution - bytecode->native test
WARNING: program timed out.
FAIL: Float_1 -findirect-dispatch execution - bytecode->native test
WARNING: program timed out.
FAIL: Float_1 -O3 execution - source compiled test
WARNING: program timed out.
FAIL: Float_1 -O3 execution - bytecode->native test
WARNING: program timed out.
FAIL: Float_1 -O3 -findirect-dispatch execution - bytecode->native test
WARNING: program timed out.
FAIL: Float_2 execution - source compiled test
WARNING: program timed out.
FAIL: Float_2 execution - bytecode->native test
WARNING: program timed out.
FAIL: Float_2 -findirect-dispatch execution - bytecode->native test
WARNING: program timed out.
FAIL: Float_2 -O3 execution - source compiled test
WARNING: program timed out.
FAIL: Float_2 -O3 execution - bytecode->native test
WARNING: program timed out.
FAIL: Float_2 -O3 -findirect-dispatch execution - bytecode->native test
WARNING: program timed out.
FAIL: G19990301_01 execution - source compiled test
WARNING: program timed out.
FAIL: G19990301_01 execution - bytecode->native test
WARNING: program timed out.
FAIL: G19990301_01 -findirect-dispatch execution - bytecode->native test
WARNING: program timed out.
FAIL: G19990301_01 -O3 execution - source compiled test
WARNING: program timed out.
FAIL: G19990301_01 -O3 execution - bytecode->native test
WARNING: program timed out.
FAIL: G19990301_01 -O3 -findirect-dispatch execution - bytecode->native test
WARNING: program timed out.
FAIL: G19990302_02 execution - source compiled test
WARNING: program timed out.
FAIL: G19990302_02 execution - bytecode->native test
WARNING: program timed out.
FAIL: G19990302_02 -findirect-dispatch execution - bytecode->native test
WARNING: program timed out.
FAIL: G19990302_02 -O3 execution - source compiled test
WARNING: program timed out.
FAIL: G19990302_02 -O3 execution - bytecode->native test
WARNING: program timed out.
FAIL: G19990302_02 -O3 -findirect-dispatch execution - bytecode->native test
WARNING: program timed out.
FAIL: G19990303_01 execution - source compiled test
WARNING: program timed out.
FAIL: G19990303_01 execution - bytecode->native test
WARNING: program timed out.
FAIL: G19990303_01 -findirect-dispatch execution - bytecode->native test
WARNING: program timed out.
FAIL: G19990303_01 -O3 execution - source compiled test
WARNING: program timed out.
FAIL: G19990303_01 -O3 execution - bytecode->native test
WARNING: program timed out.
FAIL: G19990303_01 -O3 -findirect-dispatch execution - bytecode->native test
WARNING: program timed out.
FAIL: G19990303_02 execution - source compiled test
WARNING: program timed out.
FAIL: G19990303_02 execution - bytecode->native test
WARNING: program timed out.
FAIL: G19990303_02 -findirect-dispatch execution - bytecode->native test
WARNING: program timed out.
FAIL: G19990303_02 -O3 execution - source compiled test
WARNING: program timed out.
FAIL: G19990303_02 -O3 execution - bytecode->native test
WARNING: program timed out.
FAIL: G19990303_02 -O3 -findirect-dispatch execution - bytecode->native test
WARNING: program timed out.
FAIL: G19990304_01 execution - source compiled test
WARNING: program timed out.
FAIL: G19990304_01 execution - bytecode->native test
WARNING: program timed out.
FAIL: G19990304_01 -findirect-dispatch execution - bytecode->native test
WARNING: program timed out.
FAIL: G19990304_01 -O3 execution - source compiled test
WARNING: program timed out.
FAIL: G19990304_01 -O3 execution - bytecode->native test
WARNING: program timed out.
FAIL: G19990304_01 -O3 -findirect-dispatch execution - bytecode->native test
WARNING: program timed out.
FAIL: G19990310_01 execution - source compiled test
WARNING: program timed out.
FAIL: G19990310_01 execution - bytecode->native test
WARNING: program timed out.
FAIL: G19990310_01 -findirect-dispatch execution - bytecode->native test
WARNING: program timed out.
FAIL: G19990310_01 -O3 execution - source compiled test
WARNING: program timed out.
FAIL: G19990310_01 -O3 execution - bytecode->native test
WARNING: program timed out.
FAIL: G19990310_01 -O3 -findirect-dispatch execution - bytecode->native test
WARNING: program timed out.
FAIL: II execution - source compiled test
WARNING: program timed out.
FAIL: II execution - bytecode->native test
WARNING: program timed out.
FAIL: II -findirect-dispatch execution - bytecode->native test
WARNING: program timed out.
FAIL: II -O3 execution - source compiled test
WARNING: program timed out.
FAIL: II -O3 execution - bytecode->native test
WARNING: program timed out.
FAIL: II -O3 -findirect-dispatch execution - bytecode->native test
WARNING: program timed out.
FAIL: InterfaceDispatch execution - source compiled test
WARNING: program timed out.
FAIL: InterfaceDispatch execution - bytecode->native test
WARNING: program timed out.
FAIL: InterfaceDispatch -findirect-dispatch execution - bytecode->native test
WARNING: program timed out.
FAIL: InterfaceDispatch -O3 execution - source compiled test
WARNING: program timed out.
FAIL: InterfaceDispatch -O3 execution - bytecode->native test
WARNING: program timed out.
FAIL: InterfaceDispatch -O3 -findirect-dispatch execution - bytecode->native test
WARNING: program timed out.
FAIL: InvokeInterface execution - source compiled test
FAIL: InvokeInterface execution - gij test
WARNING: program timed out.
FAIL: InvokeInterface execution - bytecode->native test
FAIL: InvokeInterface execution - gij test
WARNING: program timed out.
FAIL: InvokeInterface -findirect-dispatch execution - bytecode->native test
WARNING: program timed out.
FAIL: InvokeInterface -O3 execution - source compiled test
FAIL: InvokeInterface execution - gij test
WARNING: program timed out.
FAIL: InvokeInterface -O3 execution - bytecode->native test
FAIL: InvokeInterface execution - gij test
WARNING: program timed out.
FAIL: InvokeInterface -O3 -findirect-dispatch execution - bytecode->native test
WARNING: program timed out.
FAIL: InvokeReturn execution - source compiled test
WARNING: program timed out.
FAIL: InvokeReturn execution - bytecode->native test
WARNING: program timed out.
FAIL: InvokeReturn -findirect-dispatch execution - bytecode->native test
WARNING: program timed out.
FAIL: InvokeReturn -O3 execution - source compiled test
WARNING: program timed out.
FAIL: InvokeReturn -O3 execution - bytecode->native test
WARNING: program timed out.
FAIL: InvokeReturn -O3 -findirect-dispatch execution - bytecode->native test
WARNING: program timed out.
FAIL: Invoke_1 execution - source compiled test
WARNING: program timed out.
FAIL: Invoke_1 execution - bytecode->native test
WARNING: program timed out.
FAIL: Invoke_1 -findirect-dispatch execution - bytecode->native test
WARNING: program timed out.
FAIL: Invoke_1 -O3 execution - source compiled test
WARNING: program timed out.
FAIL: Invoke_1 -O3 execution - bytecode->native test
WARNING: program timed out.
FAIL: Invoke_1 -O3 -findirect-dispatch execution - bytecode->native test
WARNING: program timed out.
FAIL: Invoke_2 execution - source compiled test
WARNING: program timed out.
FAIL: Invoke_2 execution - bytecode->native test
WARNING: program timed out.
FAIL: Invoke_2 -findirect-dispatch execution - bytecode->native test
WARNING: program timed out.
FAIL: Invoke_2 -O3 execution - source compiled test
WARNING: program timed out.
FAIL: Invoke_2 -O3 execution - bytecode->native test
WARNING: program timed out.
FAIL: Invoke_2 -O3 -findirect-dispatch execution - bytecode->native test
WARNING: program timed out.
FAIL: KeepInline execution - source compiled test
WARNING: program timed out.
FAIL: KeepInline execution - bytecode->native test
WARNING: program timed out.
FAIL: KeepInline -findirect-dispatch execution - bytecode->native test
WARNING: program timed out.
FAIL: KeepInline -O3 execution - source compiled test
WARNING: program timed out.
FAIL: KeepInline -O3 execution - bytecode->native test
WARNING: program timed out.
FAIL: KeepInline -O3 -findirect-dispatch execution - bytecode->native test
WARNING: program timed out.
FAIL: LargeFile execution - source compiled test
WARNING: program timed out.
FAIL: LargeFile execution - bytecode->native test
WARNING: program timed out.
FAIL: LargeFile -findirect-dispatch execution - bytecode->native test
WARNING: program timed out.
FAIL: LargeFile -O3 execution - source compiled test
WARNING: program timed out.
FAIL: LargeFile -O3 execution - bytecode->native test
WARNING: program timed out.
FAIL: LargeFile -O3 -findirect-dispatch execution - bytecode->native test
WARNING: program timed out.
FAIL: MathBuiltin execution - source compiled test
WARNING: program timed out.
FAIL: MathBuiltin execution - bytecode->native test
WARNING: program timed out.
FAIL: MathBuiltin -findirect-dispatch execution - bytecode->native test
WARNING: program timed out.
FAIL: MathBuiltin -O3 execution - source compiled test
WARNING: program timed out.
FAIL: MathBuiltin -O3 execution - bytecode->native test
WARNING: program timed out.
FAIL: MathBuiltin -O3 -findirect-dispatch execution - bytecode->native test
WARNING: program timed out.
FAIL: Matrix4f execution - source compiled test
WARNING: program timed out.
FAIL: Matrix4f execution - bytecode->native test
WARNING: program timed out.
FAIL: Matrix4f -findirect-dispatch execution - bytecode->native test
WARNING: program timed out.
FAIL: Matrix4f -O3 execution - source compiled test
WARNING: program timed out.
FAIL: Matrix4f -O3 execution - bytecode->native test
WARNING: program timed out.
FAIL: Matrix4f -O3 -findirect-dispatch execution - bytecode->native test
WARNING: program timed out.
FAIL: N19990310_02 execution - source compiled test
WARNING: program timed out.
FAIL: N19990310_02 execution - bytecode->native test
WARNING: program timed out.
FAIL: N19990310_02 -findirect-dispatch execution - bytecode->native test
WARNING: program timed out.
FAIL: N19990310_02 -O3 execution - source compiled test
WARNING: program timed out.
FAIL: N19990310_02 -O3 execution - bytecode->native test
WARNING: program timed out.
FAIL: N19990310_02 -O3 -findirect-dispatch execution - bytecode->native test
WARNING: program timed out.
FAIL: N19990310_3 execution - source compiled test
WARNING: program timed out.
FAIL: N19990310_3 execution - bytecode->native test
WARNING: program timed out.
FAIL: N19990310_3 -findirect-dispatch execution - bytecode->native test
WARNING: program timed out.
FAIL: N19990310_3 -O3 execution - source compiled test
WARNING: program timed out.
FAIL: N19990310_3 -O3 execution - bytecode->native test
WARNING: program timed out.
FAIL: N19990310_3 -O3 -findirect-dispatch execution - bytecode->native test
WARNING: program timed out.
FAIL: N19990310_4 execution - source compiled test
WARNING: program timed out.
FAIL: N19990310_4 execution - bytecode->native test
WARNING: program timed out.
FAIL: N19990310_4 -findirect-dispatch execution - bytecode->native test
WARNING: program timed out.
FAIL: N19990310_4 -O3 execution - source compiled test
WARNING: program timed out.
FAIL: N19990310_4 -O3 execution - bytecode->native test
WARNING: program timed out.
FAIL: N19990310_4 -O3 -findirect-dispatch execution - bytecode->native test
WARNING: program timed out.
FAIL: N19990310_5 execution - source compiled test
WARNING: program timed out.
FAIL: N19990310_5 execution - bytecode->native test
WARNING: program timed out.
FAIL: N19990310_5 -findirect-dispatch execution - bytecode->native test
WARNING: program timed out.
FAIL: N19990310_5 -O3 execution - source compiled test
WARNING: program timed out.
FAIL: N19990310_5 -O3 execution - bytecode->native test
WARNING: program timed out.
FAIL: N19990310_5 -O3 -findirect-dispatch execution - bytecode->native test
WARNING: program timed out.
FAIL: Overflow execution - source compiled test
WARNING: program timed out.
FAIL: Overflow execution - bytecode->native test
WARNING: program timed out.
FAIL: Overflow -findirect-dispatch execution - bytecode->native test
WARNING: program timed out.
FAIL: Overflow -O3 execution - source compiled test
WARNING: program timed out.
FAIL: Overflow -O3 execution - bytecode->native test
WARNING: program timed out.
FAIL: Overflow -O3 -findirect-dispatch execution - bytecode->native test
WARNING: program timed out.
FAIL: PR12350 execution - source compiled test
FAIL: PR12350 execution - gij test
WARNING: program timed out.
FAIL: PR12350 execution - bytecode->native test
FAIL: PR12350 execution - gij test
WARNING: program timed out.
FAIL: PR12350 -findirect-dispatch execution - bytecode->native test
WARNING: program timed out.
FAIL: PR12350 -O3 execution - source compiled test
FAIL: PR12350 execution - gij test
WARNING: program timed out.
FAIL: PR12350 -O3 execution - bytecode->native test
FAIL: PR12350 execution - gij test
WARNING: program timed out.
FAIL: PR12350 -O3 -findirect-dispatch execution - bytecode->native test
FAIL: PR12416 compilation from source
FAIL: PR12416 execution - gij test
FAIL: PR12416 compilation from bytecode
FAIL: PR12416 execution - gij test
FAIL: PR12416 -findirect-dispatch compilation from bytecode
FAIL: PR12416 -O3 compilation from source
FAIL: PR12416 execution - gij test
FAIL: PR12416 -O3 compilation from bytecode
FAIL: PR12416 execution - gij test
FAIL: PR12416 -O3 -findirect-dispatch compilation from bytecode
WARNING: program timed out.
FAIL: PR12656 execution - source compiled test
WARNING: program timed out.
FAIL: PR12656 execution - bytecode->native test
WARNING: program timed out.
FAIL: PR12656 -findirect-dispatch execution - bytecode->native test
WARNING: program timed out.
FAIL: PR12656 -O3 execution - source compiled test
WARNING: program timed out.
FAIL: PR12656 -O3 execution - bytecode->native test
WARNING: program timed out.
FAIL: PR12656 -O3 -findirect-dispatch execution - bytecode->native test
WARNING: program timed out.
FAIL: PR12915 execution - source compiled test
WARNING: program timed out.
FAIL: PR12915 execution - bytecode->native test
WARNING: program timed out.
FAIL: PR12915 -findirect-dispatch execution - bytecode->native test
WARNING: program timed out.
FAIL: PR12915 -O3 execution - source compiled test
WARNING: program timed out.
FAIL: PR12915 -O3 execution - bytecode->native test
WARNING: program timed out.
FAIL: PR12915 -O3 -findirect-dispatch execution - bytecode->native test
WARNING: program timed out.
FAIL: PR141 execution - source compiled test
WARNING: program timed out.
FAIL: PR141 execution - bytecode->native test
WARNING: program timed out.
FAIL: PR141 -findirect-dispatch execution - bytecode->native test
WARNING: program timed out.
FAIL: PR141 -O3 execution - source compiled test
WARNING: program timed out.
FAIL: PR141 -O3 execution - bytecode->native test
WARNING: program timed out.
FAIL: PR141 -O3 -findirect-dispatch execution - bytecode->native test
WARNING: program timed out.
FAIL: PR160 execution - source compiled test
WARNING: program timed out.
FAIL: PR160 execution - bytecode->native test
WARNING: program timed out.
FAIL: PR160 -findirect-dispatch execution - bytecode->native test
WARNING: program timed out.
FAIL: PR160 -O3 execution - source compiled test
WARNING: program timed out.
FAIL: PR160 -O3 execution - bytecode->native test
WARNING: program timed out.
FAIL: PR160 -O3 -findirect-dispatch execution - bytecode->native test
WARNING: program timed out.
FAIL: PR162 execution - source compiled test
WARNING: program timed out.
FAIL: PR162 execution - bytecode->native test
WARNING: program timed out.
FAIL: PR162 -findirect-dispatch execution - bytecode->native test
WARNING: program timed out.
FAIL: PR162 -O3 execution - source compiled test
WARNING: program timed out.
FAIL: PR162 -O3 execution - bytecode->native test
WARNING: program timed out.
FAIL: PR162 -O3 -findirect-dispatch execution - bytecode->native test
WARNING: program timed out.
FAIL: PR16867 execution - source compiled test
WARNING: program timed out.
FAIL: PR16867 execution - bytecode->native test
WARNING: program timed out.
FAIL: PR16867 -findirect-dispatch execution - bytecode->native test
WARNING: program timed out.
FAIL: PR16867 -O3 execution - source compiled test
WARNING: program timed out.
FAIL: PR16867 -O3 execution - bytecode->native test
WARNING: program timed out.
FAIL: PR16867 -O3 -findirect-dispatch execution - bytecode->native test
WARNING: program timed out.
FAIL: PR18699 execution - source compiled test
WARNING: program timed out.
FAIL: PR18699 execution - bytecode->native test
WARNING: program timed out.
FAIL: PR18699 -findirect-dispatch execution - bytecode->native test
WARNING: program timed out.
FAIL: PR18699 -O3 execution - source compiled test
WARNING: program timed out.
FAIL: PR18699 -O3 execution - bytecode->native test
WARNING: program timed out.
FAIL: PR18699 -O3 -findirect-dispatch execution - bytecode->native test
WARNING: program timed out.
FAIL: PR19870 execution - source compiled test
WARNING: program timed out.
FAIL: PR19870 execution - bytecode->native test
WARNING: program timed out.
FAIL: PR19870 -findirect-dispatch execution - bytecode->native test
WARNING: program timed out.
FAIL: PR19870 -O3 execution - source compiled test
WARNING: program timed out.
FAIL: PR19870 -O3 execution - bytecode->native test
WARNING: program timed out.
FAIL: PR19870 -O3 -findirect-dispatch execution - bytecode->native test
WARNING: program timed out.
FAIL: PR19870_2 execution - source compiled test
WARNING: program timed out.
FAIL: PR19870_2 execution - bytecode->native test
WARNING: program timed out.
FAIL: PR19870_2 -findirect-dispatch execution - bytecode->native test
WARNING: program timed out.
FAIL: PR19870_2 -O3 execution - source compiled test
WARNING: program timed out.
FAIL: PR19870_2 -O3 execution - bytecode->native test
WARNING: program timed out.
FAIL: PR19870_2 -O3 -findirect-dispatch execution - bytecode->native test
WARNING: program timed out.
FAIL: PR19921 execution - source compiled test
WARNING: program timed out.
FAIL: PR19921 execution - bytecode->native test
WARNING: program timed out.
FAIL: PR19921 -findirect-dispatch execution - bytecode->native test
WARNING: program timed out.
FAIL: PR19921 -O3 execution - source compiled test
WARNING: program timed out.
FAIL: PR19921 -O3 execution - bytecode->native test
WARNING: program timed out.
FAIL: PR19921 -O3 -findirect-dispatch execution - bytecode->native test
WARNING: program timed out.
FAIL: PR20056 execution - source compiled test
WARNING: program timed out.
FAIL: PR20056 execution - bytecode->native test
WARNING: program timed out.
FAIL: PR20056 -findirect-dispatch execution - bytecode->native test
WARNING: program timed out.
FAIL: PR20056 -O3 execution - source compiled test
WARNING: program timed out.
FAIL: PR20056 -O3 execution - bytecode->native test
WARNING: program timed out.
FAIL: PR20056 -O3 -findirect-dispatch execution - bytecode->native test
WARNING: program timed out.
FAIL: PR218 execution - source compiled test
FAIL: PR218 execution - gij test
WARNING: program timed out.
FAIL: PR218 execution - bytecode->native test
FAIL: PR218 execution - gij test
WARNING: program timed out.
FAIL: PR218 -findirect-dispatch execution - bytecode->native test
WARNING: program timed out.
FAIL: PR218 -O3 execution - source compiled test
FAIL: PR218 execution - gij test
WARNING: program timed out.
FAIL: PR218 -O3 execution - bytecode->native test
FAIL: PR218 execution - gij test
WARNING: program timed out.
FAIL: PR218 -O3 -findirect-dispatch execution - bytecode->native test
WARNING: program timed out.
FAIL: PR242 execution - source compiled test
WARNING: program timed out.
FAIL: PR242 execution - bytecode->native test
WARNING: program timed out.
FAIL: PR242 -findirect-dispatch execution - bytecode->native test
WARNING: program timed out.
FAIL: PR242 -O3 execution - source compiled test
WARNING: program timed out.
FAIL: PR242 -O3 execution - bytecode->native test
WARNING: program timed out.
FAIL: PR242 -O3 -findirect-dispatch execution - bytecode->native test
WARNING: program timed out.
FAIL: PR25535 execution - source compiled test
WARNING: program timed out.
FAIL: PR25535 execution - bytecode->native test
WARNING: program timed out.
FAIL: PR25535 -findirect-dispatch execution - bytecode->native test
WARNING: program timed out.
FAIL: PR25535 -O3 execution - source compiled test
WARNING: program timed out.
FAIL: PR25535 -O3 execution - bytecode->native test
WARNING: program timed out.
FAIL: PR25535 -O3 -findirect-dispatch execution - bytecode->native test
WARNING: program timed out.
FAIL: PR260 execution - source compiled test
FAIL: PR260 execution - gij test
WARNING: program timed out.
FAIL: PR260 execution - bytecode->native test
FAIL: PR260 execution - gij test
WARNING: program timed out.
FAIL: PR260 -findirect-dispatch execution - bytecode->native test
WARNING: program timed out.
FAIL: PR260 -O3 execution - source compiled test
FAIL: PR260 execution - gij test
WARNING: program timed out.
FAIL: PR260 -O3 execution - bytecode->native test
FAIL: PR260 execution - gij test
WARNING: program timed out.
FAIL: PR260 -O3 -findirect-dispatch execution - bytecode->native test
WARNING: program timed out.
FAIL: PR26858 execution - source compiled test
FAIL: PR26858 execution - gij test
WARNING: program timed out.
FAIL: PR26858 execution - bytecode->native test
FAIL: PR26858 execution - gij test
WARNING: program timed out.
FAIL: PR26858 -findirect-dispatch execution - bytecode->native test
WARNING: program timed out.
FAIL: PR26858 -O3 execution - source compiled test
FAIL: PR26858 execution - gij test
WARNING: program timed out.
FAIL: PR26858 -O3 execution - bytecode->native test
FAIL: PR26858 execution - gij test
WARNING: program timed out.
FAIL: PR26858 -O3 -findirect-dispatch execution - bytecode->native test
WARNING: program timed out.
FAIL: PR3096 execution - source compiled test
WARNING: program timed out.
FAIL: PR3096 execution - bytecode->native test
WARNING: program timed out.
FAIL: PR3096 -findirect-dispatch execution - bytecode->native test
WARNING: program timed out.
FAIL: PR3096 -O3 execution - source compiled test
WARNING: program timed out.
FAIL: PR3096 -O3 execution - bytecode->native test
WARNING: program timed out.
FAIL: PR3096 -O3 -findirect-dispatch execution - bytecode->native test
WARNING: program timed out.
FAIL: PR3731 execution - source compiled test
WARNING: program timed out.
FAIL: PR3731 execution - bytecode->native test
WARNING: program timed out.
FAIL: PR3731 -findirect-dispatch execution - bytecode->native test
WARNING: program timed out.
FAIL: PR3731 -O3 execution - source compiled test
WARNING: program timed out.
FAIL: PR3731 -O3 execution - bytecode->native test
WARNING: program timed out.
FAIL: PR3731 -O3 -findirect-dispatch execution - bytecode->native test
WARNING: program timed out.
FAIL: PR5057 execution - source compiled test
WARNING: program timed out.
FAIL: PR5057 execution - bytecode->native test
WARNING: program timed out.
FAIL: PR5057 -findirect-dispatch execution - bytecode->native test
WARNING: program timed out.
FAIL: PR5057 -O3 execution - source compiled test
WARNING: program timed out.
FAIL: PR5057 -O3 execution - bytecode->native test
WARNING: program timed out.
FAIL: PR5057 -O3 -findirect-dispatch execution - bytecode->native test
WARNING: program timed out.
FAIL: PR5057_2 execution - source compiled test
WARNING: program timed out.
FAIL: PR5057_2 execution - bytecode->native test
WARNING: program timed out.
FAIL: PR5057_2 -findirect-dispatch execution - bytecode->native test
WARNING: program timed out.
FAIL: PR5057_2 -O3 execution - source compiled test
WARNING: program timed out.
FAIL: PR5057_2 -O3 execution - bytecode->native test
WARNING: program timed out.
FAIL: PR5057_2 -O3 -findirect-dispatch execution - bytecode->native test
WARNING: program timed out.
FAIL: PR55 execution - source compiled test
WARNING: program timed out.
FAIL: PR55 execution - bytecode->native test
WARNING: program timed out.
FAIL: PR55 -findirect-dispatch execution - bytecode->native test
WARNING: program timed out.
FAIL: PR55 -O3 execution - source compiled test
WARNING: program timed out.
FAIL: PR55 -O3 execution - bytecode->native test
WARNING: program timed out.
FAIL: PR55 -O3 -findirect-dispatch execution - bytecode->native test
WARNING: program timed out.
FAIL: PR56 execution - source compiled test
WARNING: program timed out.
FAIL: PR56 execution - bytecode->native test
WARNING: program timed out.
FAIL: PR56 -findirect-dispatch execution - bytecode->native test
WARNING: program timed out.
FAIL: PR56 -O3 execution - source compiled test
WARNING: program timed out.
FAIL: PR56 -O3 execution - bytecode->native test
WARNING: program timed out.
FAIL: PR56 -O3 -findirect-dispatch execution - bytecode->native test
WARNING: program timed out.
FAIL: PR6085 execution - source compiled test
WARNING: program timed out.
FAIL: PR6085 execution - bytecode->native test
WARNING: program timed out.
FAIL: PR6085 -findirect-dispatch execution - bytecode->native test
WARNING: program timed out.
FAIL: PR6085 -O3 execution - source compiled test
WARNING: program timed out.
FAIL: PR6085 -O3 execution - bytecode->native test
WARNING: program timed out.
FAIL: PR6085 -O3 -findirect-dispatch execution - bytecode->native test
WARNING: program timed out.
FAIL: PR6204 execution - source compiled test
WARNING: program timed out.
FAIL: PR6204 execution - bytecode->native test
WARNING: program timed out.
FAIL: PR6204 -findirect-dispatch execution - bytecode->native test
WARNING: program timed out.
FAIL: PR6204 -O3 execution - source compiled test
WARNING: program timed out.
FAIL: PR6204 -O3 execution - bytecode->native test
WARNING: program timed out.
FAIL: PR6204 -O3 -findirect-dispatch execution - bytecode->native test
WARNING: program timed out.
FAIL: PR6729 execution - source compiled test
WARNING: program timed out.
FAIL: PR6729 execution - bytecode->native test
WARNING: program timed out.
FAIL: PR6729 -findirect-dispatch execution - bytecode->native test
WARNING: program timed out.
FAIL: PR6729 -O3 execution - source compiled test
WARNING: program timed out.
FAIL: PR6729 -O3 execution - bytecode->native test
WARNING: program timed out.
FAIL: PR6729 -O3 -findirect-dispatch execution - bytecode->native test
WARNING: program timed out.
FAIL: PR6820 execution - source compiled test
WARNING: program timed out.
FAIL: PR6820 execution - bytecode->native test
WARNING: program timed out.
FAIL: PR6820 -findirect-dispatch execution - bytecode->native test
WARNING: program timed out.
FAIL: PR6820 -O3 execution - source compiled test
WARNING: program timed out.
FAIL: PR6820 -O3 execution - bytecode->native test
WARNING: program timed out.
FAIL: PR6820 -O3 -findirect-dispatch execution - bytecode->native test
FAIL: PR7482 compilation from source
FAIL: PR7482 compilation from bytecode
FAIL: PR7482 -findirect-dispatch compilation from bytecode
FAIL: PR7482 -O3 compilation from source
FAIL: PR7482 -O3 compilation from bytecode
FAIL: PR7482 -O3 -findirect-dispatch compilation from bytecode
WARNING: program timed out.
FAIL: Process_1 execution - source compiled test
WARNING: program timed out.
FAIL: Process_1 execution - bytecode->native test
WARNING: program timed out.
FAIL: Process_1 -findirect-dispatch execution - bytecode->native test
WARNING: program timed out.
FAIL: Process_1 -O3 execution - source compiled test
WARNING: program timed out.
FAIL: Process_1 -O3 execution - bytecode->native test
WARNING: program timed out.
FAIL: Process_1 -O3 -findirect-dispatch execution - bytecode->native test
WARNING: program timed out.
FAIL: Process_2 execution - source compiled test
WARNING: program timed out.
FAIL: Process_2 execution - bytecode->native test
WARNING: program timed out.
FAIL: Process_2 -findirect-dispatch execution - bytecode->native test
WARNING: program timed out.
FAIL: Process_2 -O3 execution - source compiled test
WARNING: program timed out.
FAIL: Process_2 -O3 execution - bytecode->native test
WARNING: program timed out.
FAIL: Process_2 -O3 -findirect-dispatch execution - bytecode->native test
WARNING: program timed out.
FAIL: Process_3 execution - source compiled test
WARNING: program timed out.
FAIL: Process_3 execution - bytecode->native test
WARNING: program timed out.
FAIL: Process_3 -findirect-dispatch execution - bytecode->native test
WARNING: program timed out.
FAIL: Process_3 -O3 execution - source compiled test
WARNING: program timed out.
FAIL: Process_3 -O3 execution - bytecode->native test
WARNING: program timed out.
FAIL: Process_3 -O3 -findirect-dispatch execution - bytecode->native test
WARNING: program timed out.
FAIL: Process_4 execution - source compiled test
WARNING: program timed out.
FAIL: Process_4 execution - bytecode->native test
WARNING: program timed out.
FAIL: Process_4 -findirect-dispatch execution - bytecode->native test
WARNING: program timed out.
FAIL: Process_4 -O3 execution - source compiled test
WARNING: program timed out.
FAIL: Process_4 -O3 execution - bytecode->native test
WARNING: program timed out.
FAIL: Process_4 -O3 -findirect-dispatch execution - bytecode->native test
WARNING: program timed out.
FAIL: Process_5 execution - source compiled test
FAIL: Process_5 execution - gij test
WARNING: program timed out.
FAIL: Process_5 execution - bytecode->native test
FAIL: Process_5 execution - gij test
WARNING: program timed out.
FAIL: Process_5 -findirect-dispatch execution - bytecode->native test
WARNING: program timed out.
FAIL: Process_5 -O3 execution - source compiled test
FAIL: Process_5 execution - gij test
WARNING: program timed out.
FAIL: Process_5 -O3 execution - bytecode->native test
FAIL: Process_5 execution - gij test
WARNING: program timed out.
FAIL: Process_5 -O3 -findirect-dispatch execution - bytecode->native test
WARNING: program timed out.
FAIL: Process_6 execution - source compiled test
FAIL: Process_6 execution - gij test
WARNING: program timed out.
FAIL: Process_6 execution - bytecode->native test
FAIL: Process_6 execution - gij test
WARNING: program timed out.
FAIL: Process_6 -findirect-dispatch execution - bytecode->native test
WARNING: program timed out.
FAIL: Process_6 -O3 execution - source compiled test
FAIL: Process_6 execution - gij test
WARNING: program timed out.
FAIL: Process_6 -O3 execution - bytecode->native test
FAIL: Process_6 execution - gij test
WARNING: program timed out.
FAIL: Process_6 -O3 -findirect-dispatch execution - bytecode->native test
WARNING: program timed out.
FAIL: Serialization execution - source compiled test
WARNING: program timed out.
FAIL: Serialization execution - bytecode->native test
WARNING: program timed out.
FAIL: Serialization -findirect-dispatch execution - bytecode->native test
WARNING: program timed out.
FAIL: Serialization -O3 execution - source compiled test
WARNING: program timed out.
FAIL: Serialization -O3 execution - bytecode->native test
WARNING: program timed out.
FAIL: Serialization -O3 -findirect-dispatch execution - bytecode->native test
WARNING: program timed out.
FAIL: Shazam execution - source compiled test
WARNING: program timed out.
FAIL: Shazam execution - bytecode->native test
WARNING: program timed out.
FAIL: Shazam -findirect-dispatch execution - bytecode->native test
WARNING: program timed out.
FAIL: Shazam -O3 execution - source compiled test
WARNING: program timed out.
FAIL: Shazam -O3 execution - bytecode->native test
WARNING: program timed out.
FAIL: Shazam -O3 -findirect-dispatch execution - bytecode->native test
WARNING: program timed out.
FAIL: StaticConstructor execution - source compiled test
WARNING: program timed out.
FAIL: StaticConstructor execution - bytecode->native test
WARNING: program timed out.
FAIL: StaticConstructor -findirect-dispatch execution - bytecode->native test
WARNING: program timed out.
FAIL: StaticConstructor -O3 execution - source compiled test
WARNING: program timed out.
FAIL: StaticConstructor -O3 execution - bytecode->native test
WARNING: program timed out.
FAIL: StaticConstructor -O3 -findirect-dispatch execution - bytecode->native test
WARNING: program timed out.
FAIL: StringBuffer_1 execution - source compiled test
FAIL: StringBuffer_1 execution - gij test
WARNING: program timed out.
FAIL: StringBuffer_1 execution - bytecode->native test
FAIL: StringBuffer_1 execution - gij test
WARNING: program timed out.
FAIL: StringBuffer_1 -findirect-dispatch execution - bytecode->native test
WARNING: program timed out.
FAIL: StringBuffer_1 -O3 execution - source compiled test
FAIL: StringBuffer_1 execution - gij test
WARNING: program timed out.
FAIL: StringBuffer_1 -O3 execution - bytecode->native test
FAIL: StringBuffer_1 execution - gij test
WARNING: program timed out.
FAIL: StringBuffer_1 -O3 -findirect-dispatch execution - bytecode->native test
WARNING: program timed out.
FAIL: StringBuffer_overflow execution - source compiled test
FAIL: StringBuffer_overflow execution - gij test
WARNING: program timed out.
FAIL: StringBuffer_overflow execution - bytecode->native test
FAIL: StringBuffer_overflow execution - gij test
WARNING: program timed out.
FAIL: StringBuffer_overflow -findirect-dispatch execution - bytecode->native test
WARNING: program timed out.
FAIL: StringBuffer_overflow -O3 execution - source compiled test
FAIL: StringBuffer_overflow execution - gij test
WARNING: program timed out.
FAIL: StringBuffer_overflow -O3 execution - bytecode->native test
FAIL: StringBuffer_overflow execution - gij test
WARNING: program timed out.
FAIL: StringBuffer_overflow -O3 -findirect-dispatch execution - bytecode->native test
WARNING: program timed out.
FAIL: String_overflow execution - source compiled test
FAIL: String_overflow execution - gij test
WARNING: program timed out.
FAIL: String_overflow execution - bytecode->native test
FAIL: String_overflow execution - gij test
WARNING: program timed out.
FAIL: String_overflow -findirect-dispatch execution - bytecode->native test
WARNING: program timed out.
FAIL: String_overflow -O3 execution - source compiled test
FAIL: String_overflow execution - gij test
WARNING: program timed out.
FAIL: String_overflow -O3 execution - bytecode->native test
FAIL: String_overflow execution - gij test
WARNING: program timed out.
FAIL: String_overflow -O3 -findirect-dispatch execution - bytecode->native test
WARNING: program timed out.
FAIL: SyncGlobal execution - source compiled test
WARNING: program timed out.
FAIL: SyncGlobal execution - bytecode->native test
WARNING: program timed out.
FAIL: SyncGlobal -findirect-dispatch execution - bytecode->native test
WARNING: program timed out.
FAIL: SyncGlobal -O3 execution - source compiled test
WARNING: program timed out.
FAIL: SyncGlobal -O3 execution - bytecode->native test
WARNING: program timed out.
FAIL: SyncGlobal -O3 -findirect-dispatch execution - bytecode->native test
WARNING: program timed out.
FAIL: SyncTest execution - source compiled test
FAIL: SyncTest execution - gij test
WARNING: program timed out.
FAIL: SyncTest execution - bytecode->native test
FAIL: SyncTest execution - gij test
WARNING: program timed out.
FAIL: SyncTest -findirect-dispatch execution - bytecode->native test
WARNING: program timed out.
FAIL: SyncTest -O3 execution - source compiled test
FAIL: SyncTest execution - gij test
WARNING: program timed out.
FAIL: SyncTest -O3 execution - bytecode->native test
FAIL: SyncTest execution - gij test
WARNING: program timed out.
FAIL: SyncTest -O3 -findirect-dispatch execution - bytecode->native test
WARNING: program timed out.
FAIL: Synch execution - source compiled test
WARNING: program timed out.
FAIL: Synch execution - bytecode->native test
WARNING: program timed out.
FAIL: Synch -findirect-dispatch execution - bytecode->native test
WARNING: program timed out.
FAIL: Synch -O3 execution - source compiled test
WARNING: program timed out.
FAIL: Synch -O3 execution - bytecode->native test
WARNING: program timed out.
FAIL: Synch -O3 -findirect-dispatch execution - bytecode->native test
WARNING: program timed out.
FAIL: TLtest execution - source compiled test
WARNING: program timed out.
FAIL: TLtest execution - bytecode->native test
WARNING: program timed out.
FAIL: TLtest -findirect-dispatch execution - bytecode->native test
WARNING: program timed out.
FAIL: TLtest -O3 execution - source compiled test
WARNING: program timed out.
FAIL: TLtest -O3 execution - bytecode->native test
WARNING: program timed out.
FAIL: TLtest -O3 -findirect-dispatch execution - bytecode->native test
WARNING: program timed out.
FAIL: TestProxy execution - source compiled test
WARNING: program timed out.
FAIL: TestProxy execution - bytecode->native test
WARNING: program timed out.
FAIL: TestProxy -findirect-dispatch execution - bytecode->native test
WARNING: program timed out.
FAIL: TestProxy -O3 execution - source compiled test
WARNING: program timed out.
FAIL: TestProxy -O3 execution - bytecode->native test
WARNING: program timed out.
FAIL: TestProxy -O3 -findirect-dispatch execution - bytecode->native test
WARNING: program timed out.
FAIL: Thread_Alive execution - source compiled test
FAIL: Thread_Alive execution - gij test
WARNING: program timed out.
FAIL: Thread_Alive execution - bytecode->native test
FAIL: Thread_Alive execution - gij test
WARNING: program timed out.
FAIL: Thread_Alive -findirect-dispatch execution - bytecode->native test
WARNING: program timed out.
FAIL: Thread_Alive -O3 execution - source compiled test
FAIL: Thread_Alive execution - gij test
WARNING: program timed out.
FAIL: Thread_Alive -O3 execution - bytecode->native test
FAIL: Thread_Alive execution - gij test
WARNING: program timed out.
FAIL: Thread_Alive -O3 -findirect-dispatch execution - bytecode->native test
WARNING: program timed out.
FAIL: Thread_HoldsLock execution - source compiled test
WARNING: program timed out.
FAIL: Thread_HoldsLock execution - bytecode->native test
WARNING: program timed out.
FAIL: Thread_HoldsLock -findirect-dispatch execution - bytecode->native test
WARNING: program timed out.
FAIL: Thread_HoldsLock -O3 execution - source compiled test
WARNING: program timed out.
FAIL: Thread_HoldsLock -O3 execution - bytecode->native test
WARNING: program timed out.
FAIL: Thread_HoldsLock -O3 -findirect-dispatch execution - bytecode->native test
WARNING: program timed out.
FAIL: Thread_Interrupt execution - source compiled test
FAIL: Thread_Interrupt execution - gij test
WARNING: program timed out.
FAIL: Thread_Interrupt execution - bytecode->native test
FAIL: Thread_Interrupt execution - gij test
WARNING: program timed out.
FAIL: Thread_Interrupt -findirect-dispatch execution - bytecode->native test
WARNING: program timed out.
FAIL: Thread_Interrupt -O3 execution - source compiled test
FAIL: Thread_Interrupt execution - gij test
WARNING: program timed out.
FAIL: Thread_Interrupt -O3 execution - bytecode->native test
FAIL: Thread_Interrupt execution - gij test
WARNING: program timed out.
FAIL: Thread_Interrupt -O3 -findirect-dispatch execution - bytecode->native test
WARNING: program timed out.
FAIL: Thread_Join execution - source compiled test
WARNING: program timed out.
FAIL: Thread_Join execution - bytecode->native test
WARNING: program timed out.
FAIL: Thread_Join -findirect-dispatch execution - bytecode->native test
WARNING: program timed out.
FAIL: Thread_Join -O3 execution - source compiled test
WARNING: program timed out.
FAIL: Thread_Join -O3 execution - bytecode->native test
WARNING: program timed out.
FAIL: Thread_Join -O3 -findirect-dispatch execution - bytecode->native test
WARNING: program timed out.
FAIL: Thread_Monitor execution - source compiled test
WARNING: program timed out.
FAIL: Thread_Monitor execution - bytecode->native test
WARNING: program timed out.
FAIL: Thread_Monitor -findirect-dispatch execution - bytecode->native test
WARNING: program timed out.
FAIL: Thread_Monitor -O3 execution - source compiled test
WARNING: program timed out.
FAIL: Thread_Monitor -O3 execution - bytecode->native test
WARNING: program timed out.
FAIL: Thread_Monitor -O3 -findirect-dispatch execution - bytecode->native test
WARNING: program timed out.
FAIL: Thread_Sleep execution - source compiled test
WARNING: program timed out.
FAIL: Thread_Sleep execution - bytecode->native test
WARNING: program timed out.
FAIL: Thread_Sleep -findirect-dispatch execution - bytecode->native test
WARNING: program timed out.
FAIL: Thread_Sleep -O3 execution - source compiled test
WARNING: program timed out.
FAIL: Thread_Sleep -O3 execution - bytecode->native test
WARNING: program timed out.
FAIL: Thread_Sleep -O3 -findirect-dispatch execution - bytecode->native test
WARNING: program timed out.
FAIL: Thread_Wait execution - source compiled test
WARNING: program timed out.
FAIL: Thread_Wait execution - bytecode->native test
WARNING: program timed out.
FAIL: Thread_Wait -findirect-dispatch execution - bytecode->native test
WARNING: program timed out.
FAIL: Thread_Wait -O3 execution - source compiled test
WARNING: program timed out.
FAIL: Thread_Wait -O3 execution - bytecode->native test
WARNING: program timed out.
FAIL: Thread_Wait -O3 -findirect-dispatch execution - bytecode->native test
WARNING: program timed out.
FAIL: Thread_Wait_2 execution - source compiled test
FAIL: Thread_Wait_2 execution - gij test
WARNING: program timed out.
FAIL: Thread_Wait_2 execution - bytecode->native test
FAIL: Thread_Wait_2 execution - gij test
WARNING: program timed out.
FAIL: Thread_Wait_2 -findirect-dispatch execution - bytecode->native test
WARNING: program timed out.
FAIL: Thread_Wait_2 -O3 execution - source compiled test
FAIL: Thread_Wait_2 execution - gij test
WARNING: program timed out.
FAIL: Thread_Wait_2 -O3 execution - bytecode->native test
FAIL: Thread_Wait_2 execution - gij test
WARNING: program timed out.
FAIL: Thread_Wait_2 -O3 -findirect-dispatch execution - bytecode->native test
WARNING: program timed out.
FAIL: Thread_Wait_Interrupt execution - source compiled test
FAIL: Thread_Wait_Interrupt execution - gij test
WARNING: program timed out.
FAIL: Thread_Wait_Interrupt execution - bytecode->native test
FAIL: Thread_Wait_Interrupt execution - gij test
WARNING: program timed out.
FAIL: Thread_Wait_Interrupt -findirect-dispatch execution - bytecode->native test
WARNING: program timed out.
FAIL: Thread_Wait_Interrupt -O3 execution - source compiled test
FAIL: Thread_Wait_Interrupt execution - gij test
WARNING: program timed out.
FAIL: Thread_Wait_Interrupt -O3 execution - bytecode->native test
FAIL: Thread_Wait_Interrupt execution - gij test
WARNING: program timed out.
FAIL: Thread_Wait_Interrupt -O3 -findirect-dispatch execution - bytecode->native test
WARNING: program timed out.
FAIL: Throw_1 execution - source compiled test
WARNING: program timed out.
FAIL: Throw_1 execution - bytecode->native test
WARNING: program timed out.
FAIL: Throw_1 -findirect-dispatch execution - bytecode->native test
WARNING: program timed out.
FAIL: Throw_1 -O3 execution - source compiled test
WARNING: program timed out.
FAIL: Throw_1 -O3 execution - bytecode->native test
WARNING: program timed out.
FAIL: Throw_1 -O3 -findirect-dispatch execution - bytecode->native test
WARNING: program timed out.
FAIL: Throw_2 execution - source compiled test
FAIL: Throw_2 execution - gij test
WARNING: program timed out.
FAIL: Throw_2 execution - bytecode->native test
FAIL: Throw_2 execution - gij test
WARNING: program timed out.
FAIL: Throw_2 -findirect-dispatch execution - bytecode->native test
WARNING: program timed out.
FAIL: Throw_2 -O3 execution - source compiled test
FAIL: Throw_2 execution - gij test
WARNING: program timed out.
FAIL: Throw_2 -O3 execution - bytecode->native test
FAIL: Throw_2 execution - gij test
WARNING: program timed out.
FAIL: Throw_2 -O3 -findirect-dispatch execution - bytecode->native test
WARNING: program timed out.
FAIL: anfi execution - source compiled test
WARNING: program timed out.
FAIL: anfi execution - bytecode->native test
WARNING: program timed out.
FAIL: anfi -findirect-dispatch execution - bytecode->native test
WARNING: program timed out.
FAIL: anfi -O3 execution - source compiled test
WARNING: program timed out.
FAIL: anfi -O3 execution - bytecode->native test
WARNING: program timed out.
FAIL: anfi -O3 -findirect-dispatch execution - bytecode->native test
WARNING: program timed out.
FAIL: anon execution - source compiled test
WARNING: program timed out.
FAIL: anon execution - bytecode->native test
WARNING: program timed out.
FAIL: anon -findirect-dispatch execution - bytecode->native test
WARNING: program timed out.
FAIL: anon -O3 execution - source compiled test
WARNING: program timed out.
FAIL: anon -O3 execution - bytecode->native test
WARNING: program timed out.
FAIL: anon -O3 -findirect-dispatch execution - bytecode->native test
WARNING: program timed out.
FAIL: anon2 execution - source compiled test
WARNING: program timed out.
FAIL: anon2 execution - bytecode->native test
WARNING: program timed out.
FAIL: anon2 -findirect-dispatch execution - bytecode->native test
WARNING: program timed out.
FAIL: anon2 -O3 execution - source compiled test
WARNING: program timed out.
FAIL: anon2 -O3 execution - bytecode->native test
WARNING: program timed out.
FAIL: anon2 -O3 -findirect-dispatch execution - bytecode->native test
WARNING: program timed out.
FAIL: anon3 execution - source compiled test
WARNING: program timed out.
FAIL: anon3 execution - bytecode->native test
WARNING: program timed out.
FAIL: anon3 -findirect-dispatch execution - bytecode->native test
WARNING: program timed out.
FAIL: anon3 -O3 execution - source compiled test
WARNING: program timed out.
FAIL: anon3 -O3 execution - bytecode->native test
WARNING: program timed out.
FAIL: anon3 -O3 -findirect-dispatch execution - bytecode->native test
WARNING: program timed out.
FAIL: anon4 execution - source compiled test
WARNING: program timed out.
FAIL: anon4 execution - bytecode->native test
WARNING: program timed out.
FAIL: anon4 -findirect-dispatch execution - bytecode->native test
WARNING: program timed out.
FAIL: anon4 -O3 execution - source compiled test
WARNING: program timed out.
FAIL: anon4 -O3 execution - bytecode->native test
WARNING: program timed out.
FAIL: anon4 -O3 -findirect-dispatch execution - bytecode->native test
WARNING: program timed out.
FAIL: anon_ctor_itf_arg execution - source compiled test
WARNING: program timed out.
FAIL: anon_ctor_itf_arg execution - bytecode->native test
WARNING: program timed out.
FAIL: anon_ctor_itf_arg -findirect-dispatch execution - bytecode->native test
WARNING: program timed out.
FAIL: anon_ctor_itf_arg -O3 execution - source compiled test
WARNING: program timed out.
FAIL: anon_ctor_itf_arg -O3 execution - bytecode->native test
WARNING: program timed out.
FAIL: anon_ctor_itf_arg -O3 -findirect-dispatch execution - bytecode->native test
WARNING: program timed out.
FAIL: anonarray execution - source compiled test
WARNING: program timed out.
FAIL: anonarray execution - bytecode->native test
WARNING: program timed out.
FAIL: anonarray -findirect-dispatch execution - bytecode->native test
WARNING: program timed out.
FAIL: anonarray -O3 execution - source compiled test
WARNING: program timed out.
FAIL: anonarray -O3 execution - bytecode->native test
WARNING: program timed out.
FAIL: anonarray -O3 -findirect-dispatch execution - bytecode->native test
WARNING: program timed out.
FAIL: anonarray2 execution - source compiled test
WARNING: program timed out.
FAIL: anonarray2 execution - bytecode->native test
WARNING: program timed out.
FAIL: anonarray2 -findirect-dispatch execution - bytecode->native test
WARNING: program timed out.
FAIL: anonarray2 -O3 execution - source compiled test
WARNING: program timed out.
FAIL: anonarray2 -O3 execution - bytecode->native test
WARNING: program timed out.
FAIL: anonarray2 -O3 -findirect-dispatch execution - bytecode->native test
WARNING: program timed out.
FAIL: anonarray3 execution - source compiled test
WARNING: program timed out.
FAIL: anonarray3 execution - bytecode->native test
WARNING: program timed out.
FAIL: anonarray3 -findirect-dispatch execution - bytecode->native test
WARNING: program timed out.
FAIL: anonarray3 -O3 execution - source compiled test
WARNING: program timed out.
FAIL: anonarray3 -O3 execution - bytecode->native test
WARNING: program timed out.
FAIL: anonarray3 -O3 -findirect-dispatch execution - bytecode->native test
WARNING: program timed out.
FAIL: assign execution - source compiled test
WARNING: program timed out.
FAIL: assign execution - bytecode->native test
WARNING: program timed out.
FAIL: assign -findirect-dispatch execution - bytecode->native test
WARNING: program timed out.
FAIL: assign -O3 execution - source compiled test
WARNING: program timed out.
FAIL: assign -O3 execution - bytecode->native test
WARNING: program timed out.
FAIL: assign -O3 -findirect-dispatch execution - bytecode->native test
WARNING: program timed out.
FAIL: assign2 execution - source compiled test
WARNING: program timed out.
FAIL: assign2 execution - bytecode->native test
WARNING: program timed out.
FAIL: assign2 -findirect-dispatch execution - bytecode->native test
WARNING: program timed out.
FAIL: assign2 -O3 execution - source compiled test
WARNING: program timed out.
FAIL: assign2 -O3 execution - bytecode->native test
WARNING: program timed out.
FAIL: assign2 -O3 -findirect-dispatch execution - bytecode->native test
WARNING: program timed out.
FAIL: bclink execution - source compiled test
WARNING: program timed out.
FAIL: bclink execution - bytecode->native test
WARNING: program timed out.
FAIL: bclink -findirect-dispatch execution - bytecode->native test
WARNING: program timed out.
FAIL: bclink -O3 execution - source compiled test
WARNING: program timed out.
FAIL: bclink -O3 execution - bytecode->native test
WARNING: program timed out.
FAIL: bclink -O3 -findirect-dispatch execution - bytecode->native test
WARNING: program timed out.
FAIL: bytearray execution - source compiled test
WARNING: program timed out.
FAIL: bytearray execution - bytecode->native test
WARNING: program timed out.
FAIL: bytearray -findirect-dispatch execution - bytecode->native test
WARNING: program timed out.
FAIL: bytearray -O3 execution - source compiled test
WARNING: program timed out.
FAIL: bytearray -O3 execution - bytecode->native test
WARNING: program timed out.
FAIL: bytearray -O3 -findirect-dispatch execution - bytecode->native test
WARNING: program timed out.
FAIL: direct_read execution - source compiled test
WARNING: program timed out.
FAIL: direct_read execution - bytecode->native test
WARNING: program timed out.
FAIL: direct_read -findirect-dispatch execution - bytecode->native test
WARNING: program timed out.
FAIL: direct_read -O3 execution - source compiled test
WARNING: program timed out.
FAIL: direct_read -O3 execution - bytecode->native test
WARNING: program timed out.
FAIL: direct_read -O3 -findirect-dispatch execution - bytecode->native test
WARNING: program timed out.
FAIL: direct_write execution - source compiled test
WARNING: program timed out.
FAIL: direct_write execution - bytecode->native test
WARNING: program timed out.
FAIL: direct_write -findirect-dispatch execution - bytecode->native test
WARNING: program timed out.
FAIL: direct_write -O3 execution - source compiled test
WARNING: program timed out.
FAIL: direct_write -O3 execution - bytecode->native test
WARNING: program timed out.
FAIL: direct_write -O3 -findirect-dispatch execution - bytecode->native test
WARNING: program timed out.
FAIL: emptystring execution - source compiled test
WARNING: program timed out.
FAIL: emptystring execution - bytecode->native test
WARNING: program timed out.
FAIL: emptystring -findirect-dispatch execution - bytecode->native test
WARNING: program timed out.
FAIL: emptystring -O3 execution - source compiled test
WARNING: program timed out.
FAIL: emptystring -O3 execution - bytecode->native test
WARNING: program timed out.
FAIL: emptystring -O3 -findirect-dispatch execution - bytecode->native test
WARNING: program timed out.
FAIL: err1 execution - source compiled test
WARNING: program timed out.
FAIL: err1 execution - bytecode->native test
WARNING: program timed out.
FAIL: err1 -findirect-dispatch execution - bytecode->native test
WARNING: program timed out.
FAIL: err1 -O3 execution - source compiled test
WARNING: program timed out.
FAIL: err1 -O3 execution - bytecode->native test
WARNING: program timed out.
FAIL: err1 -O3 -findirect-dispatch execution - bytecode->native test
WARNING: program timed out.
FAIL: err10 execution - source compiled test
WARNING: program timed out.
FAIL: err10 execution - bytecode->native test
WARNING: program timed out.
FAIL: err10 -findirect-dispatch execution - bytecode->native test
WARNING: program timed out.
FAIL: err10 -O3 execution - source compiled test
WARNING: program timed out.
FAIL: err10 -O3 execution - bytecode->native test
WARNING: program timed out.
FAIL: err10 -O3 -findirect-dispatch execution - bytecode->native test
WARNING: program timed out.
FAIL: err11 execution - source compiled test
WARNING: program timed out.
FAIL: err11 execution - bytecode->native test
WARNING: program timed out.
FAIL: err11 -findirect-dispatch execution - bytecode->native test
WARNING: program timed out.
FAIL: err11 -O3 execution - source compiled test
WARNING: program timed out.
FAIL: err11 -O3 execution - bytecode->native test
WARNING: program timed out.
FAIL: err11 -O3 -findirect-dispatch execution - bytecode->native test
WARNING: program timed out.
FAIL: err12 execution - source compiled test
WARNING: program timed out.
FAIL: err12 execution - bytecode->native test
WARNING: program timed out.
FAIL: err12 -findirect-dispatch execution - bytecode->native test
WARNING: program timed out.
FAIL: err12 -O3 execution - source compiled test
WARNING: program timed out.
FAIL: err12 -O3 execution - bytecode->native test
WARNING: program timed out.
FAIL: err12 -O3 -findirect-dispatch execution - bytecode->native test
WARNING: program timed out.
FAIL: err13 execution - source compiled test
WARNING: program timed out.
FAIL: err13 execution - bytecode->native test
WARNING: program timed out.
FAIL: err13 -findirect-dispatch execution - bytecode->native test
WARNING: program timed out.
FAIL: err13 -O3 execution - source compiled test
WARNING: program timed out.
FAIL: err13 -O3 execution - bytecode->native test
WARNING: program timed out.
FAIL: err13 -O3 -findirect-dispatch execution - bytecode->native test
WARNING: program timed out.
FAIL: err14 execution - source compiled test
WARNING: program timed out.
FAIL: err14 execution - bytecode->native test
WARNING: program timed out.
FAIL: err14 -findirect-dispatch execution - bytecode->native test
WARNING: program timed out.
FAIL: err14 -O3 execution - source compiled test
WARNING: program timed out.
FAIL: err14 -O3 execution - bytecode->native test
WARNING: program timed out.
FAIL: err14 -O3 -findirect-dispatch execution - bytecode->native test
WARNING: program timed out.
FAIL: err2 execution - source compiled test
WARNING: program timed out.
FAIL: err2 execution - bytecode->native test
WARNING: program timed out.
FAIL: err2 -findirect-dispatch execution - bytecode->native test
WARNING: program timed out.
FAIL: err2 -O3 execution - source compiled test
WARNING: program timed out.
FAIL: err2 -O3 execution - bytecode->native test
WARNING: program timed out.
FAIL: err2 -O3 -findirect-dispatch execution - bytecode->native test
WARNING: program timed out.
FAIL: err3 execution - source compiled test
WARNING: program timed out.
FAIL: err3 execution - bytecode->native test
WARNING: program timed out.
FAIL: err3 -findirect-dispatch execution - bytecode->native test
WARNING: program timed out.
FAIL: err3 -O3 execution - source compiled test
WARNING: program timed out.
FAIL: err3 -O3 execution - bytecode->native test
WARNING: program timed out.
FAIL: err3 -O3 -findirect-dispatch execution - bytecode->native test
WARNING: program timed out.
FAIL: err4 execution - source compiled test
WARNING: program timed out.
FAIL: err4 execution - bytecode->native test
WARNING: program timed out.
FAIL: err4 -findirect-dispatch execution - bytecode->native test
WARNING: program timed out.
FAIL: err4 -O3 execution - source compiled test
WARNING: program timed out.
FAIL: err4 -O3 execution - bytecode->native test
WARNING: program timed out.
FAIL: err4 -O3 -findirect-dispatch execution - bytecode->native test
WARNING: program timed out.
FAIL: err5 execution - source compiled test
WARNING: program timed out.
FAIL: err5 execution - bytecode->native test
WARNING: program timed out.
FAIL: err5 -findirect-dispatch execution - bytecode->native test
WARNING: program timed out.
FAIL: err5 -O3 execution - source compiled test
WARNING: program timed out.
FAIL: err5 -O3 execution - bytecode->native test
WARNING: program timed out.
FAIL: err5 -O3 -findirect-dispatch execution - bytecode->native test
WARNING: program timed out.
FAIL: err6 execution - source compiled test
WARNING: program timed out.
FAIL: err6 execution - bytecode->native test
WARNING: program timed out.
FAIL: err6 -findirect-dispatch execution - bytecode->native test
WARNING: program timed out.
FAIL: err6 -O3 execution - source compiled test
WARNING: program timed out.
FAIL: err6 -O3 execution - bytecode->native test
WARNING: program timed out.
FAIL: err6 -O3 -findirect-dispatch execution - bytecode->native test
WARNING: program timed out.
FAIL: err7 execution - source compiled test
WARNING: program timed out.
FAIL: err7 execution - bytecode->native test
WARNING: program timed out.
FAIL: err7 -findirect-dispatch execution - bytecode->native test
WARNING: program timed out.
FAIL: err7 -O3 execution - source compiled test
WARNING: program timed out.
FAIL: err7 -O3 execution - bytecode->native test
WARNING: program timed out.
FAIL: err7 -O3 -findirect-dispatch execution - bytecode->native test
WARNING: program timed out.
FAIL: err8 execution - source compiled test
WARNING: program timed out.
FAIL: err8 execution - bytecode->native test
WARNING: program timed out.
FAIL: err8 -findirect-dispatch execution - bytecode->native test
WARNING: program timed out.
FAIL: err8 -O3 execution - source compiled test
WARNING: program timed out.
FAIL: err8 -O3 execution - bytecode->native test
WARNING: program timed out.
FAIL: err8 -O3 -findirect-dispatch execution - bytecode->native test
WARNING: program timed out.
FAIL: err9 execution - source compiled test
WARNING: program timed out.
FAIL: err9 execution - bytecode->native test
WARNING: program timed out.
FAIL: err9 -findirect-dispatch execution - bytecode->native test
WARNING: program timed out.
FAIL: err9 -O3 execution - source compiled test
WARNING: program timed out.
FAIL: err9 -O3 execution - bytecode->native test
WARNING: program timed out.
FAIL: err9 -O3 -findirect-dispatch execution - bytecode->native test
WARNING: program timed out.
FAIL: final_inner execution - source compiled test
WARNING: program timed out.
FAIL: final_inner execution - bytecode->native test
WARNING: program timed out.
FAIL: final_inner -findirect-dispatch execution - bytecode->native test
WARNING: program timed out.
FAIL: final_inner -O3 execution - source compiled test
WARNING: program timed out.
FAIL: final_inner -O3 execution - bytecode->native test
WARNING: program timed out.
FAIL: final_inner -O3 -findirect-dispatch execution - bytecode->native test
WARNING: program timed out.
FAIL: final_int execution - source compiled test
WARNING: program timed out.
FAIL: final_int execution - bytecode->native test
WARNING: program timed out.
FAIL: final_int -findirect-dispatch execution - bytecode->native test
WARNING: program timed out.
FAIL: final_int -O3 execution - source compiled test
WARNING: program timed out.
FAIL: final_int -O3 execution - bytecode->native test
WARNING: program timed out.
FAIL: final_int -O3 -findirect-dispatch execution - bytecode->native test
WARNING: program timed out.
FAIL: final_static_and_friend execution - source compiled test
WARNING: program timed out.
FAIL: final_static_and_friend execution - bytecode->native test
WARNING: program timed out.
FAIL: final_static_and_friend -findirect-dispatch execution - bytecode->native test
WARNING: program timed out.
FAIL: final_static_and_friend -O3 execution - source compiled test
WARNING: program timed out.
FAIL: final_static_and_friend -O3 execution - bytecode->native test
WARNING: program timed out.
FAIL: final_static_and_friend -O3 -findirect-dispatch execution - bytecode->native test
WARNING: program timed out.
FAIL: indirect execution - source compiled test
WARNING: program timed out.
FAIL: indirect execution - bytecode->native test
WARNING: program timed out.
FAIL: indirect -findirect-dispatch execution - bytecode->native test
WARNING: program timed out.
FAIL: indirect -O3 execution - source compiled test
WARNING: program timed out.
FAIL: indirect -O3 execution - bytecode->native test
WARNING: program timed out.
FAIL: indirect -O3 -findirect-dispatch execution - bytecode->native test
WARNING: program timed out.
FAIL: indirect_read execution - source compiled test
WARNING: program timed out.
FAIL: indirect_read execution - bytecode->native test
WARNING: program timed out.
FAIL: indirect_read -findirect-dispatch execution - bytecode->native test
WARNING: program timed out.
FAIL: indirect_read -O3 execution - source compiled test
WARNING: program timed out.
FAIL: indirect_read -O3 execution - bytecode->native test
WARNING: program timed out.
FAIL: indirect_read -O3 -findirect-dispatch execution - bytecode->native test
WARNING: program timed out.
FAIL: indirect_write execution - source compiled test
WARNING: program timed out.
FAIL: indirect_write execution - bytecode->native test
WARNING: program timed out.
FAIL: indirect_write -findirect-dispatch execution - bytecode->native test
WARNING: program timed out.
FAIL: indirect_write -O3 execution - source compiled test
WARNING: program timed out.
FAIL: indirect_write -O3 execution - bytecode->native test
WARNING: program timed out.
FAIL: indirect_write -O3 -findirect-dispatch execution - bytecode->native test
WARNING: program timed out.
FAIL: initexc execution - source compiled test
FAIL: initexc execution - gij test
WARNING: program timed out.
FAIL: initexc execution - bytecode->native test
FAIL: initexc execution - gij test
WARNING: program timed out.
FAIL: initexc -findirect-dispatch execution - bytecode->native test
WARNING: program timed out.
FAIL: initexc -O3 execution - source compiled test
FAIL: initexc execution - gij test
WARNING: program timed out.
FAIL: initexc -O3 execution - bytecode->native test
FAIL: initexc execution - gij test
WARNING: program timed out.
FAIL: initexc -O3 -findirect-dispatch execution - bytecode->native test
WARNING: program timed out.
FAIL: initfield execution - source compiled test
WARNING: program timed out.
FAIL: initfield execution - bytecode->native test
WARNING: program timed out.
FAIL: initfield -findirect-dispatch execution - bytecode->native test
WARNING: program timed out.
FAIL: initfield -O3 execution - source compiled test
WARNING: program timed out.
FAIL: initfield -O3 execution - bytecode->native test
WARNING: program timed out.
FAIL: initfield -O3 -findirect-dispatch execution - bytecode->native test
WARNING: program timed out.
FAIL: inline execution - source compiled test
WARNING: program timed out.
FAIL: inline execution - bytecode->native test
WARNING: program timed out.
FAIL: inline -findirect-dispatch execution - bytecode->native test
WARNING: program timed out.
FAIL: inline -O3 execution - source compiled test
WARNING: program timed out.
FAIL: inline -O3 execution - bytecode->native test
WARNING: program timed out.
FAIL: inline -O3 -findirect-dispatch execution - bytecode->native test
WARNING: program timed out.
FAIL: inner1 execution - source compiled test
WARNING: program timed out.
FAIL: inner1 execution - bytecode->native test
WARNING: program timed out.
FAIL: inner1 -findirect-dispatch execution - bytecode->native test
WARNING: program timed out.
FAIL: inner1 -O3 execution - source compiled test
WARNING: program timed out.
FAIL: inner1 -O3 execution - bytecode->native test
WARNING: program timed out.
FAIL: inner1 -O3 -findirect-dispatch execution - bytecode->native test
WARNING: program timed out.
FAIL: inner2 execution - source compiled test
WARNING: program timed out.
FAIL: inner2 execution - bytecode->native test
WARNING: program timed out.
FAIL: inner2 -findirect-dispatch execution - bytecode->native test
WARNING: program timed out.
FAIL: inner2 -O3 execution - source compiled test
WARNING: program timed out.
FAIL: inner2 -O3 execution - bytecode->native test
WARNING: program timed out.
FAIL: inner2 -O3 -findirect-dispatch execution - bytecode->native test
WARNING: program timed out.
FAIL: inner3 execution - source compiled test
WARNING: program timed out.
FAIL: inner3 execution - bytecode->native test
WARNING: program timed out.
FAIL: inner3 -findirect-dispatch execution - bytecode->native test
WARNING: program timed out.
FAIL: inner3 -O3 execution - source compiled test
WARNING: program timed out.
FAIL: inner3 -O3 execution - bytecode->native test
WARNING: program timed out.
FAIL: inner3 -O3 -findirect-dispatch execution - bytecode->native test
WARNING: program timed out.
FAIL: inner4 execution - source compiled test
WARNING: program timed out.
FAIL: inner4 execution - bytecode->native test
WARNING: program timed out.
FAIL: inner4 -findirect-dispatch execution - bytecode->native test
WARNING: program timed out.
FAIL: inner4 -O3 execution - source compiled test
WARNING: program timed out.
FAIL: inner4 -O3 execution - bytecode->native test
WARNING: program timed out.
FAIL: inner4 -O3 -findirect-dispatch execution - bytecode->native test
WARNING: program timed out.
FAIL: inner_array execution - source compiled test
WARNING: program timed out.
FAIL: inner_array execution - bytecode->native test
WARNING: program timed out.
FAIL: inner_array -findirect-dispatch execution - bytecode->native test
WARNING: program timed out.
FAIL: inner_array -O3 execution - source compiled test
WARNING: program timed out.
FAIL: inner_array -O3 execution - bytecode->native test
WARNING: program timed out.
FAIL: inner_array -O3 -findirect-dispatch execution - bytecode->native test
WARNING: program timed out.
FAIL: inner_interface execution - source compiled test
WARNING: program timed out.
FAIL: inner_interface execution - bytecode->native test
WARNING: program timed out.
FAIL: inner_interface -findirect-dispatch execution - bytecode->native test
WARNING: program timed out.
FAIL: inner_interface -O3 execution - source compiled test
WARNING: program timed out.
FAIL: inner_interface -O3 execution - bytecode->native test
WARNING: program timed out.
FAIL: inner_interface -O3 -findirect-dispatch execution - bytecode->native test
WARNING: program timed out.
FAIL: instance execution - source compiled test
WARNING: program timed out.
FAIL: instance execution - bytecode->native test
WARNING: program timed out.
FAIL: instance -findirect-dispatch execution - bytecode->native test
WARNING: program timed out.
FAIL: instance -O3 execution - source compiled test
WARNING: program timed out.
FAIL: instance -O3 execution - bytecode->native test
WARNING: program timed out.
FAIL: instance -O3 -findirect-dispatch execution - bytecode->native test
WARNING: program timed out.
FAIL: instinit execution - source compiled test
WARNING: program timed out.
FAIL: instinit execution - bytecode->native test
WARNING: program timed out.
FAIL: instinit -findirect-dispatch execution - bytecode->native test
WARNING: program timed out.
FAIL: instinit -O3 execution - source compiled test
WARNING: program timed out.
FAIL: instinit -O3 execution - bytecode->native test
WARNING: program timed out.
FAIL: instinit -O3 -findirect-dispatch execution - bytecode->native test
WARNING: program timed out.
FAIL: instinit2 execution - source compiled test
FAIL: instinit2 execution - gij test
WARNING: program timed out.
FAIL: instinit2 execution - bytecode->native test
FAIL: instinit2 execution - gij test
WARNING: program timed out.
FAIL: instinit2 -findirect-dispatch execution - bytecode->native test
WARNING: program timed out.
FAIL: instinit2 -O3 execution - source compiled test
FAIL: instinit2 execution - gij test
WARNING: program timed out.
FAIL: instinit2 -O3 execution - bytecode->native test
FAIL: instinit2 execution - gij test
WARNING: program timed out.
FAIL: instinit2 -O3 -findirect-dispatch execution - bytecode->native test
WARNING: program timed out.
FAIL: invoke_from_inner execution - source compiled test
WARNING: program timed out.
FAIL: invoke_from_inner execution - bytecode->native test
WARNING: program timed out.
FAIL: invoke_from_inner -findirect-dispatch execution - bytecode->native test
WARNING: program timed out.
FAIL: invoke_from_inner -O3 execution - source compiled test
WARNING: program timed out.
FAIL: invoke_from_inner -O3 execution - bytecode->native test
WARNING: program timed out.
FAIL: invoke_from_inner -O3 -findirect-dispatch execution - bytecode->native test
WARNING: program timed out.
FAIL: invokethrow execution - source compiled test
FAIL: invokethrow execution - gij test
WARNING: program timed out.
FAIL: invokethrow execution - bytecode->native test
FAIL: invokethrow execution - gij test
WARNING: program timed out.
FAIL: invokethrow -findirect-dispatch execution - bytecode->native test
WARNING: program timed out.
FAIL: invokethrow -O3 execution - source compiled test
FAIL: invokethrow execution - gij test
WARNING: program timed out.
FAIL: invokethrow -O3 execution - bytecode->native test
FAIL: invokethrow execution - gij test
WARNING: program timed out.
FAIL: invokethrow -O3 -findirect-dispatch execution - bytecode->native test
WARNING: program timed out.
FAIL: klass execution - source compiled test
WARNING: program timed out.
FAIL: klass execution - bytecode->native test
WARNING: program timed out.
FAIL: klass -findirect-dispatch execution - bytecode->native test
WARNING: program timed out.
FAIL: klass -O3 execution - source compiled test
WARNING: program timed out.
FAIL: klass -O3 execution - bytecode->native test
WARNING: program timed out.
FAIL: klass -O3 -findirect-dispatch execution - bytecode->native test
WARNING: program timed out.
FAIL: md5test execution - source compiled test
FAIL: md5test execution - gij test
WARNING: program timed out.
FAIL: md5test execution - bytecode->native test
FAIL: md5test execution - gij test
WARNING: program timed out.
FAIL: md5test -findirect-dispatch execution - bytecode->native test
WARNING: program timed out.
FAIL: md5test -O3 execution - source compiled test
FAIL: md5test execution - gij test
WARNING: program timed out.
FAIL: md5test -O3 execution - bytecode->native test
FAIL: md5test execution - gij test
WARNING: program timed out.
FAIL: md5test -O3 -findirect-dispatch execution - bytecode->native test
WARNING: program timed out.
FAIL: multiple_finit execution - source compiled test
WARNING: program timed out.
FAIL: multiple_finit execution - bytecode->native test
WARNING: program timed out.
FAIL: multiple_finit -findirect-dispatch execution - bytecode->native test
WARNING: program timed out.
FAIL: multiple_finit -O3 execution - source compiled test
WARNING: program timed out.
FAIL: multiple_finit -O3 execution - bytecode->native test
WARNING: program timed out.
FAIL: multiple_finit -O3 -findirect-dispatch execution - bytecode->native test
WARNING: program timed out.
FAIL: negzero execution - source compiled test
WARNING: program timed out.
FAIL: negzero execution - bytecode->native test
WARNING: program timed out.
FAIL: negzero -findirect-dispatch execution - bytecode->native test
WARNING: program timed out.
FAIL: negzero -O3 execution - source compiled test
WARNING: program timed out.
FAIL: negzero -O3 execution - bytecode->native test
WARNING: program timed out.
FAIL: negzero -O3 -findirect-dispatch execution - bytecode->native test
WARNING: program timed out.
FAIL: nested_with_ctor execution - source compiled test
WARNING: program timed out.
FAIL: nested_with_ctor execution - bytecode->native test
WARNING: program timed out.
FAIL: nested_with_ctor -findirect-dispatch execution - bytecode->native test
WARNING: program timed out.
FAIL: nested_with_ctor -O3 execution - source compiled test
WARNING: program timed out.
FAIL: nested_with_ctor -O3 execution - bytecode->native test
WARNING: program timed out.
FAIL: nested_with_ctor -O3 -findirect-dispatch execution - bytecode->native test
WARNING: program timed out.
FAIL: newarray_overflow execution - source compiled test
WARNING: program timed out.
FAIL: newarray_overflow execution - bytecode->native test
WARNING: program timed out.
FAIL: newarray_overflow -findirect-dispatch execution - bytecode->native test
WARNING: program timed out.
FAIL: newarray_overflow -O3 execution - source compiled test
WARNING: program timed out.
FAIL: newarray_overflow -O3 execution - bytecode->native test
WARNING: program timed out.
FAIL: newarray_overflow -O3 -findirect-dispatch execution - bytecode->native test
WARNING: program timed out.
FAIL: override execution - source compiled test
WARNING: program timed out.
FAIL: override execution - bytecode->native test
WARNING: program timed out.
FAIL: override -findirect-dispatch execution - bytecode->native test
WARNING: program timed out.
FAIL: override -O3 execution - source compiled test
WARNING: program timed out.
FAIL: override -O3 execution - bytecode->native test
WARNING: program timed out.
FAIL: override -O3 -findirect-dispatch execution - bytecode->native test
WARNING: program timed out.
FAIL: pr109 execution - source compiled test
WARNING: program timed out.
FAIL: pr109 execution - bytecode->native test
WARNING: program timed out.
FAIL: pr109 -findirect-dispatch execution - bytecode->native test
WARNING: program timed out.
FAIL: pr109 -O3 execution - source compiled test
WARNING: program timed out.
FAIL: pr109 -O3 execution - bytecode->native test
WARNING: program timed out.
FAIL: pr109 -O3 -findirect-dispatch execution - bytecode->native test
WARNING: program timed out.
FAIL: pr13107 execution - source compiled test
WARNING: program timed out.
FAIL: pr13107 execution - bytecode->native test
WARNING: program timed out.
FAIL: pr13107 -findirect-dispatch execution - bytecode->native test
WARNING: program timed out.
FAIL: pr13107 -O3 execution - source compiled test
WARNING: program timed out.
FAIL: pr13107 -O3 execution - bytecode->native test
WARNING: program timed out.
FAIL: pr13107 -O3 -findirect-dispatch execution - bytecode->native test
WARNING: program timed out.
FAIL: pr13107_2 execution - source compiled test
WARNING: program timed out.
FAIL: pr13107_2 execution - bytecode->native test
WARNING: program timed out.
FAIL: pr13107_2 -findirect-dispatch execution - bytecode->native test
WARNING: program timed out.
FAIL: pr13107_2 -O3 execution - source compiled test
WARNING: program timed out.
FAIL: pr13107_2 -O3 execution - bytecode->native test
WARNING: program timed out.
FAIL: pr13107_2 -O3 -findirect-dispatch execution - bytecode->native test
WARNING: program timed out.
FAIL: pr13107_3 execution - source compiled test
WARNING: program timed out.
FAIL: pr13107_3 execution - bytecode->native test
WARNING: program timed out.
FAIL: pr13107_3 -findirect-dispatch execution - bytecode->native test
WARNING: program timed out.
FAIL: pr13107_3 -O3 execution - source compiled test
WARNING: program timed out.
FAIL: pr13107_3 -O3 execution - bytecode->native test
WARNING: program timed out.
FAIL: pr13107_3 -O3 -findirect-dispatch execution - bytecode->native test
WARNING: program timed out.
FAIL: pr133 execution - source compiled test
WARNING: program timed out.
FAIL: pr133 execution - bytecode->native test
WARNING: program timed out.
FAIL: pr133 -findirect-dispatch execution - bytecode->native test
WARNING: program timed out.
FAIL: pr133 -O3 execution - source compiled test
WARNING: program timed out.
FAIL: pr133 -O3 execution - bytecode->native test
WARNING: program timed out.
FAIL: pr133 -O3 -findirect-dispatch execution - bytecode->native test
WARNING: program timed out.
FAIL: pr16789 execution - source compiled test
WARNING: program timed out.
FAIL: pr16789 execution - bytecode->native test
WARNING: program timed out.
FAIL: pr16789 -findirect-dispatch execution - bytecode->native test
WARNING: program timed out.
FAIL: pr16789 -O3 execution - source compiled test
WARNING: program timed out.
FAIL: pr16789 -O3 execution - bytecode->native test
WARNING: program timed out.
FAIL: pr16789 -O3 -findirect-dispatch execution - bytecode->native test
WARNING: program timed out.
FAIL: pr17536 execution - source compiled test
WARNING: program timed out.
FAIL: pr17536 execution - bytecode->native test
WARNING: program timed out.
FAIL: pr17536 -findirect-dispatch execution - bytecode->native test
WARNING: program timed out.
FAIL: pr17536 -O3 execution - source compiled test
WARNING: program timed out.
FAIL: pr17536 -O3 execution - bytecode->native test
WARNING: program timed out.
FAIL: pr17536 -O3 -findirect-dispatch execution - bytecode->native test
FAIL: pr179 compilation from source
FAIL: pr179 execution - gij test
FAIL: pr179 compilation from bytecode
FAIL: pr179 execution - gij test
FAIL: pr179 -findirect-dispatch compilation from bytecode
FAIL: pr179 -O3 compilation from source
FAIL: pr179 execution - gij test
FAIL: pr179 -O3 compilation from bytecode
FAIL: pr179 execution - gij test
FAIL: pr179 -O3 -findirect-dispatch compilation from bytecode
WARNING: program timed out.
FAIL: pr184 execution - source compiled test
WARNING: program timed out.
FAIL: pr184 execution - bytecode->native test
WARNING: program timed out.
FAIL: pr184 -findirect-dispatch execution - bytecode->native test
WARNING: program timed out.
FAIL: pr184 -O3 execution - source compiled test
WARNING: program timed out.
FAIL: pr184 -O3 execution - bytecode->native test
WARNING: program timed out.
FAIL: pr184 -O3 -findirect-dispatch execution - bytecode->native test
WARNING: program timed out.
FAIL: pr21785 execution - source compiled test
FAIL: pr21785 execution - gij test
WARNING: program timed out.
FAIL: pr21785 execution - bytecode->native test
FAIL: pr21785 execution - gij test
WARNING: program timed out.
FAIL: pr21785 -findirect-dispatch execution - bytecode->native test
WARNING: program timed out.
FAIL: pr21785 -O3 execution - source compiled test
FAIL: pr21785 execution - gij test
WARNING: program timed out.
FAIL: pr21785 -O3 execution - bytecode->native test
FAIL: pr21785 execution - gij test
WARNING: program timed out.
FAIL: pr21785 -O3 -findirect-dispatch execution - bytecode->native test
WARNING: program timed out.
FAIL: pr21844 execution - source compiled test
WARNING: program timed out.
FAIL: pr21844 execution - bytecode->native test
WARNING: program timed out.
FAIL: pr21844 -findirect-dispatch execution - bytecode->native test
WARNING: program timed out.
FAIL: pr21844 -O3 execution - source compiled test
WARNING: program timed out.
FAIL: pr21844 -O3 execution - bytecode->native test
WARNING: program timed out.
FAIL: pr21844 -O3 -findirect-dispatch execution - bytecode->native test
WARNING: program timed out.
FAIL: pr24321 execution - source compiled test
FAIL: pr24321 execution - gij test
WARNING: program timed out.
FAIL: pr24321 execution - bytecode->native test
FAIL: pr24321 execution - gij test
WARNING: program timed out.
FAIL: pr24321 -findirect-dispatch execution - bytecode->native test
WARNING: program timed out.
FAIL: pr24321 -O3 execution - source compiled test
FAIL: pr24321 execution - gij test
WARNING: program timed out.
FAIL: pr24321 -O3 execution - bytecode->native test
FAIL: pr24321 execution - gij test
WARNING: program timed out.
FAIL: pr24321 -O3 -findirect-dispatch execution - bytecode->native test
WARNING: program timed out.
FAIL: pr25676 execution - source compiled test
WARNING: program timed out.
FAIL: pr25676 execution - bytecode->native test
WARNING: program timed out.
FAIL: pr25676 -findirect-dispatch execution - bytecode->native test
WARNING: program timed out.
FAIL: pr25676 -O3 execution - source compiled test
WARNING: program timed out.
FAIL: pr25676 -O3 execution - bytecode->native test
WARNING: program timed out.
FAIL: pr25676 -O3 -findirect-dispatch execution - bytecode->native test
WARNING: program timed out.
FAIL: pr26390 execution - source compiled test
WARNING: program timed out.
FAIL: pr26390 execution - bytecode->native test
FAIL: pr26390 -findirect-dispatch compilation from bytecode
WARNING: program timed out.
FAIL: pr26390 -O3 execution - source compiled test
WARNING: program timed out.
FAIL: pr26390 -O3 execution - bytecode->native test
FAIL: pr26390 -O3 -findirect-dispatch compilation from bytecode
WARNING: program timed out.
FAIL: pr26990 execution - source compiled test
WARNING: program timed out.
FAIL: pr26990 execution - bytecode->native test
WARNING: program timed out.
FAIL: pr26990 -findirect-dispatch execution - bytecode->native test
WARNING: program timed out.
FAIL: pr26990 -O3 execution - source compiled test
WARNING: program timed out.
FAIL: pr26990 -O3 execution - bytecode->native test
WARNING: program timed out.
FAIL: pr26990 -O3 -findirect-dispatch execution - bytecode->native test
WARNING: program timed out.
FAIL: pr27171 execution - source compiled test
WARNING: program timed out.
FAIL: pr27171 execution - bytecode->native test
WARNING: program timed out.
FAIL: pr27171 -findirect-dispatch execution - bytecode->native test
WARNING: program timed out.
FAIL: pr27171 -O3 execution - source compiled test
WARNING: program timed out.
FAIL: pr27171 -O3 execution - bytecode->native test
WARNING: program timed out.
FAIL: pr27171 -O3 -findirect-dispatch execution - bytecode->native test
WARNING: program timed out.
FAIL: pr6388 execution - source compiled test
WARNING: program timed out.
FAIL: pr6388 execution - bytecode->native test
WARNING: program timed out.
FAIL: pr6388 -findirect-dispatch execution - bytecode->native test
WARNING: program timed out.
FAIL: pr6388 -O3 execution - source compiled test
WARNING: program timed out.
FAIL: pr6388 -O3 execution - bytecode->native test
WARNING: program timed out.
FAIL: pr6388 -O3 -findirect-dispatch execution - bytecode->native test
WARNING: program timed out.
FAIL: pr83 execution - source compiled test
WARNING: program timed out.
FAIL: pr83 execution - bytecode->native test
WARNING: program timed out.
FAIL: pr83 -findirect-dispatch execution - bytecode->native test
WARNING: program timed out.
FAIL: pr83 -O3 execution - source compiled test
WARNING: program timed out.
FAIL: pr83 -O3 execution - bytecode->native test
WARNING: program timed out.
FAIL: pr83 -O3 -findirect-dispatch execution - bytecode->native test
WARNING: program timed out.
FAIL: pr8415 execution - source compiled test
FAIL: pr8415 execution - gij test
WARNING: program timed out.
FAIL: pr8415 execution - bytecode->native test
FAIL: pr8415 execution - gij test
WARNING: program timed out.
FAIL: pr8415 -findirect-dispatch execution - bytecode->native test
WARNING: program timed out.
FAIL: pr8415 -O3 execution - source compiled test
FAIL: pr8415 execution - gij test
WARNING: program timed out.
FAIL: pr8415 -O3 execution - bytecode->native test
FAIL: pr8415 execution - gij test
WARNING: program timed out.
FAIL: pr8415 -O3 -findirect-dispatch execution - bytecode->native test
WARNING: program timed out.
FAIL: pr8676 execution - source compiled test
WARNING: program timed out.
FAIL: pr8676 execution - bytecode->native test
WARNING: program timed out.
FAIL: pr8676 -findirect-dispatch execution - bytecode->native test
WARNING: program timed out.
FAIL: pr8676 -O3 execution - source compiled test
WARNING: program timed out.
FAIL: pr8676 -O3 execution - bytecode->native test
WARNING: program timed out.
FAIL: pr8676 -O3 -findirect-dispatch execution - bytecode->native test
WARNING: program timed out.
FAIL: pr8823 execution - source compiled test
WARNING: program timed out.
FAIL: pr8823 execution - bytecode->native test
WARNING: program timed out.
FAIL: pr8823 -findirect-dispatch execution - bytecode->native test
WARNING: program timed out.
FAIL: pr8823 -O3 execution - source compiled test
WARNING: program timed out.
FAIL: pr8823 -O3 execution - bytecode->native test
WARNING: program timed out.
FAIL: pr8823 -O3 -findirect-dispatch execution - bytecode->native test
WARNING: program timed out.
FAIL: pr8945 execution - source compiled test
WARNING: program timed out.
FAIL: pr8945 execution - bytecode->native test
WARNING: program timed out.
FAIL: pr8945 -findirect-dispatch execution - bytecode->native test
WARNING: program timed out.
FAIL: pr8945 -O3 execution - source compiled test
WARNING: program timed out.
FAIL: pr8945 -O3 execution - bytecode->native test
WARNING: program timed out.
FAIL: pr8945 -O3 -findirect-dispatch execution - bytecode->native test
WARNING: program timed out.
FAIL: private_direct_read execution - source compiled test
WARNING: program timed out.
FAIL: private_direct_read execution - bytecode->native test
WARNING: program timed out.
FAIL: private_direct_read -findirect-dispatch execution - bytecode->native test
WARNING: program timed out.
FAIL: private_direct_read -O3 execution - source compiled test
WARNING: program timed out.
FAIL: private_direct_read -O3 execution - bytecode->native test
WARNING: program timed out.
FAIL: private_direct_read -O3 -findirect-dispatch execution - bytecode->native test
WARNING: program timed out.
FAIL: search_outer execution - source compiled test
WARNING: program timed out.
FAIL: search_outer execution - bytecode->native test
WARNING: program timed out.
FAIL: search_outer -findirect-dispatch execution - bytecode->native test
WARNING: program timed out.
FAIL: search_outer -O3 execution - source compiled test
WARNING: program timed out.
FAIL: search_outer -O3 execution - bytecode->native test
WARNING: program timed out.
FAIL: search_outer -O3 -findirect-dispatch execution - bytecode->native test
WARNING: program timed out.
FAIL: shatest execution - source compiled test
FAIL: shatest execution - gij test
WARNING: program timed out.
FAIL: shatest execution - bytecode->native test
FAIL: shatest execution - gij test
WARNING: program timed out.
FAIL: shatest -findirect-dispatch execution - bytecode->native test
WARNING: program timed out.
FAIL: shatest -O3 execution - source compiled test
FAIL: shatest execution - gij test
WARNING: program timed out.
FAIL: shatest -O3 execution - bytecode->native test
FAIL: shatest execution - gij test
WARNING: program timed out.
FAIL: shatest -O3 -findirect-dispatch execution - bytecode->native test
WARNING: program timed out.
FAIL: stacktrace execution - source compiled test
FAIL: stacktrace execution - gij test
WARNING: program timed out.
FAIL: stacktrace execution - bytecode->native test
FAIL: stacktrace execution - gij test
WARNING: program timed out.
FAIL: stacktrace -findirect-dispatch execution - bytecode->native test
WARNING: program timed out.
FAIL: stacktrace -O3 execution - source compiled test
FAIL: stacktrace execution - gij test
WARNING: program timed out.
FAIL: stacktrace -O3 execution - bytecode->native test
FAIL: stacktrace execution - gij test
WARNING: program timed out.
FAIL: stacktrace -O3 -findirect-dispatch execution - bytecode->native test
WARNING: program timed out.
FAIL: stringconst execution - source compiled test
WARNING: program timed out.
FAIL: stringconst execution - bytecode->native test
WARNING: program timed out.
FAIL: stringconst -findirect-dispatch execution - bytecode->native test
WARNING: program timed out.
FAIL: stringconst -O3 execution - source compiled test
WARNING: program timed out.
FAIL: stringconst -O3 execution - bytecode->native test
WARNING: program timed out.
FAIL: stringconst -O3 -findirect-dispatch execution - bytecode->native test
WARNING: program timed out.
FAIL: stringconst2 execution - source compiled test
FAIL: stringconst2 execution - gij test
WARNING: program timed out.
FAIL: stringconst2 execution - bytecode->native test
FAIL: stringconst2 execution - gij test
WARNING: program timed out.
FAIL: stringconst2 -findirect-dispatch execution - bytecode->native test
WARNING: program timed out.
FAIL: stringconst2 -O3 execution - source compiled test
FAIL: stringconst2 execution - gij test
WARNING: program timed out.
FAIL: stringconst2 -O3 execution - bytecode->native test
FAIL: stringconst2 execution - gij test
WARNING: program timed out.
FAIL: stringconst2 -O3 -findirect-dispatch execution - bytecode->native test
WARNING: program timed out.
FAIL: stub execution - source compiled test
WARNING: program timed out.
FAIL: stub execution - bytecode->native test
WARNING: program timed out.
FAIL: stub -findirect-dispatch execution - bytecode->native test
WARNING: program timed out.
FAIL: stub -O3 execution - source compiled test
WARNING: program timed out.
FAIL: stub -O3 execution - bytecode->native test
WARNING: program timed out.
FAIL: stub -O3 -findirect-dispatch execution - bytecode->native test
WARNING: program timed out.
FAIL: test_long execution - source compiled test
WARNING: program timed out.
FAIL: test_long execution - bytecode->native test
WARNING: program timed out.
FAIL: test_long -findirect-dispatch execution - bytecode->native test
WARNING: program timed out.
FAIL: test_long -O3 execution - source compiled test
WARNING: program timed out.
FAIL: test_long -O3 execution - bytecode->native test
WARNING: program timed out.
FAIL: test_long -O3 -findirect-dispatch execution - bytecode->native test
WARNING: program timed out.
FAIL: tmi execution - source compiled test
WARNING: program timed out.
FAIL: tmi execution - bytecode->native test
WARNING: program timed out.
FAIL: tmi -findirect-dispatch execution - bytecode->native test
WARNING: program timed out.
FAIL: tmi -O3 execution - source compiled test
WARNING: program timed out.
FAIL: tmi -O3 execution - bytecode->native test
WARNING: program timed out.
FAIL: tmi -O3 -findirect-dispatch execution - bytecode->native test
WARNING: program timed out.
FAIL: tp execution - source compiled test
WARNING: program timed out.
FAIL: tp execution - bytecode->native test
WARNING: program timed out.
FAIL: tp -findirect-dispatch execution - bytecode->native test
WARNING: program timed out.
FAIL: tp -O3 execution - source compiled test
WARNING: program timed out.
FAIL: tp -O3 execution - bytecode->native test
WARNING: program timed out.
FAIL: tp -O3 -findirect-dispatch execution - bytecode->native test
WARNING: program timed out.
FAIL: update_outer execution - source compiled test
WARNING: program timed out.
FAIL: update_outer execution - bytecode->native test
WARNING: program timed out.
FAIL: update_outer -findirect-dispatch execution - bytecode->native test
WARNING: program timed out.
FAIL: update_outer -O3 execution - source compiled test
WARNING: program timed out.
FAIL: update_outer -O3 execution - bytecode->native test
WARNING: program timed out.
FAIL: update_outer -O3 -findirect-dispatch execution - bytecode->native test
WARNING: program timed out.
FAIL: utf8concat execution - source compiled test
WARNING: program timed out.
FAIL: utf8concat execution - bytecode->native test
WARNING: program timed out.
FAIL: utf8concat -findirect-dispatch execution - bytecode->native test
WARNING: program timed out.
FAIL: utf8concat -O3 execution - source compiled test
WARNING: program timed out.
FAIL: utf8concat -O3 execution - bytecode->native test
WARNING: program timed out.
FAIL: utf8concat -O3 -findirect-dispatch execution - bytecode->native test
WARNING: program timed out.
FAIL: utilTest execution - source compiled test
WARNING: program timed out.
FAIL: utilTest execution - bytecode->native test
WARNING: program timed out.
FAIL: utilTest -findirect-dispatch execution - bytecode->native test
WARNING: program timed out.
FAIL: utilTest -O3 execution - source compiled test
WARNING: program timed out.
FAIL: utilTest -O3 execution - bytecode->native test
WARNING: program timed out.
FAIL: utilTest -O3 -findirect-dispatch execution - bytecode->native test
FAIL: verify compilation from source
FAIL: verify compilation from bytecode
FAIL: verify -findirect-dispatch compilation from bytecode
FAIL: verify -O3 compilation from source
FAIL: verify -O3 compilation from bytecode
FAIL: verify -O3 -findirect-dispatch compilation from bytecode
WARNING: program timed out.
FAIL: /vol/gcc/obj/gcc-4.2.0-20060606/5.1b-gcc/alpha-dec-osf5.1b/libjava/testsuite/TestEarlyGC.exe execution - /vol/gcc/obj/gcc-4.2.0-20060606/5.1b-gcc/alpha-dec-osf5.1b/libjava/testsuite/TestEarlyGC.exe
WARNING: program timed out.
FAIL: /vol/gcc/obj/gcc-4.2.0-20060606/5.1b-gcc/alpha-dec-osf5.1b/libjava/testsuite/TestLeak.exe execution - /vol/gcc/obj/gcc-4.2.0-20060606/5.1b-gcc/alpha-dec-osf5.1b/libjava/testsuite/TestLeak.exe
WARNING: program timed out.
FAIL: /vol/gcc/obj/gcc-4.2.0-20060606/5.1b-gcc/alpha-dec-osf5.1b/libjava/testsuite/TestMultiple.exe execution - /vol/gcc/obj/gcc-4.2.0-20060606/5.1b-gcc/alpha-dec-osf5.1b/libjava/testsuite/TestMultiple.exe
WARNING: program timed out.
FAIL: /vol/gcc/obj/gcc-4.2.0-20060606/5.1b-gcc/alpha-dec-osf5.1b/libjava/testsuite/TestParent.exe execution - /vol/gcc/obj/gcc-4.2.0-20060606/5.1b-gcc/alpha-dec-osf5.1b/libjava/testsuite/TestParent.exe
WARNING: program timed out.
FAIL: pr21115 run
WARNING: program timed out.
FAIL: Lazy run
=== libjava Summary ===
# of expected passes 4223
# of unexpected failures 1299
# of expected failures 4
# of untested testcases 1311
=== libstdc++ tests ===
Running target unix
WARNING: program timed out.
FAIL: 27_io/basic_ofstream/cons/char/2.cc execution test
FAIL: thread/pthread5.cc execution test
=== libstdc++ Summary ===
# of expected passes 1726
# of unexpected failures 2
# of expected failures 10
# of unsupported tests 41
=== acats tests ===
FAIL: a83a02b
FAIL: a85013b
FAIL: a87b59a
FAIL: a95001c
FAIL: a95074d
FAIL: a97106a
FAIL: a99006a
FAIL: aa2010a
FAIL: ac3207a
FAIL: ad7201a
FAIL: ad7203b
FAIL: ad7205b
FAIL: ada101a
FAIL: c250002
FAIL: c34007j
FAIL: c34008a
FAIL: c35102a
FAIL: c35507m
FAIL: c37402a
FAIL: c37403a
FAIL: c380003
FAIL: c38102d
FAIL: c38202a
FAIL: c39008a
FAIL: c39008b
FAIL: c39008c
FAIL: c3a1002
FAIL: c410001
FAIL: c41306a
FAIL: c41306b
FAIL: c41306c
FAIL: c41307d
FAIL: c41401a
FAIL: c43204g
FAIL: c45282b
FAIL: c45291a
FAIL: c456001
FAIL: c45624a
FAIL: c45624b
FAIL: c46051a
FAIL: c4a013a
FAIL: c51004a
FAIL: c52010a
FAIL: c52102a
FAIL: c52102b
FAIL: c52102c
FAIL: c52102d
FAIL: c52104c
FAIL: c59002c
FAIL: c64201b
FAIL: c64201c
FAIL: c650001
FAIL: c74004a
FAIL: c74209a
FAIL: c74401k
FAIL: c74406a
FAIL: c761001
FAIL: c761007
FAIL: c83023a
FAIL: c85004b
FAIL: c85005a
FAIL: c85005b
FAIL: c85005c
FAIL: c85005d
FAIL: c85005e
FAIL: c85006a
FAIL: c85006b
FAIL: c85006c
FAIL: c85006d
FAIL: c85006e
FAIL: c85014a
FAIL: c85014b
FAIL: c85014c
FAIL: c85018a
FAIL: c85018b
FAIL: c87b26b
FAIL: c87b41a
FAIL: c87b45c
FAIL: c87b54a
FAIL: c87b62d
FAIL: c910001
FAIL: c910002
FAIL: c910003
FAIL: c91004b
FAIL: c91004c
FAIL: c91006a
FAIL: c91007a
FAIL: c92002a
FAIL: c92003a
FAIL: c92005a
FAIL: c92005b
FAIL: c92006a
FAIL: c930001
FAIL: c93001a
FAIL: c93002a
FAIL: c93003a
FAIL: c93004a
FAIL: c93004b
FAIL: c93004c
FAIL: c93004d
FAIL: c93004f
FAIL: c93005a
FAIL: c93005b
FAIL: c93005c
FAIL: c93005d
FAIL: c93005e
FAIL: c93005f
FAIL: c93005g
FAIL: c93005h
FAIL: c93006a
FAIL: c93007a
FAIL: c93008a
FAIL: c93008b
FAIL: c940001
FAIL: c940002
FAIL: c940004
FAIL: c940005
FAIL: c940007
FAIL: c940010
FAIL: c940013
FAIL: c940014
FAIL: c940016
FAIL: c94001a
FAIL: c94001b
FAIL: c94001c
FAIL: c94001e
FAIL: c94001f
FAIL: c94001g
FAIL: c94002a
FAIL: c94002b
FAIL: c94002d
FAIL: c94002e
FAIL: c94002f
FAIL: c94002g
FAIL: c94004a
FAIL: c94004b
FAIL: c94004c
FAIL: c94005a
FAIL: c94005b
FAIL: c94006a
FAIL: c94007a
FAIL: c94007b
FAIL: c94008a
FAIL: c94008b
FAIL: c94008c
FAIL: c94008d
FAIL: c94010a
FAIL: c94011a
FAIL: c94020a
FAIL: c940a03
FAIL: c95008a
FAIL: c95009a
FAIL: c95010a
FAIL: c95011a
FAIL: c95012a
FAIL: c95021a
FAIL: c95022a
FAIL: c95022b
FAIL: c95033a
FAIL: c95033b
FAIL: c95034a
FAIL: c95034b
FAIL: c95035a
FAIL: c95040a
FAIL: c95040b
FAIL: c95040c
FAIL: c95040d
FAIL: c95041a
FAIL: c95065a
FAIL: c95065b
FAIL: c95065c
FAIL: c95065d
FAIL: c95065e
FAIL: c95065f
FAIL: c95066a
FAIL: c95067a
FAIL: c95071a
FAIL: c95072a
FAIL: c95072b
FAIL: c95073a
FAIL: c95074c
FAIL: c95076a
FAIL: c95078a
FAIL: c95080b
FAIL: c95082g
FAIL: c95085a
FAIL: c95085b
FAIL: c95085c
FAIL: c95085d
FAIL: c95085e
FAIL: c95085f
FAIL: c95085g
FAIL: c95085h
FAIL: c95085i
FAIL: c95085j
FAIL: c95085k
FAIL: c95085l
FAIL: c95085m
FAIL: c95085n
FAIL: c95085o
FAIL: c95086a
FAIL: c95086b
FAIL: c95086c
FAIL: c95086d
FAIL: c95086e
FAIL: c95086f
FAIL: c95087a
FAIL: c95087b
FAIL: c95087c
FAIL: c95087d
FAIL: c95088a
FAIL: c95089a
FAIL: c95090a
FAIL: c95092a
FAIL: c95093a
FAIL: c95095a
FAIL: c95095b
FAIL: c95095c
FAIL: c95095d
FAIL: c95095e
FAIL: c951001
FAIL: c951002
FAIL: c953001
FAIL: c953002
FAIL: c953003
FAIL: c954001
FAIL: c954010
FAIL: c954011
FAIL: c954012
FAIL: c954013
FAIL: c954014
FAIL: c954015
FAIL: c954016
FAIL: c954017
FAIL: c954018
FAIL: c954019
FAIL: c954020
FAIL: c954021
FAIL: c954022
FAIL: c954023
FAIL: c954024
FAIL: c954025
FAIL: c954026
FAIL: c954a01
FAIL: c954a02
FAIL: c954a03
FAIL: c960001
FAIL: c960002
FAIL: c960004
FAIL: c97112a
FAIL: c97113a
FAIL: c97114a
FAIL: c97115a
FAIL: c97116a
FAIL: c97117a
FAIL: c97117b
FAIL: c97117c
FAIL: c97118a
FAIL: c97120a
FAIL: c97120b
FAIL: c97201a
FAIL: c97201b
FAIL: c97201c
FAIL: c97201d
FAIL: c97201e
FAIL: c97201g
FAIL: c97201h
FAIL: c97201x
FAIL: c97202a
FAIL: c97203a
FAIL: c97203b
FAIL: c97203c
FAIL: c97204a
FAIL: c97204b
FAIL: c97205a
FAIL: c97205b
FAIL: c97301a
FAIL: c97301b
FAIL: c97301c
FAIL: c97301d
FAIL: c97301e
FAIL: c97302a
FAIL: c97303a
FAIL: c97303b
FAIL: c97303c
FAIL: c97304a
FAIL: c97304b
FAIL: c97305a
FAIL: c97305b
FAIL: c97305c
FAIL: c97305d
FAIL: c97307a
FAIL: c974001
FAIL: c974002
FAIL: c974003
FAIL: c974004
FAIL: c974005
FAIL: c974006
FAIL: c974007
FAIL: c974008
FAIL: c974009
FAIL: c974010
FAIL: c974011
FAIL: c974012
FAIL: c974013
FAIL: c974014
FAIL: c980001
FAIL: c980002
FAIL: c980003
FAIL: c99004a
FAIL: c99005a
FAIL: c9a003a
FAIL: c9a004a
FAIL: c9a007a
FAIL: c9a009a
FAIL: c9a009c
FAIL: c9a009f
FAIL: c9a009g
FAIL: c9a009h
FAIL: c9a010a
FAIL: c9a011a
FAIL: c9a011b
FAIL: ca11021
FAIL: ca5004a
FAIL: cb1010a
FAIL: cb20001
FAIL: cb20004
FAIL: cb20005
FAIL: cb20006
FAIL: cb20007
FAIL: cb4013a
FAIL: cb41002
FAIL: cb5001a
FAIL: cb5001b
FAIL: cb5002a
FAIL: cc1104c
FAIL: cc1207b
FAIL: cc1225a
FAIL: cc1310a
FAIL: cc3019c
FAIL: cc3106b
FAIL: cc3120b
FAIL: cc3207b
FAIL: cc3225a
FAIL: cc3601c
FAIL: cc3602a
FAIL: cc70a01
FAIL: cc70a02
FAIL: cd10002
FAIL: cd1009k
FAIL: cd1009t
FAIL: cd1009u
FAIL: cd1c03e
FAIL: cd1c06a
FAIL: cd2a23e
FAIL: cd2a91c
FAIL: cd2c11a
FAIL: cd2c11d
FAIL: cd30002
FAIL: cd5003e
FAIL: cd5011m
FAIL: cd72a02
FAIL: cxa4001
FAIL: cxa5a03
FAIL: cxg2002
FAIL: cxg2017
FAIL: cxg2020
FAIL: cxh1001
FAIL: cxh3001
FAIL: cxh3002
FAIL: cxh3003
FAIL: la14010
FAIL: la14027
=== acats Summary ===
# of expected passes 1944
# of unexpected failures 373
=== g++ tests ===
Running target unix
FAIL: tmpdir-g++.dg-struct-layout-1/t024 cp_compat_x_tst.o-cp_compat_y_tst.o execute
FAIL: tmpdir-g++.dg-struct-layout-1/t026 cp_compat_x_tst.o-cp_compat_y_tst.o execute
FAIL: tmpdir-g++.dg-struct-layout-1/t027 cp_compat_x_tst.o-cp_compat_y_tst.o execute
FAIL: tmpdir-g++.dg-struct-layout-1/t028 cp_compat_x_tst.o-cp_compat_y_tst.o execute
FAIL: tmpdir-g++.dg-struct-layout-1/t029 cp_compat_x_tst.o-cp_compat_y_tst.o execute
FAIL: tmpdir-g++.dg-struct-layout-1/t030 cp_compat_x_tst.o-cp_compat_y_tst.o execute
FAIL: g++.dg/abi/local1.C execution test
FAIL: g++.dg/abi/thunk4.C scan-assembler .weak[ \\t]_?_ZThn._N7Derived3FooEv
FAIL: g++.dg/eh/spbp.C (test for excess errors)
WARNING: g++.dg/eh/spbp.C compilation failed to produce executable
FAIL: g++.dg/other/pragma-ep-1.C (test for excess errors)
FAIL: g++.dg/other/ucnid-1.C (test for excess errors)
WARNING: g++.dg/other/ucnid-1.C compilation failed to produce executable
FAIL: g++.dg/other/unused1.C scan-assembler stringz?\\t"class2"
FAIL: g++.dg/other/unused1.C scan-assembler stringz?\\t"printer"
FAIL: g++.dg/tree-ssa/ivopts-1.C scan-tree-dump-not offset: -4B
FAIL: g++.dg/tree-ssa/ivopts-1.C scan-tree-dump-not &x\\[5\\]
FAIL: g++.dg/tree-ssa/pr23164.C (test for excess errors)
FAIL: g++.dg/warn/miss-format-1.C scanf attribute warning (test for warnings, line 24)
FAIL: g++.dg/warn/miss-format-1.C (test for excess errors)
FAIL: g++.dg/warn/weak1.C (test for excess errors)
WARNING: g++.dg/warn/weak1.C compilation failed to produce executable
FAIL: g++.old-deja/g++.other/singleton.C (test for excess errors)
WARNING: g++.old-deja/g++.other/singleton.C compilation failed to produce executable
=== g++ Summary ===
# of expected passes 12354
# of unexpected failures 20
# of expected failures 69
# of unsupported tests 163
/amnt/sequoia/export/vol/gcc/obj/alpha/gcc-4.2.0-20060606/5.1b-gcc/gcc/testsuite/g++/../../g++ version 4.2.0 20060606 (experimental)
=== gcc tests ===
Running target unix
WARNING: program timed out.
FAIL: gcc.c-torture/compile/20001226-1.c (test for excess errors)
WARNING: program timed out.
FAIL: gcc.c-torture/compile/20001226-1.c (test for excess errors)
WARNING: program timed out.
FAIL: gcc.c-torture/compile/20001226-1.c (test for excess errors)
WARNING: program timed out.
FAIL: gcc.c-torture/compile/20001226-1.c (test for excess errors)
WARNING: program timed out.
FAIL: gcc.c-torture/compile/20001226-1.c (test for excess errors)
FAIL: gcc.c-torture/compile/20050622-1.c (test for excess errors)
FAIL: gcc.c-torture/compile/20050622-1.c (test for excess errors)
FAIL: gcc.c-torture/compile/20050622-1.c (test for excess errors)
FAIL: gcc.c-torture/compile/20050622-1.c (test for excess errors)
FAIL: gcc.c-torture/compile/20050622-1.c (test for excess errors)
FAIL: gcc.c-torture/compile/20050622-1.c (test for excess errors)
FAIL: gcc.c-torture/compile/labels-3.c (test for excess errors)
FAIL: gcc.c-torture/compile/labels-3.c (test for excess errors)
FAIL: gcc.c-torture/compile/labels-3.c (test for excess errors)
FAIL: gcc.c-torture/compile/labels-3.c (test for excess errors)
FAIL: gcc.c-torture/compile/labels-3.c (test for excess errors)
FAIL: gcc.c-torture/compile/labels-3.c (test for excess errors)
FAIL: gcc.c-torture/execute/20050121-1.c compilation, -O0
UNRESOLVED: gcc.c-torture/execute/20050121-1.c execution, -O0
FAIL: gcc.c-torture/execute/pr23324.c compilation, -O0
UNRESOLVED: gcc.c-torture/execute/pr23324.c execution, -O0
FAIL: gcc.dg/compat/scalar-return-4 c_compat_y_tst.o compile
UNRESOLVED: gcc.dg/compat/scalar-return-4 c_compat_x_tst.o-c_compat_y_tst.o link
UNRESOLVED: gcc.dg/compat/scalar-return-4 c_compat_x_tst.o-c_compat_y_tst.o execute
FAIL: tmpdir-gcc.dg-struct-layout-1/t001 c_compat_x_tst.o-c_compat_y_tst.o execute
FAIL: tmpdir-gcc.dg-struct-layout-1/t002 c_compat_x_tst.o-c_compat_y_tst.o execute
FAIL: tmpdir-gcc.dg-struct-layout-1/t003 c_compat_x_tst.o-c_compat_y_tst.o execute
FAIL: tmpdir-gcc.dg-struct-layout-1/t004 c_compat_x_tst.o-c_compat_y_tst.o execute
FAIL: tmpdir-gcc.dg-struct-layout-1/t005 c_compat_x_tst.o-c_compat_y_tst.o execute
FAIL: tmpdir-gcc.dg-struct-layout-1/t006 c_compat_x_tst.o-c_compat_y_tst.o execute
FAIL: tmpdir-gcc.dg-struct-layout-1/t007 c_compat_x_tst.o-c_compat_y_tst.o execute
FAIL: tmpdir-gcc.dg-struct-layout-1/t008 c_compat_x_tst.o-c_compat_y_tst.o execute
FAIL: tmpdir-gcc.dg-struct-layout-1/t009 c_compat_x_tst.o-c_compat_y_tst.o execute
FAIL: tmpdir-gcc.dg-struct-layout-1/t010 c_compat_x_tst.o-c_compat_y_tst.o execute
FAIL: tmpdir-gcc.dg-struct-layout-1/t011 c_compat_x_tst.o-c_compat_y_tst.o execute
FAIL: tmpdir-gcc.dg-struct-layout-1/t012 c_compat_x_tst.o-c_compat_y_tst.o execute
FAIL: tmpdir-gcc.dg-struct-layout-1/t013 c_compat_x_tst.o-c_compat_y_tst.o execute
FAIL: tmpdir-gcc.dg-struct-layout-1/t014 c_compat_x_tst.o-c_compat_y_tst.o execute
FAIL: tmpdir-gcc.dg-struct-layout-1/t015 c_compat_x_tst.o-c_compat_y_tst.o execute
FAIL: tmpdir-gcc.dg-struct-layout-1/t017 c_compat_x_tst.o-c_compat_y_tst.o execute
FAIL: tmpdir-gcc.dg-struct-layout-1/t018 c_compat_x_tst.o-c_compat_y_tst.o execute
FAIL: tmpdir-gcc.dg-struct-layout-1/t024 c_compat_x_tst.o-c_compat_y_tst.o execute
FAIL: tmpdir-gcc.dg-struct-layout-1/t025 c_compat_x_tst.o-c_compat_y_tst.o execute
FAIL: tmpdir-gcc.dg-struct-layout-1/t026 c_compat_x_tst.o-c_compat_y_tst.o execute
FAIL: tmpdir-gcc.dg-struct-layout-1/t027 c_compat_x_tst.o-c_compat_y_tst.o execute
FAIL: tmpdir-gcc.dg-struct-layout-1/t028 c_compat_x_tst.o-c_compat_y_tst.o execute
FAIL: gcc.dg/cpp/Wmissingdirs.c -Wmissing-include-dirs (test for warnings, line )
FAIL: gcc.dg/cpp/Wmissingdirs.c (test for excess errors)
FAIL: gcc.dg/array-quals-1.c scan-assembler-not \\\\.data(?!\\\\.rel\\\\.ro)
FAIL: gcc.dg/attr-weakref-1.c (test for excess errors)
WARNING: gcc.dg/attr-weakref-1.c compilation failed to produce executable
FAIL: gcc.dg/intmax_t-1.c (test for excess errors)
FAIL: gcc.dg/pr17957.c (test for excess errors)
FAIL: gcc.dg/single-precision-constant.c (test for excess errors)
WARNING: gcc.dg/single-precision-constant.c compilation failed to produce executable
FAIL: gcc.dg/ucnid-2.c (test for excess errors)
WARNING: gcc.dg/ucnid-2.c compilation failed to produce executable
FAIL: gcc.dg/ucnid-3.c (test for excess errors)
WARNING: gcc.dg/ucnid-3.c compilation failed to produce executable
FAIL: gcc.dg/ucnid-4.c (test for excess errors)
WARNING: gcc.dg/ucnid-4.c compilation failed to produce executable
FAIL: largefile.c (test for excess errors)
FAIL: largefile.c (test for excess errors)
FAIL: largefile.c (test for excess errors)
FAIL: largefile.c (test for excess errors)
FAIL: largefile.c (test for excess errors)
FAIL: largefile.c (test for excess errors)
FAIL: largefile.c (test for excess errors)
FAIL: gcc.dg/torture/fp-int-convert-timode.c execution test
FAIL: gcc.dg/torture/fp-int-convert-timode.c execution test
FAIL: gcc.dg/torture/fp-int-convert-timode.c execution test
FAIL: gcc.dg/torture/fp-int-convert-timode.c execution test
FAIL: gcc.dg/torture/fp-int-convert-timode.c execution test
FAIL: gcc.dg/torture/fp-int-convert-timode.c execution test
XPASS: gcc.dg/vect/vect-reduc-1char.c scan-tree-dump-times vectorized 3 loops 1
XPASS: gcc.dg/vect/vect-reduc-1short.c scan-tree-dump-times vectorized 3 loops 1
XPASS: gcc.dg/vect/wrapv-vect-reduc-2char.c scan-tree-dump-times vectorized 3 loops 1
XPASS: gcc.dg/vect/wrapv-vect-reduc-2short.c scan-tree-dump-times vectorized 3 loops 1
=== gcc Summary ===
# of expected passes 38289
# of unexpected failures 65
# of unexpected successes 4
# of expected failures 107
# of unresolved testcases 4
# of untested testcases 35
# of unsupported tests 540
/amnt/sequoia/export/vol/gcc/obj/alpha/gcc-4.2.0-20060606/5.1b-gcc/gcc/xgcc version 4.2.0 20060606 (experimental)
=== gfortran tests ===
Running target unix
FAIL: gfortran.dg/char_cshift_2.f90 execution test
FAIL: gfortran.dg/char_cshift_2.f90 execution test
FAIL: gfortran.dg/char_eoshift_2.f90 execution test
FAIL: gfortran.dg/char_eoshift_2.f90 execution test
FAIL: gfortran.dg/char_eoshift_4.f90 execution test
FAIL: gfortran.dg/char_eoshift_4.f90 execution test
FAIL: gfortran.dg/large_real_kind_2.F90 execution test
FAIL: gfortran.dg/large_real_kind_2.F90 execution test
FAIL: gfortran.dg/large_real_kind_2.F90 execution test
FAIL: gfortran.dg/large_real_kind_2.F90 execution test
FAIL: gfortran.dg/large_real_kind_2.F90 execution test
FAIL: gfortran.dg/large_real_kind_2.F90 execution test
FAIL: gfortran.dg/large_real_kind_2.F90 execution test
FAIL: gfortran.dg/large_real_kind_2.F90 execution test
XPASS: gfortran.dg/vect/vect-5.f90 scan-tree-dump-times vectorized 2 loops 1
XPASS: gfortran.dg/vect/vect-5.f90 scan-tree-dump-times Alignment of access forced using peeling 1
XPASS: gfortran.dg/vect/vect-5.f90 scan-tree-dump-times Vectorizing an unaligned access 2
FAIL: gfortran.fortran-torture/execute/intrinsic_nearest.f90 execution, -O2
FAIL: gfortran.fortran-torture/execute/intrinsic_nearest.f90 execution, -O3 -fomit-frame-pointer
FAIL: gfortran.fortran-torture/execute/intrinsic_nearest.f90 execution, -O3 -fomit-frame-pointer -funroll-loops
FAIL: gfortran.fortran-torture/execute/intrinsic_nearest.f90 execution, -O3 -fomit-frame-pointer -funroll-all-loops -finline-functions
FAIL: gfortran.fortran-torture/execute/intrinsic_nearest.f90 execution, -O3 -g
FAIL: gfortran.fortran-torture/execute/intrinsic_nearest.f90 execution, -Os
=== gfortran Summary ===
# of expected passes 13212
# of unexpected failures 20
# of unexpected successes 3
# of expected failures 6
# of unsupported tests 45
/amnt/sequoia/export/vol/gcc/obj/alpha/gcc-4.2.0-20060606/5.1b-gcc/gcc/testsuite/gfortran/../../gfortran version 4.2.0 20060606 (experimental)
=== objc tests ===
Running target unix
FAIL: objc.dg/dwarf-1.m (test for excess errors)
ERROR: objc.dg/dwarf-1.m: error executing dg-final: couldn't open "dwarf-1.s": no such file or directory
UNRESOLVED: objc.dg/dwarf-1.m: error executing dg-final: couldn't open "dwarf-1.s": no such file or directory
FAIL: objc.dg/dwarf-2.m (test for excess errors)
ERROR: objc.dg/dwarf-2.m: error executing dg-final: couldn't open "dwarf-2.s": no such file or directory
UNRESOLVED: objc.dg/dwarf-2.m: error executing dg-final: couldn't open "dwarf-2.s": no such file or directory
=== objc Summary ===
# of expected passes 1746
# of unexpected failures 2
# of expected failures 7
# of unresolved testcases 2
# of unsupported tests 26
/amnt/sequoia/export/vol/gcc/obj/alpha/gcc-4.2.0-20060606/5.1b-gcc/gcc/xgcc version 4.2.0 20060606 (experimental)
Compiler version: 4.2.0 20060606 (experimental)
Platform: alpha-dec-osf5.1b
configure flags: --prefix=/vol/gcc --with-local-prefix=/vol/gcc --disable-nls --host alpha-dec-osf5.1b --build alpha-dec-osf5.1b --target alpha-dec-osf5.1b --with-gmp-dir=/vol/gnu/obj/gmp-4.1.3 --with-mpfr-dir=/vol/gnu/obj/gmp-4.1.3/mpfr --disable-libmudflap --enable-languages=c,ada,c++,fortran,java,objc
BOOT_CFLAGS=-g -O2