This is the mail archive of the
gcc-testresults@gcc.gnu.org
mailing list for the GCC project.
Results for 4.2.0 20060604 (experimental) testsuite on sparc-sun-solaris2.10
- From: ebotcazou at libertysurf dot fr (Eric Botcazou)
- To: gcc-testresults at gcc dot gnu dot org
- Date: Tue, 06 Jun 2006 23:19:06 +0200
- Subject: Results for 4.2.0 20060604 (experimental) testsuite on sparc-sun-solaris2.10
LAST_UPDATED: Sun Jun 4 05:03:00 UTC 2006 (revision 114355M)
Native configuration is sparc-sun-solaris2.10
=== g++ tests ===
Running target unix
WARNING: g++.dg/other/ucnid-1.C compilation failed to produce executable
FAIL: g++.dg/other/unused1.C scan-assembler stringz?\\t"class2"
FAIL: g++.dg/other/unused1.C scan-assembler stringz?\\t"printer"
XPASS: g++.old-deja/g++.other/init18.C execution test
XPASS: g++.old-deja/g++.other/init19.C execution test
=== g++ Summary for unix ===
# of expected passes 12481
# of unexpected failures 2
# of unexpected successes 2
# of expected failures 68
# of unsupported tests 139
Running target unix/-m64
WARNING: g++.dg/other/ucnid-1.C compilation failed to produce executable
FAIL: g++.dg/other/unused1.C scan-assembler stringz?\\t"class2"
FAIL: g++.dg/other/unused1.C scan-assembler stringz?\\t"printer"
XPASS: g++.old-deja/g++.other/init18.C execution test
XPASS: g++.old-deja/g++.other/init19.C execution test
=== g++ Summary for unix/-m64 ===
# of expected passes 12449
# of unexpected failures 2
# of unexpected successes 2
# of expected failures 68
# of unsupported tests 141
=== g++ Summary ===
# of expected passes 24930
# of unexpected failures 4
# of unexpected successes 4
# of expected failures 136
# of unsupported tests 280
/opt/build/eric/gcc/gcc/testsuite/g++/../../g++ version 4.2.0 20060604 (experimental)
=== gcc tests ===
Running target unix
XPASS: gcc.dg/cpp/cmdlne-dI-M.c scan-file (^|\\\\n)cmdlne-dI-M.*:[^\\\\n]*cmdlne-dI-M.c
XPASS: gcc.dg/cpp/cmdlne-dM-M.c scan-file (^|\\\\n)cmdlne-dM-M[^\\\\n]*:[^\\\\n]*cmdlne-dM-M.c
WARNING: gcc.dg/ucnid-2.c compilation failed to produce executable
WARNING: gcc.dg/ucnid-3.c compilation failed to produce executable
WARNING: gcc.dg/ucnid-4.c compilation failed to produce executable
FAIL: gcc.dg/torture/pr26565.c -O0 execution test
XPASS: gcc.dg/vect/pr20122.c scan-tree-dump-times vectorized 1 loops 2
XPASS: gcc.dg/vect/vect-105.c scan-tree-dump-times vectorized 1 loops 1
XPASS: gcc.dg/vect/vect-75.c scan-tree-dump-times vectorized 1 loops 1
=== gcc Summary for unix ===
# of expected passes 38730
# of unexpected failures 1
# of unexpected successes 5
# of expected failures 122
# of untested testcases 28
# of unsupported tests 419
Running target unix/-m64
XPASS: gcc.dg/cpp/cmdlne-dI-M.c scan-file (^|\\\\n)cmdlne-dI-M.*:[^\\\\n]*cmdlne-dI-M.c
XPASS: gcc.dg/cpp/cmdlne-dM-M.c scan-file (^|\\\\n)cmdlne-dM-M[^\\\\n]*:[^\\\\n]*cmdlne-dM-M.c
WARNING: gcc.dg/ucnid-2.c compilation failed to produce executable
WARNING: gcc.dg/ucnid-3.c compilation failed to produce executable
WARNING: gcc.dg/ucnid-4.c compilation failed to produce executable
FAIL: gcc.dg/torture/pr26565.c -O0 execution test
XPASS: gcc.dg/vect/pr20122.c scan-tree-dump-times vectorized 1 loops 2
XPASS: gcc.dg/vect/vect-105.c scan-tree-dump-times vectorized 1 loops 1
XPASS: gcc.dg/vect/vect-75.c scan-tree-dump-times vectorized 1 loops 1
=== gcc Summary for unix/-m64 ===
# of expected passes 38722
# of unexpected failures 1
# of unexpected successes 5
# of expected failures 122
# of untested testcases 28
# of unsupported tests 423
=== gcc Summary ===
# of expected passes 77452
# of unexpected failures 2
# of unexpected successes 10
# of expected failures 244
# of untested testcases 56
# of unsupported tests 842
/opt/build/eric/gcc/gcc/xgcc version 4.2.0 20060604 (experimental)
=== gfortran tests ===
Running target unix
=== gfortran Summary for unix ===
# of expected passes 13214
# of expected failures 8
# of unsupported tests 47
Running target unix/-m64
XPASS: gfortran.dg/vect/vect-5.f90 -O scan-tree-dump-times vectorized 2 loops 1
=== gfortran Summary for unix/-m64 ===
# of expected passes 13244
# of unexpected successes 1
# of expected failures 8
# of unsupported tests 31
=== gfortran Summary ===
# of expected passes 26458
# of unexpected successes 1
# of expected failures 16
# of unsupported tests 78
/opt/build/eric/gcc/gcc/testsuite/gfortran/../../gfortran version 4.2.0 20060604 (experimental)
=== obj-c++ tests ===
Running target unix
FAIL: obj-c++.dg/comp-types-10.mm (test for excess errors)
FAIL: obj-c++.dg/cxx-ivars-2.mm execution test
FAIL: obj-c++.dg/encode-3.mm (test for excess errors)
FAIL: obj-c++.dg/encode-8.mm execution test
FAIL: obj-c++.dg/isa-field-1.mm (test for excess errors)
FAIL: obj-c++.dg/lookup-2.mm (test for excess errors)
WARNING: obj-c++.dg/lookup-2.mm compilation failed to produce executable
FAIL: obj-c++.dg/try-catch-2.mm (test for excess errors)
WARNING: obj-c++.dg/try-catch-2.mm compilation failed to produce executable
FAIL: obj-c++.dg/try-catch-9.mm (test for excess errors)
WARNING: obj-c++.dg/try-catch-9.mm compilation failed to produce executable
=== obj-c++ Summary for unix ===
# of expected passes 425
# of unexpected failures 8
# of unsupported tests 13
Running target unix/-m64
FAIL: obj-c++.dg/bitfield-1.mm (test for excess errors)
FAIL: obj-c++.dg/bitfield-4.mm (test for excess errors)
FAIL: obj-c++.dg/comp-types-10.mm (test for excess errors)
FAIL: obj-c++.dg/cxx-ivars-2.mm execution test
FAIL: obj-c++.dg/encode-3.mm (test for excess errors)
FAIL: obj-c++.dg/encode-3.mm execution test
FAIL: obj-c++.dg/encode-8.mm execution test
FAIL: obj-c++.dg/isa-field-1.mm (test for excess errors)
FAIL: obj-c++.dg/layout-1.mm (test for excess errors)
FAIL: obj-c++.dg/lookup-2.mm (test for excess errors)
WARNING: obj-c++.dg/lookup-2.mm compilation failed to produce executable
FAIL: obj-c++.dg/try-catch-2.mm (test for excess errors)
WARNING: obj-c++.dg/try-catch-2.mm compilation failed to produce executable
FAIL: obj-c++.dg/try-catch-9.mm (test for excess errors)
WARNING: obj-c++.dg/try-catch-9.mm compilation failed to produce executable
=== obj-c++ Summary for unix/-m64 ===
# of expected passes 421
# of unexpected failures 12
# of unsupported tests 13
=== obj-c++ Summary ===
# of expected passes 846
# of unexpected failures 20
# of unsupported tests 26
/opt/build/eric/gcc/gcc/testsuite/obj-c++/../../g++ version 4.2.0 20060604 (experimental)
=== objc tests ===
Running target unix
=== objc Summary for unix ===
# of expected passes 1754
# of expected failures 7
# of unsupported tests 24
Running target unix/-m64
=== objc Summary for unix/-m64 ===
# of expected passes 1754
# of expected failures 7
# of unsupported tests 24
=== objc Summary ===
# of expected passes 3508
# of expected failures 14
# of unsupported tests 48
/opt/build/eric/gcc/gcc/xgcc version 4.2.0 20060604 (experimental)
=== libgomp tests ===
Running target unix
FAIL: libgomp.c++/ctor-5.C -O0 (test for excess errors)
WARNING: libgomp.c++/ctor-5.C -O0 compilation failed to produce executable
FAIL: libgomp.c++/ctor-5.C -O1 (test for excess errors)
WARNING: libgomp.c++/ctor-5.C -O1 compilation failed to produce executable
FAIL: libgomp.c++/ctor-5.C -O2 (test for excess errors)
WARNING: libgomp.c++/ctor-5.C -O2 compilation failed to produce executable
FAIL: libgomp.c++/ctor-5.C -O3 -fomit-frame-pointer (test for excess errors)
WARNING: libgomp.c++/ctor-5.C -O3 -fomit-frame-pointer compilation failed to produce executable
FAIL: libgomp.c++/ctor-5.C -O3 -fomit-frame-pointer -funroll-loops (test for excess errors)
WARNING: libgomp.c++/ctor-5.C -O3 -fomit-frame-pointer -funroll-loops compilation failed to produce executable
FAIL: libgomp.c++/ctor-5.C -O3 -fomit-frame-pointer -funroll-all-loops -finline-functions (test for excess errors)
WARNING: libgomp.c++/ctor-5.C -O3 -fomit-frame-pointer -funroll-all-loops -finline-functions compilation failed to produce executable
FAIL: libgomp.c++/ctor-5.C -O3 -g (test for excess errors)
WARNING: libgomp.c++/ctor-5.C -O3 -g compilation failed to produce executable
FAIL: libgomp.c++/ctor-5.C -Os (test for excess errors)
WARNING: libgomp.c++/ctor-5.C -Os compilation failed to produce executable
FAIL: libgomp.c++/ctor-8.C -O0 (test for excess errors)
WARNING: libgomp.c++/ctor-8.C -O0 compilation failed to produce executable
FAIL: libgomp.c++/ctor-8.C -O1 (test for excess errors)
WARNING: libgomp.c++/ctor-8.C -O1 compilation failed to produce executable
FAIL: libgomp.c++/ctor-8.C -O2 (test for excess errors)
WARNING: libgomp.c++/ctor-8.C -O2 compilation failed to produce executable
FAIL: libgomp.c++/ctor-8.C -O3 -fomit-frame-pointer (test for excess errors)
WARNING: libgomp.c++/ctor-8.C -O3 -fomit-frame-pointer compilation failed to produce executable
FAIL: libgomp.c++/ctor-8.C -O3 -fomit-frame-pointer -funroll-loops (test for excess errors)
WARNING: libgomp.c++/ctor-8.C -O3 -fomit-frame-pointer -funroll-loops compilation failed to produce executable
FAIL: libgomp.c++/ctor-8.C -O3 -fomit-frame-pointer -funroll-all-loops -finline-functions (test for excess errors)
WARNING: libgomp.c++/ctor-8.C -O3 -fomit-frame-pointer -funroll-all-loops -finline-functions compilation failed to produce executable
FAIL: libgomp.c++/ctor-8.C -O3 -g (test for excess errors)
WARNING: libgomp.c++/ctor-8.C -O3 -g compilation failed to produce executable
FAIL: libgomp.c++/ctor-8.C -Os (test for excess errors)
WARNING: libgomp.c++/ctor-8.C -Os compilation failed to produce executable
FAIL: libgomp.c++/ctor-9.C -O0 (test for excess errors)
WARNING: libgomp.c++/ctor-9.C -O0 compilation failed to produce executable
FAIL: libgomp.c++/ctor-9.C -O1 (test for excess errors)
WARNING: libgomp.c++/ctor-9.C -O1 compilation failed to produce executable
FAIL: libgomp.c++/ctor-9.C -O2 (test for excess errors)
WARNING: libgomp.c++/ctor-9.C -O2 compilation failed to produce executable
FAIL: libgomp.c++/ctor-9.C -O3 -fomit-frame-pointer (test for excess errors)
WARNING: libgomp.c++/ctor-9.C -O3 -fomit-frame-pointer compilation failed to produce executable
FAIL: libgomp.c++/ctor-9.C -O3 -fomit-frame-pointer -funroll-loops (test for excess errors)
WARNING: libgomp.c++/ctor-9.C -O3 -fomit-frame-pointer -funroll-loops compilation failed to produce executable
FAIL: libgomp.c++/ctor-9.C -O3 -fomit-frame-pointer -funroll-all-loops -finline-functions (test for excess errors)
WARNING: libgomp.c++/ctor-9.C -O3 -fomit-frame-pointer -funroll-all-loops -finline-functions compilation failed to produce executable
FAIL: libgomp.c++/ctor-9.C -O3 -g (test for excess errors)
WARNING: libgomp.c++/ctor-9.C -O3 -g compilation failed to produce executable
FAIL: libgomp.c++/ctor-9.C -Os (test for excess errors)
WARNING: libgomp.c++/ctor-9.C -Os compilation failed to produce executable
FAIL: libgomp.fortran/appendix-a/a.22.7.f90 -O0 (test for excess errors)
WARNING: libgomp.fortran/appendix-a/a.22.7.f90 -O0 compilation failed to produce executable
FAIL: libgomp.fortran/appendix-a/a.22.7.f90 -O1 (test for excess errors)
WARNING: libgomp.fortran/appendix-a/a.22.7.f90 -O1 compilation failed to produce executable
FAIL: libgomp.fortran/appendix-a/a.22.7.f90 -O2 (test for excess errors)
WARNING: libgomp.fortran/appendix-a/a.22.7.f90 -O2 compilation failed to produce executable
FAIL: libgomp.fortran/appendix-a/a.22.7.f90 -O3 -fomit-frame-pointer (test for excess errors)
WARNING: libgomp.fortran/appendix-a/a.22.7.f90 -O3 -fomit-frame-pointer compilation failed to produce executable
FAIL: libgomp.fortran/appendix-a/a.22.7.f90 -O3 -fomit-frame-pointer -funroll-loops (test for excess errors)
WARNING: libgomp.fortran/appendix-a/a.22.7.f90 -O3 -fomit-frame-pointer -funroll-loops compilation failed to produce executable
FAIL: libgomp.fortran/appendix-a/a.22.7.f90 -O3 -fomit-frame-pointer -funroll-all-loops -finline-functions (test for excess errors)
WARNING: libgomp.fortran/appendix-a/a.22.7.f90 -O3 -fomit-frame-pointer -funroll-all-loops -finline-functions compilation failed to produce executable
FAIL: libgomp.fortran/appendix-a/a.22.7.f90 -O3 -g (test for excess errors)
WARNING: libgomp.fortran/appendix-a/a.22.7.f90 -O3 -g compilation failed to produce executable
FAIL: libgomp.fortran/appendix-a/a.22.7.f90 -Os (test for excess errors)
WARNING: libgomp.fortran/appendix-a/a.22.7.f90 -Os compilation failed to produce executable
FAIL: libgomp.fortran/omp_parse2.f90 -O0 execution test
FAIL: libgomp.fortran/omp_parse2.f90 -O1 execution test
FAIL: libgomp.fortran/omp_parse2.f90 -O2 execution test
FAIL: libgomp.fortran/omp_parse2.f90 -O3 -fomit-frame-pointer execution test
FAIL: libgomp.fortran/omp_parse2.f90 -O3 -fomit-frame-pointer -funroll-loops execution test
FAIL: libgomp.fortran/omp_parse2.f90 -O3 -fomit-frame-pointer -funroll-all-loops -finline-functions execution test
FAIL: libgomp.fortran/omp_parse2.f90 -O3 -g execution test
FAIL: libgomp.fortran/omp_parse2.f90 -Os execution test
FAIL: libgomp.fortran/omp_parse3.f90 -O0 (test for excess errors)
WARNING: libgomp.fortran/omp_parse3.f90 -O0 compilation failed to produce executable
FAIL: libgomp.fortran/omp_parse3.f90 -O1 (test for excess errors)
WARNING: libgomp.fortran/omp_parse3.f90 -O1 compilation failed to produce executable
FAIL: libgomp.fortran/omp_parse3.f90 -O2 (test for excess errors)
WARNING: libgomp.fortran/omp_parse3.f90 -O2 compilation failed to produce executable
FAIL: libgomp.fortran/omp_parse3.f90 -O3 -fomit-frame-pointer (test for excess errors)
WARNING: libgomp.fortran/omp_parse3.f90 -O3 -fomit-frame-pointer compilation failed to produce executable
FAIL: libgomp.fortran/omp_parse3.f90 -O3 -fomit-frame-pointer -funroll-loops (test for excess errors)
WARNING: libgomp.fortran/omp_parse3.f90 -O3 -fomit-frame-pointer -funroll-loops compilation failed to produce executable
FAIL: libgomp.fortran/omp_parse3.f90 -O3 -fomit-frame-pointer -funroll-all-loops -finline-functions (test for excess errors)
WARNING: libgomp.fortran/omp_parse3.f90 -O3 -fomit-frame-pointer -funroll-all-loops -finline-functions compilation failed to produce executable
FAIL: libgomp.fortran/omp_parse3.f90 -O3 -g (test for excess errors)
WARNING: libgomp.fortran/omp_parse3.f90 -O3 -g compilation failed to produce executable
FAIL: libgomp.fortran/omp_parse3.f90 -Os (test for excess errors)
WARNING: libgomp.fortran/omp_parse3.f90 -Os compilation failed to produce executable
FAIL: libgomp.fortran/omp_parse4.f90 -O0 execution test
FAIL: libgomp.fortran/omp_parse4.f90 -O1 execution test
FAIL: libgomp.fortran/omp_parse4.f90 -O2 execution test
FAIL: libgomp.fortran/omp_parse4.f90 -O3 -fomit-frame-pointer execution test
FAIL: libgomp.fortran/omp_parse4.f90 -O3 -fomit-frame-pointer -funroll-loops execution test
FAIL: libgomp.fortran/omp_parse4.f90 -O3 -fomit-frame-pointer -funroll-all-loops -finline-functions execution test
FAIL: libgomp.fortran/omp_parse4.f90 -O3 -g execution test
FAIL: libgomp.fortran/omp_parse4.f90 -Os execution test
FAIL: libgomp.fortran/threadprivate2.f90 -O0 (test for excess errors)
WARNING: libgomp.fortran/threadprivate2.f90 -O0 compilation failed to produce executable
FAIL: libgomp.fortran/threadprivate2.f90 -O1 (test for excess errors)
WARNING: libgomp.fortran/threadprivate2.f90 -O1 compilation failed to produce executable
FAIL: libgomp.fortran/threadprivate2.f90 -O2 (test for excess errors)
WARNING: libgomp.fortran/threadprivate2.f90 -O2 compilation failed to produce executable
FAIL: libgomp.fortran/threadprivate2.f90 -O3 -fomit-frame-pointer (test for excess errors)
WARNING: libgomp.fortran/threadprivate2.f90 -O3 -fomit-frame-pointer compilation failed to produce executable
FAIL: libgomp.fortran/threadprivate2.f90 -O3 -fomit-frame-pointer -funroll-loops (test for excess errors)
WARNING: libgomp.fortran/threadprivate2.f90 -O3 -fomit-frame-pointer -funroll-loops compilation failed to produce executable
FAIL: libgomp.fortran/threadprivate2.f90 -O3 -fomit-frame-pointer -funroll-all-loops -finline-functions (test for excess errors)
WARNING: libgomp.fortran/threadprivate2.f90 -O3 -fomit-frame-pointer -funroll-all-loops -finline-functions compilation failed to produce executable
FAIL: libgomp.fortran/threadprivate2.f90 -O3 -g (test for excess errors)
WARNING: libgomp.fortran/threadprivate2.f90 -O3 -g compilation failed to produce executable
FAIL: libgomp.fortran/threadprivate2.f90 -Os (test for excess errors)
WARNING: libgomp.fortran/threadprivate2.f90 -Os compilation failed to produce executable
FAIL: libgomp.fortran/threadprivate3.f90 -O0 (test for excess errors)
WARNING: libgomp.fortran/threadprivate3.f90 -O0 compilation failed to produce executable
FAIL: libgomp.fortran/threadprivate3.f90 -O1 (test for excess errors)
WARNING: libgomp.fortran/threadprivate3.f90 -O1 compilation failed to produce executable
FAIL: libgomp.fortran/threadprivate3.f90 -O2 (test for excess errors)
WARNING: libgomp.fortran/threadprivate3.f90 -O2 compilation failed to produce executable
FAIL: libgomp.fortran/threadprivate3.f90 -O3 -fomit-frame-pointer (test for excess errors)
WARNING: libgomp.fortran/threadprivate3.f90 -O3 -fomit-frame-pointer compilation failed to produce executable
FAIL: libgomp.fortran/threadprivate3.f90 -O3 -fomit-frame-pointer -funroll-loops (test for excess errors)
WARNING: libgomp.fortran/threadprivate3.f90 -O3 -fomit-frame-pointer -funroll-loops compilation failed to produce executable
FAIL: libgomp.fortran/threadprivate3.f90 -O3 -fomit-frame-pointer -funroll-all-loops -finline-functions (test for excess errors)
WARNING: libgomp.fortran/threadprivate3.f90 -O3 -fomit-frame-pointer -funroll-all-loops -finline-functions compilation failed to produce executable
FAIL: libgomp.fortran/threadprivate3.f90 -O3 -g (test for excess errors)
WARNING: libgomp.fortran/threadprivate3.f90 -O3 -g compilation failed to produce executable
FAIL: libgomp.fortran/threadprivate3.f90 -Os (test for excess errors)
WARNING: libgomp.fortran/threadprivate3.f90 -Os compilation failed to produce executable
=== libgomp Summary for unix ===
# of expected passes 1324
# of unexpected failures 72
# of unsupported tests 7
Running target unix/-m64
FAIL: libgomp.c++/ctor-5.C -O0 (test for excess errors)
WARNING: libgomp.c++/ctor-5.C -O0 compilation failed to produce executable
FAIL: libgomp.c++/ctor-5.C -O1 (test for excess errors)
WARNING: libgomp.c++/ctor-5.C -O1 compilation failed to produce executable
FAIL: libgomp.c++/ctor-5.C -O2 (test for excess errors)
WARNING: libgomp.c++/ctor-5.C -O2 compilation failed to produce executable
FAIL: libgomp.c++/ctor-5.C -O3 -fomit-frame-pointer (test for excess errors)
WARNING: libgomp.c++/ctor-5.C -O3 -fomit-frame-pointer compilation failed to produce executable
FAIL: libgomp.c++/ctor-5.C -O3 -fomit-frame-pointer -funroll-loops (test for excess errors)
WARNING: libgomp.c++/ctor-5.C -O3 -fomit-frame-pointer -funroll-loops compilation failed to produce executable
FAIL: libgomp.c++/ctor-5.C -O3 -fomit-frame-pointer -funroll-all-loops -finline-functions (test for excess errors)
WARNING: libgomp.c++/ctor-5.C -O3 -fomit-frame-pointer -funroll-all-loops -finline-functions compilation failed to produce executable
FAIL: libgomp.c++/ctor-5.C -O3 -g (test for excess errors)
WARNING: libgomp.c++/ctor-5.C -O3 -g compilation failed to produce executable
FAIL: libgomp.c++/ctor-5.C -Os (test for excess errors)
WARNING: libgomp.c++/ctor-5.C -Os compilation failed to produce executable
FAIL: libgomp.c++/ctor-8.C -O0 (test for excess errors)
WARNING: libgomp.c++/ctor-8.C -O0 compilation failed to produce executable
FAIL: libgomp.c++/ctor-8.C -O1 (test for excess errors)
WARNING: libgomp.c++/ctor-8.C -O1 compilation failed to produce executable
FAIL: libgomp.c++/ctor-8.C -O2 (test for excess errors)
WARNING: libgomp.c++/ctor-8.C -O2 compilation failed to produce executable
FAIL: libgomp.c++/ctor-8.C -O3 -fomit-frame-pointer (test for excess errors)
WARNING: libgomp.c++/ctor-8.C -O3 -fomit-frame-pointer compilation failed to produce executable
FAIL: libgomp.c++/ctor-8.C -O3 -fomit-frame-pointer -funroll-loops (test for excess errors)
WARNING: libgomp.c++/ctor-8.C -O3 -fomit-frame-pointer -funroll-loops compilation failed to produce executable
FAIL: libgomp.c++/ctor-8.C -O3 -fomit-frame-pointer -funroll-all-loops -finline-functions (test for excess errors)
WARNING: libgomp.c++/ctor-8.C -O3 -fomit-frame-pointer -funroll-all-loops -finline-functions compilation failed to produce executable
FAIL: libgomp.c++/ctor-8.C -O3 -g (test for excess errors)
WARNING: libgomp.c++/ctor-8.C -O3 -g compilation failed to produce executable
FAIL: libgomp.c++/ctor-8.C -Os (test for excess errors)
WARNING: libgomp.c++/ctor-8.C -Os compilation failed to produce executable
FAIL: libgomp.c++/ctor-9.C -O0 (test for excess errors)
WARNING: libgomp.c++/ctor-9.C -O0 compilation failed to produce executable
FAIL: libgomp.c++/ctor-9.C -O1 (test for excess errors)
WARNING: libgomp.c++/ctor-9.C -O1 compilation failed to produce executable
FAIL: libgomp.c++/ctor-9.C -O2 (test for excess errors)
WARNING: libgomp.c++/ctor-9.C -O2 compilation failed to produce executable
FAIL: libgomp.c++/ctor-9.C -O3 -fomit-frame-pointer (test for excess errors)
WARNING: libgomp.c++/ctor-9.C -O3 -fomit-frame-pointer compilation failed to produce executable
FAIL: libgomp.c++/ctor-9.C -O3 -fomit-frame-pointer -funroll-loops (test for excess errors)
WARNING: libgomp.c++/ctor-9.C -O3 -fomit-frame-pointer -funroll-loops compilation failed to produce executable
FAIL: libgomp.c++/ctor-9.C -O3 -fomit-frame-pointer -funroll-all-loops -finline-functions (test for excess errors)
WARNING: libgomp.c++/ctor-9.C -O3 -fomit-frame-pointer -funroll-all-loops -finline-functions compilation failed to produce executable
FAIL: libgomp.c++/ctor-9.C -O3 -g (test for excess errors)
WARNING: libgomp.c++/ctor-9.C -O3 -g compilation failed to produce executable
FAIL: libgomp.c++/ctor-9.C -Os (test for excess errors)
WARNING: libgomp.c++/ctor-9.C -Os compilation failed to produce executable
FAIL: libgomp.fortran/appendix-a/a.22.7.f90 -O0 (test for excess errors)
WARNING: libgomp.fortran/appendix-a/a.22.7.f90 -O0 compilation failed to produce executable
FAIL: libgomp.fortran/appendix-a/a.22.7.f90 -O1 (test for excess errors)
WARNING: libgomp.fortran/appendix-a/a.22.7.f90 -O1 compilation failed to produce executable
FAIL: libgomp.fortran/appendix-a/a.22.7.f90 -O2 (test for excess errors)
WARNING: libgomp.fortran/appendix-a/a.22.7.f90 -O2 compilation failed to produce executable
FAIL: libgomp.fortran/appendix-a/a.22.7.f90 -O3 -fomit-frame-pointer (test for excess errors)
WARNING: libgomp.fortran/appendix-a/a.22.7.f90 -O3 -fomit-frame-pointer compilation failed to produce executable
FAIL: libgomp.fortran/appendix-a/a.22.7.f90 -O3 -fomit-frame-pointer -funroll-loops (test for excess errors)
WARNING: libgomp.fortran/appendix-a/a.22.7.f90 -O3 -fomit-frame-pointer -funroll-loops compilation failed to produce executable
FAIL: libgomp.fortran/appendix-a/a.22.7.f90 -O3 -fomit-frame-pointer -funroll-all-loops -finline-functions (test for excess errors)
WARNING: libgomp.fortran/appendix-a/a.22.7.f90 -O3 -fomit-frame-pointer -funroll-all-loops -finline-functions compilation failed to produce executable
FAIL: libgomp.fortran/appendix-a/a.22.7.f90 -O3 -g (test for excess errors)
WARNING: libgomp.fortran/appendix-a/a.22.7.f90 -O3 -g compilation failed to produce executable
FAIL: libgomp.fortran/appendix-a/a.22.7.f90 -Os (test for excess errors)
WARNING: libgomp.fortran/appendix-a/a.22.7.f90 -Os compilation failed to produce executable
FAIL: libgomp.fortran/omp_parse2.f90 -O0 execution test
FAIL: libgomp.fortran/omp_parse2.f90 -O1 execution test
FAIL: libgomp.fortran/omp_parse2.f90 -O2 execution test
FAIL: libgomp.fortran/omp_parse2.f90 -O3 -fomit-frame-pointer execution test
FAIL: libgomp.fortran/omp_parse2.f90 -O3 -fomit-frame-pointer -funroll-loops execution test
FAIL: libgomp.fortran/omp_parse2.f90 -O3 -fomit-frame-pointer -funroll-all-loops -finline-functions execution test
FAIL: libgomp.fortran/omp_parse2.f90 -O3 -g execution test
FAIL: libgomp.fortran/omp_parse2.f90 -Os execution test
FAIL: libgomp.fortran/omp_parse3.f90 -O0 (test for excess errors)
WARNING: libgomp.fortran/omp_parse3.f90 -O0 compilation failed to produce executable
FAIL: libgomp.fortran/omp_parse3.f90 -O1 (test for excess errors)
WARNING: libgomp.fortran/omp_parse3.f90 -O1 compilation failed to produce executable
FAIL: libgomp.fortran/omp_parse3.f90 -O2 (test for excess errors)
WARNING: libgomp.fortran/omp_parse3.f90 -O2 compilation failed to produce executable
FAIL: libgomp.fortran/omp_parse3.f90 -O3 -fomit-frame-pointer (test for excess errors)
WARNING: libgomp.fortran/omp_parse3.f90 -O3 -fomit-frame-pointer compilation failed to produce executable
FAIL: libgomp.fortran/omp_parse3.f90 -O3 -fomit-frame-pointer -funroll-loops (test for excess errors)
WARNING: libgomp.fortran/omp_parse3.f90 -O3 -fomit-frame-pointer -funroll-loops compilation failed to produce executable
FAIL: libgomp.fortran/omp_parse3.f90 -O3 -fomit-frame-pointer -funroll-all-loops -finline-functions (test for excess errors)
WARNING: libgomp.fortran/omp_parse3.f90 -O3 -fomit-frame-pointer -funroll-all-loops -finline-functions compilation failed to produce executable
FAIL: libgomp.fortran/omp_parse3.f90 -O3 -g (test for excess errors)
WARNING: libgomp.fortran/omp_parse3.f90 -O3 -g compilation failed to produce executable
FAIL: libgomp.fortran/omp_parse3.f90 -Os (test for excess errors)
WARNING: libgomp.fortran/omp_parse3.f90 -Os compilation failed to produce executable
FAIL: libgomp.fortran/omp_parse4.f90 -O0 execution test
FAIL: libgomp.fortran/omp_parse4.f90 -O1 execution test
FAIL: libgomp.fortran/omp_parse4.f90 -O2 execution test
FAIL: libgomp.fortran/omp_parse4.f90 -O3 -fomit-frame-pointer execution test
FAIL: libgomp.fortran/omp_parse4.f90 -O3 -fomit-frame-pointer -funroll-loops execution test
FAIL: libgomp.fortran/omp_parse4.f90 -O3 -fomit-frame-pointer -funroll-all-loops -finline-functions execution test
FAIL: libgomp.fortran/omp_parse4.f90 -O3 -g execution test
FAIL: libgomp.fortran/omp_parse4.f90 -Os execution test
FAIL: libgomp.fortran/threadprivate2.f90 -O0 (test for excess errors)
WARNING: libgomp.fortran/threadprivate2.f90 -O0 compilation failed to produce executable
FAIL: libgomp.fortran/threadprivate2.f90 -O1 (test for excess errors)
WARNING: libgomp.fortran/threadprivate2.f90 -O1 compilation failed to produce executable
FAIL: libgomp.fortran/threadprivate2.f90 -O2 (test for excess errors)
WARNING: libgomp.fortran/threadprivate2.f90 -O2 compilation failed to produce executable
FAIL: libgomp.fortran/threadprivate2.f90 -O3 -fomit-frame-pointer (test for excess errors)
WARNING: libgomp.fortran/threadprivate2.f90 -O3 -fomit-frame-pointer compilation failed to produce executable
FAIL: libgomp.fortran/threadprivate2.f90 -O3 -fomit-frame-pointer -funroll-loops (test for excess errors)
WARNING: libgomp.fortran/threadprivate2.f90 -O3 -fomit-frame-pointer -funroll-loops compilation failed to produce executable
FAIL: libgomp.fortran/threadprivate2.f90 -O3 -fomit-frame-pointer -funroll-all-loops -finline-functions (test for excess errors)
WARNING: libgomp.fortran/threadprivate2.f90 -O3 -fomit-frame-pointer -funroll-all-loops -finline-functions compilation failed to produce executable
FAIL: libgomp.fortran/threadprivate2.f90 -O3 -g (test for excess errors)
WARNING: libgomp.fortran/threadprivate2.f90 -O3 -g compilation failed to produce executable
FAIL: libgomp.fortran/threadprivate2.f90 -Os (test for excess errors)
WARNING: libgomp.fortran/threadprivate2.f90 -Os compilation failed to produce executable
FAIL: libgomp.fortran/threadprivate3.f90 -O0 (test for excess errors)
WARNING: libgomp.fortran/threadprivate3.f90 -O0 compilation failed to produce executable
FAIL: libgomp.fortran/threadprivate3.f90 -O1 (test for excess errors)
WARNING: libgomp.fortran/threadprivate3.f90 -O1 compilation failed to produce executable
FAIL: libgomp.fortran/threadprivate3.f90 -O2 (test for excess errors)
WARNING: libgomp.fortran/threadprivate3.f90 -O2 compilation failed to produce executable
FAIL: libgomp.fortran/threadprivate3.f90 -O3 -fomit-frame-pointer (test for excess errors)
WARNING: libgomp.fortran/threadprivate3.f90 -O3 -fomit-frame-pointer compilation failed to produce executable
FAIL: libgomp.fortran/threadprivate3.f90 -O3 -fomit-frame-pointer -funroll-loops (test for excess errors)
WARNING: libgomp.fortran/threadprivate3.f90 -O3 -fomit-frame-pointer -funroll-loops compilation failed to produce executable
FAIL: libgomp.fortran/threadprivate3.f90 -O3 -fomit-frame-pointer -funroll-all-loops -finline-functions (test for excess errors)
WARNING: libgomp.fortran/threadprivate3.f90 -O3 -fomit-frame-pointer -funroll-all-loops -finline-functions compilation failed to produce executable
FAIL: libgomp.fortran/threadprivate3.f90 -O3 -g (test for excess errors)
WARNING: libgomp.fortran/threadprivate3.f90 -O3 -g compilation failed to produce executable
FAIL: libgomp.fortran/threadprivate3.f90 -Os (test for excess errors)
WARNING: libgomp.fortran/threadprivate3.f90 -Os compilation failed to produce executable
=== libgomp Summary for unix/-m64 ===
# of expected passes 1324
# of unexpected failures 72
# of unsupported tests 7
=== libgomp Summary ===
# of expected passes 2648
# of unexpected failures 144
# of unsupported tests 14
=== libstdc++ tests ===
Running target unix
XPASS: 27_io/basic_istream/extractors_arithmetic/char/12.cc execution test
XPASS: 27_io/basic_istream/extractors_arithmetic/wchar_t/12.cc execution test
=== libstdc++ Summary for unix ===
# of expected passes 3532
# of unexpected successes 2
# of expected failures 12
# of unsupported tests 321
Running target unix/-m64
XPASS: 27_io/basic_istream/extractors_arithmetic/char/12.cc execution test
XPASS: 27_io/basic_istream/extractors_arithmetic/wchar_t/12.cc execution test
XPASS: 27_io/fpos/14320-1.cc execution test
=== libstdc++ Summary for unix/-m64 ===
# of expected passes 3532
# of unexpected successes 3
# of expected failures 11
# of unsupported tests 321
=== libstdc++ Summary ===
# of expected passes 7064
# of unexpected successes 5
# of expected failures 23
# of unsupported tests 642
Compiler version: 4.2.0 20060604 (experimental)
Platform: sparc-sun-solaris2.10
configure flags: --prefix=/opt/build/eric/local/gcc --with-gmp=/opt/build/eric/local --with-mpfr=/opt/build/eric/local --with-local-prefix=/opt/build/eric/local --enable-checking=assert,gc,misc,rtl,rtlflag,runtime,tree --disable-libgcj --enable-languages=c,c++,fortran,java,objc,obj-c++
BOOT_CFLAGS=-g -O2