This is the mail archive of the gcc-testresults@gcc.gnu.org mailing list for the GCC project.


Index Nav: [Date Index] [Subject Index] [Author Index] [Thread Index]
Message Nav: [Date Prev] [Date Next] [Thread Prev] [Thread Next]
Other format: [Raw text]

Results for 3.4.6 testsuite on hppa64-hp-hpux11.00


LAST_UPDATED: Sat Jun  3 15:54:44 UTC 2006 (revision 114341)

Native configuration is hppa64-hp-hpux11.00

		=== g++ tests ===


Running target unix

		=== g++ Summary ===

# of expected passes		9588
# of expected failures		69
# of unsupported tests		83
/home/gnu/gcc/objdir/gcc/testsuite/../g++  version 3.4.6

		=== g77 tests ===


Running target unix

		=== g77 Summary ===

# of expected passes		1812
# of unsupported tests		6
/home/gnu/gcc/objdir/gcc/testsuite/../g77  version 3.4.6

		=== gcc tests ===


Running target unix
FAIL: gcc.c-torture/compile/20050113-1.c  -O1  (test for excess errors)
FAIL: gcc.c-torture/compile/20050113-1.c  -O2  (test for excess errors)
FAIL: gcc.c-torture/compile/20050113-1.c  -O3 -fomit-frame-pointer  (test for excess errors)
FAIL: gcc.c-torture/compile/20050113-1.c  -O3 -g  (test for excess errors)
FAIL: gcc.c-torture/compile/20050113-1.c  -Os  (test for excess errors)
XPASS: gcc.dg/cpp/cmdlne-dI-M.c scan-file (^|\\\\n)cmdlne-dI-M.*:[^\\\\n]*cmdlne-dI-M.c
XPASS: gcc.dg/cpp/cmdlne-dM-M.c scan-file (^|\\\\n)cmdlne-dM-M[^\\\\n]*:[^\\\\n]*cmdlne-dM-M.c
FAIL: gcc.dg/noreturn-7.c  (test for warnings, line 21)
FAIL: gcc.dg/sibcall-1.c execution test
FAIL: gcc.dg/sibcall-2.c execution test
FAIL: gcc.dg/sibcall-3.c execution test
FAIL: gcc.dg/sibcall-4.c execution test

		=== gcc Summary ===

# of expected passes		24447
# of unexpected failures	10
# of unexpected successes	2
# of expected failures		73
# of untested testcases		7
# of unsupported tests		378
/home/gnu/gcc/objdir/gcc/xgcc version 3.4.6

		=== objc tests ===


Running target unix

		=== objc Summary ===

# of expected passes		1352
# of unsupported tests		8
/home/gnu/gcc/objdir/gcc/xgcc  version 3.4.6

		=== libstdc++ tests ===


Running target unix

		=== libstdc++ Summary ===

# of expected passes		2039
# of expected failures		4
# of unsupported tests		9

Compiler version: 3.4.6 
Platform: hppa64-hp-hpux11.00
configure flags: --with-gnu-as --with-as=/opt/gnu64/bin/as --with-ld=/usr/ccs/bin/ld --enable-shared --with-local-prefix=/opt/gnu64 --prefix=/opt/gnu64/gcc/gcc-3.4.6 --host=hppa64-hp-hpux11.00 --disable-nls -enable-languages=c,c++,f77,java,objc


Index Nav: [Date Index] [Subject Index] [Author Index] [Thread Index]
Message Nav: [Date Prev] [Date Next] [Thread Prev] [Thread Next]