This is the mail archive of the
gcc-testresults@gcc.gnu.org
mailing list for the GCC project.
Results for 4.1.1 testsuite on sparc-sun-solaris2.8
- From: Joe Buck <Joe dot Buck at synopsys dot com>
- To: gcc-testresults at gcc dot gnu dot org
- Date: Sat, 3 Jun 2006 13:08:40 -0700 (PDT)
- Subject: Results for 4.1.1 testsuite on sparc-sun-solaris2.8
OS: Solaris 8 (or 2.8, or SunOS 5.8, you pick)
System: 4-way 400 MHz SUNW,UltraSPARC-II, 4GB RAM, 6.4GB swap
GNU as and GNU ld used (version 2.16.1)
+ patch at http://sourceware.org/ml/binutils-cvs/2005-01/msg00019.html )
gcc 2.95.2 used for bootstrapping
Only C, C++, ObjC are tested (no Java).
LAST_UPDATED: Obtained from SVN: tags/gcc_4_1_1_release revision 114100
Native configuration is sparc-sun-solaris2.8
=== g++ tests ===
Running target unix
XPASS: g++.dg/other/ucnid-1.C (test for excess errors)
XPASS: g++.dg/tree-ssa/pr14814.C scan-tree-dump-times &this 0
XPASS: g++.dg/special/conpr-2.C execution test
XPASS: g++.dg/special/initp1.C execution test
=== g++ Summary for unix ===
# of expected passes 11973
# of unexpected successes 4
# of expected failures 68
# of unsupported tests 120
Running target unix/-m64
XPASS: g++.dg/other/ucnid-1.C (test for excess errors)
XPASS: g++.dg/tree-ssa/pr14814.C scan-tree-dump-times &this 0
XPASS: g++.dg/special/conpr-2.C execution test
XPASS: g++.dg/special/initp1.C execution test
=== g++ Summary for unix/-m64 ===
# of expected passes 11941
# of unexpected successes 4
# of expected failures 68
# of unsupported tests 122
=== g++ Summary ===
# of expected passes 23914
# of unexpected successes 8
# of expected failures 136
# of unsupported tests 242
/remote/atg2/jbuck/solaris.tmp/411/gcc/testsuite/g++/../../g++ version 4.1.1
=== gcc tests ===
Running target unix
WARNING: program timed out.
FAIL: gcc.c-torture/compile/20001226-1.c -O2 (test for excess errors)
WARNING: program timed out.
FAIL: gcc.c-torture/compile/20001226-1.c -O3 -fomit-frame-pointer (test for excess errors)
WARNING: program timed out.
FAIL: gcc.c-torture/compile/20001226-1.c -O3 -g (test for excess errors)
WARNING: program timed out.
FAIL: gcc.c-torture/compile/20001226-1.c -Os (test for excess errors)
XPASS: gcc.dg/ucnid-2.c (test for excess errors)
XPASS: gcc.dg/ucnid-3.c (test for excess errors)
XPASS: gcc.dg/ucnid-4.c (test for excess errors)
XPASS: gcc.dg/vect/pr20122.c scan-tree-dump-times vectorized 1 loops 2
XPASS: gcc.dg/vect/vect-105.c scan-tree-dump-times vectorized 1 loops 1
XPASS: gcc.dg/vect/vect-75.c scan-tree-dump-times vectorized 1 loops 1
=== gcc Summary for unix ===
# of expected passes 37539
# of unexpected failures 4
# of unexpected successes 6
# of expected failures 107
# of untested testcases 28
# of unsupported tests 397
Running target unix/-m64
WARNING: program timed out.
FAIL: gcc.c-torture/compile/20001226-1.c -O2 (test for excess errors)
WARNING: program timed out.
FAIL: gcc.c-torture/compile/20001226-1.c -O3 -fomit-frame-pointer (test for excess errors)
WARNING: program timed out.
FAIL: gcc.c-torture/compile/20001226-1.c -O3 -g (test for excess errors)
WARNING: program timed out.
FAIL: gcc.c-torture/compile/20001226-1.c -Os (test for excess errors)
XPASS: gcc.dg/ucnid-2.c (test for excess errors)
XPASS: gcc.dg/ucnid-3.c (test for excess errors)
XPASS: gcc.dg/ucnid-4.c (test for excess errors)
FAIL: gcc.dg/special/gcsec-1.c (test for excess errors)
WARNING: gcc.dg/special/gcsec-1.c compilation failed to produce executable
XPASS: gcc.dg/vect/pr20122.c scan-tree-dump-times vectorized 1 loops 2
XPASS: gcc.dg/vect/vect-105.c scan-tree-dump-times vectorized 1 loops 1
XPASS: gcc.dg/vect/vect-75.c scan-tree-dump-times vectorized 1 loops 1
=== gcc Summary for unix/-m64 ===
# of expected passes 37531
# of unexpected failures 5
# of unexpected successes 6
# of expected failures 107
# of untested testcases 28
# of unsupported tests 400
=== gcc Summary ===
# of expected passes 75070
# of unexpected failures 9
# of unexpected successes 12
# of expected failures 214
# of untested testcases 56
# of unsupported tests 797
/remote/atg2/jbuck/solaris.tmp/411/gcc/xgcc version 4.1.1
=== objc tests ===
Running target unix
=== objc Summary for unix ===
# of expected passes 1686
# of unsupported tests 22
Running target unix/-m64
=== objc Summary for unix/-m64 ===
# of expected passes 1686
# of unsupported tests 22
=== objc Summary ===
# of expected passes 3372
# of unsupported tests 44
/remote/atg2/jbuck/solaris.tmp/411/gcc/xgcc version 4.1.1
=== libstdc++ tests ===
Running target unix
=== libstdc++ Summary for unix ===
# of expected passes 3398
# of expected failures 14
# of unsupported tests 321
Running target unix/-m64
=== libstdc++ Summary for unix/-m64 ===
# of expected passes 3398
# of expected failures 14
# of unsupported tests 321
=== libstdc++ Summary ===
# of expected passes 6796
# of expected failures 28
# of unsupported tests 642
Compiler version: 4.1.1
Platform: sparc-sun-solaris2.8
configure flags: --prefix=/u/jbuck/cvs.sol2/4.1.1 --with-gnu-as --with-as=/u/jbuck/gnu.sol2/bin/as --with-gnu-ld --with-ld=/u/jbuck/gnu.sol2/bin/ld --with-libiconv-prefix=/depot/libiconv --enable-languages=c,c++,objc