This is the mail archive of the
gcc-testresults@gcc.gnu.org
mailing list for the GCC project.
Results for 4.2.0 20060206 (experimental) testsuite on i386-pc-solaris2.10
- From: Rainer Orth <ro at TechFak dot Uni-Bielefeld dot DE>
- To: gcc-testresults at gcc dot gnu dot org
- Date: Fri, 2 Jun 2006 21:06:21 +0200 (MEST)
- Subject: Results for 4.2.0 20060206 (experimental) testsuite on i386-pc-solaris2.10
LAST_UPDATED: Mon Feb 6 23:00:33 UTC 2006 (revision 110669M)
=== acats tests ===
FAIL: c32001e
FAIL: c62003a
FAIL: c62003b
FAIL: c64103e
FAIL: c64103f
FAIL: c64104i
FAIL: c64104j
FAIL: c64104k
FAIL: c64104l
FAIL: c64104m
FAIL: c64104n
FAIL: c64105b
FAIL: c94002f
FAIL: c94002g
FAIL: c95086b
FAIL: c96005d
FAIL: cb4001a
FAIL: cc3017c
FAIL: cc3120a
FAIL: cdd2a02
=== acats Summary ===
# of expected passes 2296
# of unexpected failures 20
Native configuration is i386-pc-solaris2.10
=== g++ tests ===
Running target unix
FAIL: g++.dg/debug/const1.C (test for excess errors)
FAIL: g++.dg/debug/const1.C (test for excess errors)
FAIL: g++.dg/debug/const1.C (test for excess errors)
FAIL: g++.dg/debug/const1.C (test for excess errors)
FAIL: g++.dg/debug/const1.C (test for excess errors)
FAIL: g++.dg/debug/const1.C (test for excess errors)
FAIL: g++.dg/debug/const1.C (test for excess errors)
FAIL: g++.dg/debug/const1.C (test for excess errors)
FAIL: g++.dg/debug/const1.C (test for excess errors)
FAIL: g++.dg/debug/debug4.C (test for excess errors)
FAIL: g++.dg/debug/debug4.C (test for excess errors)
FAIL: g++.dg/debug/debug4.C (test for excess errors)
FAIL: g++.dg/debug/debug4.C (test for excess errors)
FAIL: g++.dg/debug/debug4.C (test for excess errors)
FAIL: g++.dg/debug/debug4.C (test for excess errors)
FAIL: g++.dg/debug/debug4.C (test for excess errors)
FAIL: g++.dg/debug/debug4.C (test for excess errors)
FAIL: g++.dg/debug/debug4.C (test for excess errors)
FAIL: g++.dg/debug/debug9.C (test for excess errors)
FAIL: g++.dg/debug/debug9.C (test for excess errors)
FAIL: g++.dg/debug/debug9.C (test for excess errors)
FAIL: g++.dg/debug/debug9.C (test for excess errors)
FAIL: g++.dg/debug/debug9.C (test for excess errors)
FAIL: g++.dg/debug/debug9.C (test for excess errors)
FAIL: g++.dg/debug/debug9.C (test for excess errors)
FAIL: g++.dg/debug/debug9.C (test for excess errors)
FAIL: g++.dg/debug/debug9.C (test for excess errors)
FAIL: g++.dg/debug/trivial.C (test for excess errors)
WARNING: g++.dg/debug/trivial.C compilation failed to produce executable
FAIL: g++.dg/debug/trivial.C (test for excess errors)
WARNING: g++.dg/debug/trivial.C compilation failed to produce executable
FAIL: g++.dg/debug/trivial.C (test for excess errors)
WARNING: g++.dg/debug/trivial.C compilation failed to produce executable
FAIL: g++.dg/debug/trivial.C (test for excess errors)
WARNING: g++.dg/debug/trivial.C compilation failed to produce executable
FAIL: g++.dg/debug/trivial.C (test for excess errors)
WARNING: g++.dg/debug/trivial.C compilation failed to produce executable
FAIL: g++.dg/debug/trivial.C (test for excess errors)
WARNING: g++.dg/debug/trivial.C compilation failed to produce executable
FAIL: g++.dg/debug/trivial.C (test for excess errors)
WARNING: g++.dg/debug/trivial.C compilation failed to produce executable
FAIL: g++.dg/debug/trivial.C (test for excess errors)
WARNING: g++.dg/debug/trivial.C compilation failed to produce executable
FAIL: g++.dg/debug/trivial.C (test for excess errors)
WARNING: g++.dg/debug/trivial.C compilation failed to produce executable
FAIL: g++.dg/eh/simd-1.C (test for excess errors)
WARNING: g++.dg/eh/simd-1.C compilation failed to produce executable
FAIL: g++.dg/init/ctor4.C (test for excess errors)
FAIL: g++.dg/opt/complex5.C (test for excess errors)
WARNING: g++.dg/other/ucnid-1.C compilation failed to produce executable
FAIL: g++.dg/parse/register1.C (test for excess errors)
FAIL: g++.old-deja/g++.brendan/warnings4.C (test for excess errors)
FAIL: g++.old-deja/g++.jason/overload34.C (test for excess errors)
FAIL: g++.old-deja/g++.mike/p11110.C (test for excess errors)
=== g++ Summary ===
# of expected passes 11888
# of unexpected failures 43
# of expected failures 68
# of unsupported tests 113
/vol/gcc/obj/gcc-4.2.0-20060206/10-gcc/gcc/testsuite/g++/../../g++ version 4.2.0 20060206 (experimental)
=== gcc tests ===
Running target unix
FAIL: gcc.c-torture/execute/20050316-1.c compilation, -O0
UNRESOLVED: gcc.c-torture/execute/20050316-1.c execution, -O0
FAIL: gcc.c-torture/execute/20050316-1.c compilation, -O1
UNRESOLVED: gcc.c-torture/execute/20050316-1.c execution, -O1
FAIL: gcc.c-torture/execute/20050316-1.c compilation, -O2
UNRESOLVED: gcc.c-torture/execute/20050316-1.c execution, -O2
FAIL: gcc.c-torture/execute/20050316-1.c compilation, -O3 -fomit-frame-pointer
UNRESOLVED: gcc.c-torture/execute/20050316-1.c execution, -O3 -fomit-frame-pointer
FAIL: gcc.c-torture/execute/20050316-1.c compilation, -O3 -g
UNRESOLVED: gcc.c-torture/execute/20050316-1.c execution, -O3 -g
FAIL: gcc.c-torture/execute/20050316-1.c compilation, -Os
UNRESOLVED: gcc.c-torture/execute/20050316-1.c execution, -Os
FAIL: gcc.c-torture/execute/20050316-3.c compilation, -O0
UNRESOLVED: gcc.c-torture/execute/20050316-3.c execution, -O0
FAIL: gcc.c-torture/execute/20050316-3.c compilation, -O1
UNRESOLVED: gcc.c-torture/execute/20050316-3.c execution, -O1
FAIL: gcc.c-torture/execute/20050316-3.c compilation, -O2
UNRESOLVED: gcc.c-torture/execute/20050316-3.c execution, -O2
FAIL: gcc.c-torture/execute/20050316-3.c compilation, -O3 -fomit-frame-pointer
UNRESOLVED: gcc.c-torture/execute/20050316-3.c execution, -O3 -fomit-frame-pointer
FAIL: gcc.c-torture/execute/20050316-3.c compilation, -O3 -g
UNRESOLVED: gcc.c-torture/execute/20050316-3.c execution, -O3 -g
FAIL: gcc.c-torture/execute/20050316-3.c compilation, -Os
UNRESOLVED: gcc.c-torture/execute/20050316-3.c execution, -Os
FAIL: gcc.c-torture/execute/simd-6.c compilation, -O0
UNRESOLVED: gcc.c-torture/execute/simd-6.c execution, -O0
FAIL: gcc.c-torture/execute/simd-6.c compilation, -O1
UNRESOLVED: gcc.c-torture/execute/simd-6.c execution, -O1
FAIL: gcc.c-torture/execute/simd-6.c compilation, -O2
UNRESOLVED: gcc.c-torture/execute/simd-6.c execution, -O2
FAIL: gcc.c-torture/execute/simd-6.c compilation, -O3 -fomit-frame-pointer
UNRESOLVED: gcc.c-torture/execute/simd-6.c execution, -O3 -fomit-frame-pointer
FAIL: gcc.c-torture/execute/simd-6.c compilation, -O3 -g
UNRESOLVED: gcc.c-torture/execute/simd-6.c execution, -O3 -g
FAIL: gcc.c-torture/execute/simd-6.c compilation, -Os
UNRESOLVED: gcc.c-torture/execute/simd-6.c execution, -Os
FAIL: gcc.dg/compat/vector-1 c_compat_x_tst.o compile
FAIL: gcc.dg/compat/vector-1 c_compat_y_tst.o compile
UNRESOLVED: gcc.dg/compat/vector-1 c_compat_x_tst.o-c_compat_y_tst.o link
UNRESOLVED: gcc.dg/compat/vector-1 c_compat_x_tst.o-c_compat_y_tst.o execute
FAIL: gcc.dg/debug/20020220-1.c (test for excess errors)
WARNING: gcc.dg/debug/20020220-1.c compilation failed to produce executable
FAIL: gcc.dg/debug/20020220-1.c (test for excess errors)
WARNING: gcc.dg/debug/20020220-1.c compilation failed to produce executable
FAIL: gcc.dg/debug/20020220-1.c (test for excess errors)
WARNING: gcc.dg/debug/20020220-1.c compilation failed to produce executable
FAIL: gcc.dg/debug/20020220-1.c (test for excess errors)
WARNING: gcc.dg/debug/20020220-1.c compilation failed to produce executable
FAIL: gcc.dg/debug/20020220-1.c (test for excess errors)
WARNING: gcc.dg/debug/20020220-1.c compilation failed to produce executable
FAIL: gcc.dg/debug/20020220-1.c (test for excess errors)
WARNING: gcc.dg/debug/20020220-1.c compilation failed to produce executable
FAIL: gcc.dg/debug/20020220-1.c (test for excess errors)
WARNING: gcc.dg/debug/20020220-1.c compilation failed to produce executable
FAIL: gcc.dg/debug/20020220-1.c (test for excess errors)
WARNING: gcc.dg/debug/20020220-1.c compilation failed to produce executable
FAIL: gcc.dg/debug/20020220-1.c (test for excess errors)
WARNING: gcc.dg/debug/20020220-1.c compilation failed to produce executable
FAIL: gcc.dg/debug/20020327-1.c (test for excess errors)
FAIL: gcc.dg/debug/20020327-1.c (test for excess errors)
FAIL: gcc.dg/debug/20020327-1.c (test for excess errors)
FAIL: gcc.dg/debug/20020327-1.c (test for excess errors)
FAIL: gcc.dg/debug/20020327-1.c (test for excess errors)
FAIL: gcc.dg/debug/20020327-1.c (test for excess errors)
FAIL: gcc.dg/debug/20020327-1.c (test for excess errors)
FAIL: gcc.dg/debug/20020327-1.c (test for excess errors)
FAIL: gcc.dg/debug/20020327-1.c (test for excess errors)
FAIL: gcc.dg/debug/20050907-1.c (test for excess errors)
FAIL: gcc.dg/debug/20050907-1.c (test for excess errors)
FAIL: gcc.dg/debug/20050907-1.c (test for excess errors)
FAIL: gcc.dg/debug/20050907-1.c (test for excess errors)
FAIL: gcc.dg/debug/20050907-1.c (test for excess errors)
FAIL: gcc.dg/debug/20050907-1.c (test for excess errors)
FAIL: gcc.dg/debug/20050907-1.c (test for excess errors)
FAIL: gcc.dg/debug/20050907-1.c (test for excess errors)
FAIL: gcc.dg/debug/20050907-1.c (test for excess errors)
FAIL: gcc.dg/debug/trivial.c (test for excess errors)
WARNING: gcc.dg/debug/trivial.c compilation failed to produce executable
FAIL: gcc.dg/debug/trivial.c (test for excess errors)
WARNING: gcc.dg/debug/trivial.c compilation failed to produce executable
FAIL: gcc.dg/debug/trivial.c (test for excess errors)
WARNING: gcc.dg/debug/trivial.c compilation failed to produce executable
FAIL: gcc.dg/debug/trivial.c (test for excess errors)
WARNING: gcc.dg/debug/trivial.c compilation failed to produce executable
FAIL: gcc.dg/debug/trivial.c (test for excess errors)
WARNING: gcc.dg/debug/trivial.c compilation failed to produce executable
FAIL: gcc.dg/debug/trivial.c (test for excess errors)
WARNING: gcc.dg/debug/trivial.c compilation failed to produce executable
FAIL: gcc.dg/debug/trivial.c (test for excess errors)
WARNING: gcc.dg/debug/trivial.c compilation failed to produce executable
FAIL: gcc.dg/debug/trivial.c (test for excess errors)
WARNING: gcc.dg/debug/trivial.c compilation failed to produce executable
FAIL: gcc.dg/debug/trivial.c (test for excess errors)
WARNING: gcc.dg/debug/trivial.c compilation failed to produce executable
FAIL: gcc.dg/pragma-init-fini-2.c (test for excess errors)
FAIL: gcc.dg/pragma-init-fini.c (test for excess errors)
WARNING: gcc.dg/pragma-init-fini.c compilation failed to produce executable
FAIL: gcc.dg/single-precision-constant.c (test for excess errors)
WARNING: gcc.dg/single-precision-constant.c compilation failed to produce executable
WARNING: gcc.dg/ucnid-2.c compilation failed to produce executable
WARNING: gcc.dg/ucnid-3.c compilation failed to produce executable
WARNING: gcc.dg/ucnid-4.c compilation failed to produce executable
FAIL: gcc.dg/format/unnamed-1.c (test for excess errors)
FAIL: gcc.dg/format/unnamed-1.c (test for excess errors)
FAIL: largefile.c (test for excess errors)
FAIL: largefile.c (test for excess errors)
FAIL: largefile.c (test for excess errors)
FAIL: largefile.c (test for excess errors)
FAIL: largefile.c (test for excess errors)
FAIL: largefile.c (test for excess errors)
FAIL: largefile.c (test for excess errors)
XPASS: gcc.dg/tree-ssa/20040204-1.c scan-tree-dump-times link_error 0
FAIL: gcc.target/i386/20011009-1.c (test for excess errors)
WARNING: gcc.target/i386/20011009-1.c compilation failed to produce executable
FAIL: gcc.target/i386/3dnow-1.c (test for excess errors)
FAIL: gcc.target/i386/3dnow-2.c (test for excess errors)
FAIL: gcc.target/i386/3dnowA-1.c (test for excess errors)
FAIL: gcc.target/i386/3dnowA-2.c (test for excess errors)
FAIL: gcc.target/i386/abi-1.c scan-assembler xmm0
=== gcc Summary ===
# of expected passes 38302
# of unexpected failures 74
# of unexpected successes 1
# of expected failures 110
# of unresolved testcases 20
# of untested testcases 35
# of unsupported tests 322
/vol/gcc/obj/gcc-4.2.0-20060206/10-gcc/gcc/xgcc version 4.2.0 20060206 (experimental)
=== gfortran tests ===
Running target unix
=== gfortran Summary ===
# of expected passes 11524
# of expected failures 7
# of unsupported tests 32
/vol/gcc/obj/gcc-4.2.0-20060206/10-gcc/gcc/testsuite/gfortran/../../gfortran version 4.2.0 20060206 (experimental)
=== objc tests ===
Running target unix
=== objc Summary ===
# of expected passes 1745
# of expected failures 7
# of unsupported tests 23
/vol/gcc/obj/gcc-4.2.0-20060206/10-gcc/gcc/xgcc version 4.2.0 20060206 (experimental)
=== libffi tests ===
Running target unix
FAIL: libffi.special/unwindtest.cc execution test
=== libffi Summary ===
# of expected passes 226
# of unexpected failures 1
# of unsupported tests 2
=== libgomp tests ===
Running target unix
FAIL: libgomp.c/appendix-a/a.15.1.c (test for excess errors)
FAIL: libgomp.c/appendix-a/a.16.1.c (test for excess errors)
FAIL: libgomp.c/appendix-a/a.18.1.c (test for excess errors)
FAIL: libgomp.c/appendix-a/a.19.1.c (test for excess errors)
FAIL: libgomp.c/appendix-a/a.2.1.c (test for excess errors)
FAIL: libgomp.c/appendix-a/a.21.1.c (test for excess errors)
FAIL: libgomp.c/appendix-a/a.26.1.c (test for excess errors)
FAIL: libgomp.c/appendix-a/a.29.1.c (test for excess errors)
FAIL: libgomp.c/appendix-a/a.3.1.c (test for excess errors)
FAIL: libgomp.c/appendix-a/a.33.3.c (test for excess errors)
FAIL: libgomp.c/appendix-a/a.36.1.c (test for excess errors)
FAIL: libgomp.c/appendix-a/a.39.1.c (test for excess errors)
FAIL: libgomp.c/appendix-a/a.4.1.c (test for excess errors)
FAIL: libgomp.c/appendix-a/a.40.1.c (test for excess errors)
FAIL: libgomp.c/appendix-a/a.5.1.c (test for excess errors)
FAIL: libgomp.c/atomic-1.c (test for excess errors)
FAIL: libgomp.c/atomic-10.c (test for excess errors)
FAIL: libgomp.c/atomic-2.c (test for excess errors)
FAIL: libgomp.c/barrier-1.c (test for excess errors)
FAIL: libgomp.c/critical-1.c (test for excess errors)
FAIL: libgomp.c/critical-2.c (test for excess errors)
FAIL: libgomp.c/lib-1.c (test for excess errors)
FAIL: libgomp.c/loop-1.c (test for excess errors)
FAIL: libgomp.c/loop-2.c (test for excess errors)
FAIL: libgomp.c/loop-3.c (test for excess errors)
FAIL: libgomp.c/nested-1.c (test for excess errors)
FAIL: libgomp.c/nested-2.c (test for excess errors)
FAIL: libgomp.c/nestedfn-1.c (test for excess errors)
FAIL: libgomp.c/nestedfn-2.c (test for excess errors)
FAIL: libgomp.c/nestedfn-3.c (test for excess errors)
FAIL: libgomp.c/omp-loop01.c (test for excess errors)
FAIL: libgomp.c/omp-loop02.c (test for excess errors)
FAIL: libgomp.c/omp-loop03.c (test for excess errors)
FAIL: libgomp.c/omp-nested-1.c (test for excess errors)
FAIL: libgomp.c/omp-parallel-for.c (test for excess errors)
FAIL: libgomp.c/omp-parallel-if.c (test for excess errors)
FAIL: libgomp.c/omp-single-1.c (test for excess errors)
FAIL: libgomp.c/omp-single-2.c (test for excess errors)
FAIL: libgomp.c/omp-single-3.c (test for excess errors)
FAIL: libgomp.c/omp_hello.c (test for excess errors)
FAIL: libgomp.c/omp_matvec.c (test for excess errors)
FAIL: libgomp.c/omp_orphan.c (test for excess errors)
FAIL: libgomp.c/omp_reduction.c (test for excess errors)
FAIL: libgomp.c/omp_workshare1.c (test for excess errors)
FAIL: libgomp.c/omp_workshare2.c (test for excess errors)
FAIL: libgomp.c/omp_workshare3.c (test for excess errors)
FAIL: libgomp.c/omp_workshare4.c (test for excess errors)
FAIL: libgomp.c/ordered-1.c (test for excess errors)
FAIL: libgomp.c/ordered-2.c (test for excess errors)
FAIL: libgomp.c/ordered-3.c (test for excess errors)
FAIL: libgomp.c/parallel-1.c (test for excess errors)
FAIL: libgomp.c/reduction-1.c (test for excess errors)
FAIL: libgomp.c/reduction-2.c (test for excess errors)
FAIL: libgomp.c/reduction-3.c (test for excess errors)
FAIL: libgomp.c/reduction-4.c (test for excess errors)
FAIL: libgomp.c/sections-1.c (test for excess errors)
FAIL: libgomp.c/shared-1.c (test for excess errors)
FAIL: libgomp.c/shared-2.c (test for excess errors)
FAIL: libgomp.c/shared-3.c (test for excess errors)
FAIL: libgomp.c/single-1.c (test for excess errors)
FAIL: libgomp.c/single-2.c (test for excess errors)
FAIL: libgomp.c/vla-1.c (test for excess errors)
=== libgomp Summary ===
# of expected passes 60
# of unexpected failures 62
# of unsupported tests 5
=== libjava tests ===
Running target unix
FAIL: PR9577 output
FAIL: longfield output
FAIL: shortfield output
FAIL: simple output
FAIL: /vol/gcc/src/gcc-dist/libjava/testsuite/libjava.jar/simple.jar output - gij test
FAIL: PR15133 output
FAIL: PR18116 output
FAIL: bytebuffer output
FAIL: calls output
FAIL: cxxtest output
FAIL: directbuffer output
FAIL: field output
FAIL: final_method output
FAIL: findclass output
FAIL: iface output
FAIL: invoke output
FAIL: jniutf output
FAIL: martin output
FAIL: noclass output
FAIL: overload output
FAIL: pr11951 run
FAIL: pr18278 output
FAIL: pr23739 output
FAIL: register output
FAIL: simple_int output
FAIL: throwit output
FAIL: virtual output
FAIL: PR16923 output
FAIL: ArrayStore output - source compiled test
FAIL: ArrayStore execution - gij test
FAIL: ArrayStore -O3 output - source compiled test
FAIL: ArrayStore execution - gij test
FAIL: ArrayStore2 output - gij test
FAIL: ArrayStore2 output - bytecode->native test
FAIL: ArrayStore2 output - gij test
FAIL: ArrayStore2 -O3 output - bytecode->native test
FAIL: Array_1 output - source compiled test
FAIL: Array_1 output - gij test
FAIL: Array_1 output - bytecode->native test
FAIL: Array_1 -O3 output - source compiled test
FAIL: Array_1 output - gij test
FAIL: Array_1 -O3 output - bytecode->native test
FAIL: Array_2 output - source compiled test
FAIL: Array_2 output - gij test
FAIL: Array_2 output - bytecode->native test
FAIL: Array_2 -O3 output - source compiled test
FAIL: Array_2 output - gij test
FAIL: Array_2 -O3 output - bytecode->native test
FAIL: Array_3 output - source compiled test
FAIL: Array_3 execution - gij test
FAIL: Array_3 output - bytecode->native test
FAIL: Array_3 -O3 output - source compiled test
FAIL: Array_3 execution - gij test
FAIL: Array_3 -O3 output - bytecode->native test
FAIL: Class_1 execution - source compiled test
FAIL: Class_1 execution - gij test
FAIL: Class_1 execution - bytecode->native test
FAIL: Class_1 -O3 execution - source compiled test
FAIL: Class_1 execution - gij test
FAIL: Class_1 -O3 execution - bytecode->native test
FAIL: CompareNaN output - source compiled test
FAIL: CompareNaN output - gij test
FAIL: CompareNaN output - bytecode->native test
FAIL: CompareNaN -O3 output - source compiled test
FAIL: CompareNaN output - gij test
FAIL: CompareNaN -O3 output - bytecode->native test
FAIL: Divide_1 output - source compiled test
FAIL: Divide_1 output - gij test
FAIL: Divide_1 output - bytecode->native test
FAIL: Divide_1 -O3 output - source compiled test
FAIL: Divide_1 output - gij test
FAIL: Divide_1 -O3 output - bytecode->native test
FAIL: EvaluationOrder output - source compiled test
FAIL: EvaluationOrder output - gij test
FAIL: EvaluationOrder output - bytecode->native test
FAIL: EvaluationOrder -O3 output - source compiled test
FAIL: EvaluationOrder output - gij test
FAIL: EvaluationOrder -O3 output - bytecode->native test
FAIL: ExtraClassLoader output - source compiled test
FAIL: ExtraClassLoader output - gij test
FAIL: ExtraClassLoader output - bytecode->native test
FAIL: ExtraClassLoader -O3 output - source compiled test
FAIL: ExtraClassLoader output - gij test
FAIL: ExtraClassLoader -O3 output - bytecode->native test
FAIL: FileHandleGcTest execution - source compiled test
FAIL: FileHandleGcTest execution - gij test
FAIL: FileHandleGcTest execution - bytecode->native test
FAIL: FileHandleGcTest -O3 execution - source compiled test
FAIL: FileHandleGcTest execution - gij test
FAIL: FileHandleGcTest -O3 execution - bytecode->native test
FAIL: Final output - source compiled test
FAIL: Final output - gij test
FAIL: Final output - bytecode->native test
FAIL: Final -O3 output - source compiled test
FAIL: Final output - gij test
FAIL: Final -O3 output - bytecode->native test
FAIL: Float_1 output - source compiled test
FAIL: Float_1 output - gij test
FAIL: Float_1 output - bytecode->native test
FAIL: Float_1 -O3 output - source compiled test
FAIL: Float_1 output - gij test
FAIL: Float_1 -O3 output - bytecode->native test
FAIL: G19990301_01 output - source compiled test
FAIL: G19990301_01 output - gij test
FAIL: G19990301_01 output - bytecode->native test
FAIL: G19990301_01 -O3 output - source compiled test
FAIL: G19990301_01 output - gij test
FAIL: G19990301_01 -O3 output - bytecode->native test
FAIL: G19990302_02 output - source compiled test
FAIL: G19990302_02 output - gij test
FAIL: G19990302_02 output - bytecode->native test
FAIL: G19990302_02 -O3 output - source compiled test
FAIL: G19990302_02 output - gij test
FAIL: G19990302_02 -O3 output - bytecode->native test
FAIL: G19990303_01 output - source compiled test
FAIL: G19990303_01 output - gij test
FAIL: G19990303_01 output - bytecode->native test
FAIL: G19990303_01 -O3 output - source compiled test
FAIL: G19990303_01 output - gij test
FAIL: G19990303_01 -O3 output - bytecode->native test
FAIL: G19990303_02 output - source compiled test
FAIL: G19990303_02 output - gij test
FAIL: G19990303_02 output - bytecode->native test
FAIL: G19990303_02 -O3 output - source compiled test
FAIL: G19990303_02 output - gij test
FAIL: G19990303_02 -O3 output - bytecode->native test
FAIL: G19990304_01 output - source compiled test
FAIL: G19990304_01 output - gij test
FAIL: G19990304_01 output - bytecode->native test
FAIL: G19990304_01 -O3 output - source compiled test
FAIL: G19990304_01 output - gij test
FAIL: G19990304_01 -O3 output - bytecode->native test
FAIL: G19990310_01 output - source compiled test
FAIL: G19990310_01 output - gij test
FAIL: G19990310_01 output - bytecode->native test
FAIL: G19990310_01 -O3 output - source compiled test
FAIL: G19990310_01 output - gij test
FAIL: G19990310_01 -O3 output - bytecode->native test
FAIL: II output - source compiled test
FAIL: II output - gij test
FAIL: II output - bytecode->native test
FAIL: II -O3 output - source compiled test
FAIL: II output - gij test
FAIL: II -O3 output - bytecode->native test
FAIL: InterfaceDispatch output - source compiled test
FAIL: InterfaceDispatch output - gij test
FAIL: InterfaceDispatch output - bytecode->native test
FAIL: InterfaceDispatch -O3 output - source compiled test
FAIL: InterfaceDispatch output - gij test
FAIL: InterfaceDispatch -O3 output - bytecode->native test
FAIL: InvokeInterface output - source compiled test
FAIL: InvokeInterface execution - gij test
FAIL: InvokeInterface execution - bytecode->native test
FAIL: InvokeInterface -O3 output - source compiled test
FAIL: InvokeInterface execution - gij test
FAIL: InvokeInterface -O3 execution - bytecode->native test
FAIL: InvokeReturn output - source compiled test
FAIL: InvokeReturn output - gij test
FAIL: InvokeReturn output - bytecode->native test
FAIL: InvokeReturn -O3 output - source compiled test
FAIL: InvokeReturn output - gij test
FAIL: InvokeReturn -O3 output - bytecode->native test
FAIL: Invoke_1 output - source compiled test
FAIL: Invoke_1 output - gij test
FAIL: Invoke_1 output - bytecode->native test
FAIL: Invoke_1 -O3 output - source compiled test
FAIL: Invoke_1 output - gij test
FAIL: Invoke_1 -O3 output - bytecode->native test
FAIL: Invoke_2 output - source compiled test
FAIL: Invoke_2 output - gij test
FAIL: Invoke_2 output - bytecode->native test
FAIL: Invoke_2 -O3 output - source compiled test
FAIL: Invoke_2 output - gij test
FAIL: Invoke_2 -O3 output - bytecode->native test
FAIL: KeepInline output - source compiled test
FAIL: KeepInline output - gij test
FAIL: KeepInline output - bytecode->native test
FAIL: KeepInline -O3 output - source compiled test
FAIL: KeepInline output - gij test
FAIL: KeepInline -O3 output - bytecode->native test
FAIL: LargeFile output - source compiled test
FAIL: LargeFile output - gij test
FAIL: LargeFile output - bytecode->native test
FAIL: LargeFile -O3 output - source compiled test
FAIL: LargeFile output - gij test
FAIL: LargeFile -O3 output - bytecode->native test
FAIL: MathBuiltin output - source compiled test
FAIL: MathBuiltin output - gij test
FAIL: MathBuiltin output - bytecode->native test
FAIL: MathBuiltin -O3 output - source compiled test
FAIL: MathBuiltin output - gij test
FAIL: MathBuiltin -O3 output - bytecode->native test
FAIL: Matrix4f output - source compiled test
FAIL: Matrix4f output - gij test
FAIL: Matrix4f output - bytecode->native test
FAIL: Matrix4f -O3 output - source compiled test
FAIL: Matrix4f output - gij test
FAIL: Matrix4f -O3 output - bytecode->native test
FAIL: N19990310_02 output - source compiled test
FAIL: N19990310_02 output - gij test
FAIL: N19990310_02 output - bytecode->native test
FAIL: N19990310_02 -O3 output - source compiled test
FAIL: N19990310_02 output - gij test
FAIL: N19990310_02 -O3 output - bytecode->native test
FAIL: N19990310_3 output - source compiled test
FAIL: N19990310_3 output - gij test
FAIL: N19990310_3 output - bytecode->native test
FAIL: N19990310_3 -O3 output - source compiled test
FAIL: N19990310_3 output - gij test
FAIL: N19990310_3 -O3 output - bytecode->native test
FAIL: N19990310_4 output - source compiled test
FAIL: N19990310_4 output - gij test
FAIL: N19990310_4 output - bytecode->native test
FAIL: N19990310_4 -O3 output - source compiled test
FAIL: N19990310_4 output - gij test
FAIL: N19990310_4 -O3 output - bytecode->native test
FAIL: N19990310_5 output - source compiled test
FAIL: N19990310_5 output - gij test
FAIL: N19990310_5 output - bytecode->native test
FAIL: N19990310_5 -O3 output - source compiled test
FAIL: N19990310_5 output - gij test
FAIL: N19990310_5 -O3 output - bytecode->native test
FAIL: Overflow output - source compiled test
FAIL: Overflow output - gij test
FAIL: Overflow output - bytecode->native test
FAIL: Overflow -O3 output - source compiled test
FAIL: Overflow output - gij test
FAIL: Overflow -O3 output - bytecode->native test
FAIL: PR12350 output - source compiled test
FAIL: PR12350 execution - gij test
FAIL: PR12350 output - bytecode->native test
FAIL: PR12350 -O3 output - source compiled test
FAIL: PR12350 execution - gij test
FAIL: PR12350 -O3 output - bytecode->native test
FAIL: PR12416 output - source compiled test
FAIL: PR12416 execution - gij test
FAIL: PR12416 execution - bytecode->native test
FAIL: PR12416 -O3 output - source compiled test
FAIL: PR12416 execution - gij test
FAIL: PR12416 -O3 execution - bytecode->native test
FAIL: PR12656 output - source compiled test
FAIL: PR12656 output - gij test
FAIL: PR12656 output - bytecode->native test
FAIL: PR12656 -O3 output - source compiled test
FAIL: PR12656 output - gij test
FAIL: PR12656 -O3 output - bytecode->native test
FAIL: PR12915 output - source compiled test
FAIL: PR12915 output - gij test
FAIL: PR12915 output - bytecode->native test
FAIL: PR12915 -O3 output - source compiled test
FAIL: PR12915 output - gij test
FAIL: PR12915 -O3 output - bytecode->native test
FAIL: PR141 output - source compiled test
FAIL: PR141 output - gij test
FAIL: PR141 output - bytecode->native test
FAIL: PR141 -O3 output - source compiled test
FAIL: PR141 output - gij test
FAIL: PR141 -O3 output - bytecode->native test
FAIL: PR160 output - source compiled test
FAIL: PR160 output - gij test
FAIL: PR160 output - bytecode->native test
FAIL: PR160 -O3 output - source compiled test
FAIL: PR160 output - gij test
FAIL: PR160 -O3 output - bytecode->native test
FAIL: PR162 output - source compiled test
FAIL: PR162 output - gij test
FAIL: PR162 output - bytecode->native test
FAIL: PR162 -O3 output - source compiled test
FAIL: PR162 output - gij test
FAIL: PR162 -O3 output - bytecode->native test
FAIL: PR16867 output - source compiled test
FAIL: PR16867 output - gij test
FAIL: PR16867 output - bytecode->native test
FAIL: PR16867 -O3 output - source compiled test
FAIL: PR16867 output - gij test
FAIL: PR16867 -O3 output - bytecode->native test
FAIL: PR18699 execution - source compiled test
FAIL: PR18699 execution - gij test
FAIL: PR18699 execution - bytecode->native test
FAIL: PR18699 -O3 execution - source compiled test
FAIL: PR18699 execution - gij test
FAIL: PR18699 -O3 execution - bytecode->native test
FAIL: PR19870 output - source compiled test
FAIL: PR19870 output - gij test
FAIL: PR19870 output - bytecode->native test
FAIL: PR19870 -O3 output - source compiled test
FAIL: PR19870 output - gij test
FAIL: PR19870 -O3 output - bytecode->native test
FAIL: PR19870_2 output - source compiled test
FAIL: PR19870_2 output - gij test
FAIL: PR19870_2 output - bytecode->native test
FAIL: PR19870_2 -O3 output - source compiled test
FAIL: PR19870_2 output - gij test
FAIL: PR19870_2 -O3 output - bytecode->native test
FAIL: PR19921 output - source compiled test
FAIL: PR19921 output - gij test
FAIL: PR19921 output - bytecode->native test
FAIL: PR19921 -O3 output - source compiled test
FAIL: PR19921 output - gij test
FAIL: PR19921 -O3 output - bytecode->native test
FAIL: PR20056 output - source compiled test
FAIL: PR20056 output - gij test
FAIL: PR20056 output - bytecode->native test
FAIL: PR20056 -O3 output - source compiled test
FAIL: PR20056 output - gij test
FAIL: PR20056 -O3 output - bytecode->native test
FAIL: PR218 output - source compiled test
FAIL: PR218 execution - gij test
FAIL: PR218 output - bytecode->native test
FAIL: PR218 -O3 output - source compiled test
FAIL: PR218 execution - gij test
FAIL: PR218 -O3 output - bytecode->native test
FAIL: PR242 output - source compiled test
FAIL: PR242 output - gij test
FAIL: PR242 output - bytecode->native test
FAIL: PR242 -O3 output - source compiled test
FAIL: PR242 output - gij test
FAIL: PR242 -O3 output - bytecode->native test
FAIL: PR25535 output - source compiled test
FAIL: PR25535 output - gij test
FAIL: PR25535 output - bytecode->native test
FAIL: PR25535 -O3 output - source compiled test
FAIL: PR25535 output - gij test
FAIL: PR25535 -O3 output - bytecode->native test
FAIL: PR260 output - source compiled test
FAIL: PR260 execution - gij test
FAIL: PR260 execution - bytecode->native test
FAIL: PR260 -O3 output - source compiled test
FAIL: PR260 execution - gij test
FAIL: PR260 -O3 execution - bytecode->native test
FAIL: PR3096 output - source compiled test
FAIL: PR3096 output - gij test
FAIL: PR3096 output - bytecode->native test
FAIL: PR3096 -O3 output - source compiled test
FAIL: PR3096 output - gij test
FAIL: PR3096 -O3 output - bytecode->native test
FAIL: PR3731 output - source compiled test
FAIL: PR3731 output - gij test
FAIL: PR3731 output - bytecode->native test
FAIL: PR3731 -O3 output - source compiled test
FAIL: PR3731 output - gij test
FAIL: PR3731 -O3 output - bytecode->native test
FAIL: PR5057 output - source compiled test
FAIL: PR5057 output - gij test
FAIL: PR5057 output - bytecode->native test
FAIL: PR5057 -O3 output - source compiled test
FAIL: PR5057 output - gij test
FAIL: PR5057 -O3 output - bytecode->native test
FAIL: PR5057_2 output - source compiled test
FAIL: PR5057_2 output - gij test
FAIL: PR5057_2 output - bytecode->native test
FAIL: PR5057_2 -O3 output - source compiled test
FAIL: PR5057_2 output - gij test
FAIL: PR5057_2 -O3 output - bytecode->native test
FAIL: PR55 output - source compiled test
FAIL: PR55 output - gij test
FAIL: PR55 output - bytecode->native test
FAIL: PR55 -O3 output - source compiled test
FAIL: PR55 output - gij test
FAIL: PR55 -O3 output - bytecode->native test
FAIL: PR56 output - source compiled test
FAIL: PR56 output - gij test
FAIL: PR56 output - bytecode->native test
FAIL: PR56 -O3 output - source compiled test
FAIL: PR56 output - gij test
FAIL: PR56 -O3 output - bytecode->native test
FAIL: PR6085 output - source compiled test
FAIL: PR6085 output - gij test
FAIL: PR6085 output - bytecode->native test
FAIL: PR6085 -O3 output - source compiled test
FAIL: PR6085 output - gij test
FAIL: PR6085 -O3 output - bytecode->native test
FAIL: PR6204 output - source compiled test
FAIL: PR6204 output - gij test
FAIL: PR6204 output - bytecode->native test
FAIL: PR6204 -O3 output - source compiled test
FAIL: PR6204 output - gij test
FAIL: PR6204 -O3 output - bytecode->native test
FAIL: PR6729 output - source compiled test
FAIL: PR6729 output - gij test
FAIL: PR6729 output - bytecode->native test
FAIL: PR6729 -O3 output - source compiled test
FAIL: PR6729 output - gij test
FAIL: PR6729 -O3 output - bytecode->native test
FAIL: PR6820 output - source compiled test
FAIL: PR6820 output - gij test
FAIL: PR6820 output - bytecode->native test
FAIL: PR6820 -O3 output - source compiled test
FAIL: PR6820 output - gij test
FAIL: PR6820 -O3 output - bytecode->native test
FAIL: PR7482 output - source compiled test
FAIL: PR7482 output - gij test
FAIL: PR7482 output - bytecode->native test
FAIL: PR7482 -O3 output - source compiled test
FAIL: PR7482 output - gij test
FAIL: PR7482 -O3 output - bytecode->native test
FAIL: Process_1 output - source compiled test
FAIL: Process_1 output - gij test
FAIL: Process_1 output - bytecode->native test
FAIL: Process_1 -O3 output - source compiled test
FAIL: Process_1 output - gij test
FAIL: Process_1 -O3 output - bytecode->native test
FAIL: Process_2 output - source compiled test
FAIL: Process_2 output - gij test
FAIL: Process_2 output - bytecode->native test
FAIL: Process_2 -O3 output - source compiled test
FAIL: Process_2 output - gij test
FAIL: Process_2 -O3 output - bytecode->native test
FAIL: Process_3 output - source compiled test
FAIL: Process_3 output - gij test
FAIL: Process_3 output - bytecode->native test
FAIL: Process_3 -O3 output - source compiled test
FAIL: Process_3 output - gij test
FAIL: Process_3 -O3 output - bytecode->native test
FAIL: Process_4 output - source compiled test
FAIL: Process_4 output - gij test
FAIL: Process_4 output - bytecode->native test
FAIL: Process_4 -O3 output - source compiled test
FAIL: Process_4 output - gij test
FAIL: Process_4 -O3 output - bytecode->native test
FAIL: Process_5 output - source compiled test
FAIL: Process_5 execution - gij test
FAIL: Process_5 output - bytecode->native test
FAIL: Process_5 -O3 output - source compiled test
FAIL: Process_5 execution - gij test
FAIL: Process_5 -O3 output - bytecode->native test
FAIL: Process_6 output - source compiled test
FAIL: Process_6 execution - gij test
FAIL: Process_6 output - bytecode->native test
FAIL: Process_6 -O3 output - source compiled test
FAIL: Process_6 execution - gij test
FAIL: Process_6 -O3 output - bytecode->native test
FAIL: Serialization output - source compiled test
FAIL: Serialization output - gij test
FAIL: Serialization output - bytecode->native test
FAIL: Serialization -O3 output - source compiled test
FAIL: Serialization output - gij test
FAIL: Serialization -O3 output - bytecode->native test
FAIL: Shazam output - source compiled test
FAIL: Shazam output - gij test
FAIL: Shazam output - bytecode->native test
FAIL: Shazam -O3 output - source compiled test
FAIL: Shazam output - gij test
FAIL: Shazam -O3 output - bytecode->native test
FAIL: StaticConstructor output - source compiled test
FAIL: StaticConstructor output - gij test
FAIL: StaticConstructor output - bytecode->native test
FAIL: StaticConstructor -O3 output - source compiled test
FAIL: StaticConstructor output - gij test
FAIL: StaticConstructor -O3 output - bytecode->native test
FAIL: StringBuffer_1 output - source compiled test
FAIL: StringBuffer_1 execution - gij test
FAIL: StringBuffer_1 output - bytecode->native test
FAIL: StringBuffer_1 -O3 output - source compiled test
FAIL: StringBuffer_1 execution - gij test
FAIL: StringBuffer_1 -O3 output - bytecode->native test
FAIL: StringBuffer_overflow output - source compiled test
FAIL: StringBuffer_overflow execution - gij test
FAIL: StringBuffer_overflow output - bytecode->native test
FAIL: StringBuffer_overflow -O3 output - source compiled test
FAIL: StringBuffer_overflow execution - gij test
FAIL: StringBuffer_overflow -O3 output - bytecode->native test
FAIL: String_overflow output - source compiled test
FAIL: String_overflow execution - gij test
FAIL: String_overflow output - bytecode->native test
FAIL: String_overflow -O3 output - source compiled test
FAIL: String_overflow execution - gij test
FAIL: String_overflow -O3 output - bytecode->native test
FAIL: SyncGlobal output - source compiled test
FAIL: SyncGlobal output - gij test
FAIL: SyncGlobal output - bytecode->native test
FAIL: SyncGlobal -O3 output - source compiled test
FAIL: SyncGlobal output - gij test
FAIL: SyncGlobal -O3 output - bytecode->native test
FAIL: SyncTest output - source compiled test
FAIL: SyncTest execution - gij test
FAIL: SyncTest execution - bytecode->native test
FAIL: SyncTest -O3 output - source compiled test
FAIL: SyncTest execution - gij test
FAIL: SyncTest -O3 execution - bytecode->native test
FAIL: Synch output - source compiled test
FAIL: Synch output - gij test
FAIL: Synch output - bytecode->native test
FAIL: Synch -O3 output - source compiled test
FAIL: Synch output - gij test
FAIL: Synch -O3 output - bytecode->native test
FAIL: TLtest output - source compiled test
FAIL: TLtest output - gij test
FAIL: TLtest output - bytecode->native test
FAIL: TLtest -O3 output - source compiled test
FAIL: TLtest output - gij test
FAIL: TLtest -O3 output - bytecode->native test
FAIL: TestProxy output - source compiled test
FAIL: TestProxy output - gij test
FAIL: TestProxy output - bytecode->native test
FAIL: TestProxy -O3 output - source compiled test
FAIL: TestProxy output - gij test
FAIL: TestProxy -O3 output - bytecode->native test
FAIL: Thread_Alive output - source compiled test
FAIL: Thread_Alive execution - gij test
FAIL: Thread_Alive output - bytecode->native test
FAIL: Thread_Alive -O3 output - source compiled test
FAIL: Thread_Alive execution - gij test
FAIL: Thread_Alive -O3 output - bytecode->native test
FAIL: Thread_HoldsLock output - source compiled test
FAIL: Thread_HoldsLock output - gij test
FAIL: Thread_HoldsLock output - bytecode->native test
FAIL: Thread_HoldsLock -O3 output - source compiled test
FAIL: Thread_HoldsLock output - gij test
FAIL: Thread_HoldsLock -O3 output - bytecode->native test
FAIL: Thread_Interrupt output - source compiled test
FAIL: Thread_Interrupt execution - gij test
FAIL: Thread_Interrupt output - bytecode->native test
FAIL: Thread_Interrupt -O3 output - source compiled test
FAIL: Thread_Interrupt execution - gij test
FAIL: Thread_Interrupt -O3 output - bytecode->native test
FAIL: Thread_Join output - source compiled test
FAIL: Thread_Join output - gij test
FAIL: Thread_Join output - bytecode->native test
FAIL: Thread_Join -O3 output - source compiled test
FAIL: Thread_Join output - gij test
FAIL: Thread_Join -O3 output - bytecode->native test
FAIL: Thread_Monitor output - source compiled test
FAIL: Thread_Monitor output - gij test
FAIL: Thread_Monitor output - bytecode->native test
FAIL: Thread_Monitor -O3 output - source compiled test
FAIL: Thread_Monitor output - gij test
FAIL: Thread_Monitor -O3 output - bytecode->native test
FAIL: Thread_Sleep output - source compiled test
FAIL: Thread_Sleep output - gij test
FAIL: Thread_Sleep output - bytecode->native test
FAIL: Thread_Sleep -O3 output - source compiled test
FAIL: Thread_Sleep output - gij test
FAIL: Thread_Sleep -O3 output - bytecode->native test
FAIL: Thread_Wait output - source compiled test
FAIL: Thread_Wait output - gij test
FAIL: Thread_Wait output - bytecode->native test
FAIL: Thread_Wait -O3 output - source compiled test
FAIL: Thread_Wait output - gij test
FAIL: Thread_Wait -O3 output - bytecode->native test
FAIL: Thread_Wait_2 output - source compiled test
FAIL: Thread_Wait_2 execution - gij test
FAIL: Thread_Wait_2 output - bytecode->native test
FAIL: Thread_Wait_2 -O3 output - source compiled test
FAIL: Thread_Wait_2 execution - gij test
FAIL: Thread_Wait_2 -O3 output - bytecode->native test
FAIL: Thread_Wait_Interrupt output - source compiled test
FAIL: Thread_Wait_Interrupt execution - gij test
FAIL: Thread_Wait_Interrupt output - bytecode->native test
FAIL: Thread_Wait_Interrupt -O3 output - source compiled test
FAIL: Thread_Wait_Interrupt execution - gij test
FAIL: Thread_Wait_Interrupt -O3 output - bytecode->native test
FAIL: Throw_1 output - source compiled test
FAIL: Throw_1 output - gij test
FAIL: Throw_1 output - bytecode->native test
FAIL: Throw_1 -O3 output - source compiled test
FAIL: Throw_1 output - gij test
FAIL: Throw_1 -O3 output - bytecode->native test
FAIL: Throw_2 execution - source compiled test
FAIL: Throw_2 execution - gij test
FAIL: Throw_2 execution - bytecode->native test
FAIL: Throw_2 -O3 execution - source compiled test
FAIL: Throw_2 execution - gij test
FAIL: Throw_2 -O3 execution - bytecode->native test
FAIL: anfi output - source compiled test
FAIL: anfi output - gij test
FAIL: anfi output - bytecode->native test
FAIL: anfi -O3 output - source compiled test
FAIL: anfi output - gij test
FAIL: anfi -O3 output - bytecode->native test
FAIL: anon output - source compiled test
FAIL: anon output - gij test
FAIL: anon output - bytecode->native test
FAIL: anon -O3 output - source compiled test
FAIL: anon output - gij test
FAIL: anon -O3 output - bytecode->native test
FAIL: anon2 output - source compiled test
FAIL: anon2 output - gij test
FAIL: anon2 output - bytecode->native test
FAIL: anon2 -O3 output - source compiled test
FAIL: anon2 output - gij test
FAIL: anon2 -O3 output - bytecode->native test
FAIL: anon3 output - source compiled test
FAIL: anon3 output - gij test
FAIL: anon3 output - bytecode->native test
FAIL: anon3 -O3 output - source compiled test
FAIL: anon3 output - gij test
FAIL: anon3 -O3 output - bytecode->native test
FAIL: anon4 output - source compiled test
FAIL: anon4 output - gij test
FAIL: anon4 output - bytecode->native test
FAIL: anon4 -O3 output - source compiled test
FAIL: anon4 output - gij test
FAIL: anon4 -O3 output - bytecode->native test
FAIL: anon_ctor_itf_arg output - source compiled test
FAIL: anon_ctor_itf_arg output - gij test
FAIL: anon_ctor_itf_arg output - bytecode->native test
FAIL: anon_ctor_itf_arg -O3 output - source compiled test
FAIL: anon_ctor_itf_arg output - gij test
FAIL: anon_ctor_itf_arg -O3 output - bytecode->native test
FAIL: anonarray output - source compiled test
FAIL: anonarray output - gij test
FAIL: anonarray output - bytecode->native test
FAIL: anonarray -O3 output - source compiled test
FAIL: anonarray output - gij test
FAIL: anonarray -O3 output - bytecode->native test
FAIL: anonarray2 output - source compiled test
FAIL: anonarray2 output - gij test
FAIL: anonarray2 output - bytecode->native test
FAIL: anonarray2 -O3 output - source compiled test
FAIL: anonarray2 output - gij test
FAIL: anonarray2 -O3 output - bytecode->native test
FAIL: anonarray3 output - source compiled test
FAIL: anonarray3 output - gij test
FAIL: anonarray3 output - bytecode->native test
FAIL: anonarray3 -O3 output - source compiled test
FAIL: anonarray3 output - gij test
FAIL: anonarray3 -O3 output - bytecode->native test
FAIL: assign output - source compiled test
FAIL: assign output - gij test
FAIL: assign output - bytecode->native test
FAIL: assign -O3 output - source compiled test
FAIL: assign output - gij test
FAIL: assign -O3 output - bytecode->native test
FAIL: assign2 output - source compiled test
FAIL: assign2 output - gij test
FAIL: assign2 output - bytecode->native test
FAIL: assign2 -O3 output - source compiled test
FAIL: assign2 output - gij test
FAIL: assign2 -O3 output - bytecode->native test
FAIL: bclink output - source compiled test
FAIL: bclink output - gij test
FAIL: bclink output - bytecode->native test
FAIL: bclink -O3 output - source compiled test
FAIL: bclink output - gij test
FAIL: bclink -O3 output - bytecode->native test
FAIL: bytearray output - source compiled test
FAIL: bytearray output - gij test
FAIL: bytearray output - bytecode->native test
FAIL: bytearray -O3 output - source compiled test
FAIL: bytearray output - gij test
FAIL: bytearray -O3 output - bytecode->native test
FAIL: direct_read output - source compiled test
FAIL: direct_read output - gij test
FAIL: direct_read output - bytecode->native test
FAIL: direct_read -O3 output - source compiled test
FAIL: direct_read output - gij test
FAIL: direct_read -O3 output - bytecode->native test
FAIL: direct_write output - source compiled test
FAIL: direct_write output - gij test
FAIL: direct_write output - bytecode->native test
FAIL: direct_write -O3 output - source compiled test
FAIL: direct_write output - gij test
FAIL: direct_write -O3 output - bytecode->native test
FAIL: emptystring output - source compiled test
FAIL: emptystring output - gij test
FAIL: emptystring output - bytecode->native test
FAIL: emptystring -O3 output - source compiled test
FAIL: emptystring output - gij test
FAIL: emptystring -O3 output - bytecode->native test
FAIL: err1 output - source compiled test
FAIL: err1 output - gij test
FAIL: err1 output - bytecode->native test
FAIL: err1 -O3 output - source compiled test
FAIL: err1 output - gij test
FAIL: err1 -O3 output - bytecode->native test
FAIL: err10 output - source compiled test
FAIL: err10 output - gij test
FAIL: err10 output - bytecode->native test
FAIL: err10 -O3 output - source compiled test
FAIL: err10 output - gij test
FAIL: err10 -O3 output - bytecode->native test
FAIL: err11 output - source compiled test
FAIL: err11 output - gij test
FAIL: err11 output - bytecode->native test
FAIL: err11 -O3 output - source compiled test
FAIL: err11 output - gij test
FAIL: err11 -O3 output - bytecode->native test
FAIL: err12 output - source compiled test
FAIL: err12 output - gij test
FAIL: err12 output - bytecode->native test
FAIL: err12 -O3 output - source compiled test
FAIL: err12 output - gij test
FAIL: err12 -O3 output - bytecode->native test
FAIL: err13 output - source compiled test
FAIL: err13 output - gij test
FAIL: err13 output - bytecode->native test
FAIL: err13 -O3 output - source compiled test
FAIL: err13 output - gij test
FAIL: err13 -O3 output - bytecode->native test
FAIL: err14 output - source compiled test
FAIL: err14 output - gij test
FAIL: err14 output - bytecode->native test
FAIL: err14 -O3 output - source compiled test
FAIL: err14 output - gij test
FAIL: err14 -O3 output - bytecode->native test
FAIL: err2 output - source compiled test
FAIL: err2 output - gij test
FAIL: err2 output - bytecode->native test
FAIL: err2 -O3 output - source compiled test
FAIL: err2 output - gij test
FAIL: err2 -O3 output - bytecode->native test
FAIL: err3 output - source compiled test
FAIL: err3 output - gij test
FAIL: err3 output - bytecode->native test
FAIL: err3 -O3 output - source compiled test
FAIL: err3 output - gij test
FAIL: err3 -O3 output - bytecode->native test
FAIL: err4 output - source compiled test
FAIL: err4 output - gij test
FAIL: err4 output - bytecode->native test
FAIL: err4 -O3 output - source compiled test
FAIL: err4 output - gij test
FAIL: err4 -O3 output - bytecode->native test
FAIL: err5 output - source compiled test
FAIL: err5 output - gij test
FAIL: err5 output - bytecode->native test
FAIL: err5 -O3 output - source compiled test
FAIL: err5 output - gij test
FAIL: err5 -O3 output - bytecode->native test
FAIL: err6 output - source compiled test
FAIL: err6 output - gij test
FAIL: err6 output - bytecode->native test
FAIL: err6 -O3 output - source compiled test
FAIL: err6 output - gij test
FAIL: err6 -O3 output - bytecode->native test
FAIL: err7 output - source compiled test
FAIL: err7 output - gij test
FAIL: err7 output - bytecode->native test
FAIL: err7 -O3 output - source compiled test
FAIL: err7 output - gij test
FAIL: err7 -O3 output - bytecode->native test
FAIL: err8 output - source compiled test
FAIL: err8 output - gij test
FAIL: err8 output - bytecode->native test
FAIL: err8 -O3 output - source compiled test
FAIL: err8 output - gij test
FAIL: err8 -O3 output - bytecode->native test
FAIL: err9 output - source compiled test
FAIL: err9 output - gij test
FAIL: err9 output - bytecode->native test
FAIL: err9 -O3 output - source compiled test
FAIL: err9 output - gij test
FAIL: err9 -O3 output - bytecode->native test
FAIL: final_inner output - source compiled test
FAIL: final_inner output - gij test
FAIL: final_inner output - bytecode->native test
FAIL: final_inner -O3 output - source compiled test
FAIL: final_inner output - gij test
FAIL: final_inner -O3 output - bytecode->native test
FAIL: final_int output - source compiled test
FAIL: final_int output - gij test
FAIL: final_int output - bytecode->native test
FAIL: final_int -O3 output - source compiled test
FAIL: final_int output - gij test
FAIL: final_int -O3 output - bytecode->native test
FAIL: final_static_and_friend output - source compiled test
FAIL: final_static_and_friend output - gij test
FAIL: final_static_and_friend output - bytecode->native test
FAIL: final_static_and_friend -O3 output - source compiled test
FAIL: final_static_and_friend output - gij test
FAIL: final_static_and_friend -O3 output - bytecode->native test
FAIL: indirect output - source compiled test
FAIL: indirect output - gij test
FAIL: indirect output - bytecode->native test
FAIL: indirect -O3 output - source compiled test
FAIL: indirect output - gij test
FAIL: indirect -O3 output - bytecode->native test
FAIL: indirect_read output - source compiled test
FAIL: indirect_read output - gij test
FAIL: indirect_read output - bytecode->native test
FAIL: indirect_read -O3 output - source compiled test
FAIL: indirect_read output - gij test
FAIL: indirect_read -O3 output - bytecode->native test
FAIL: indirect_write output - source compiled test
FAIL: indirect_write output - gij test
FAIL: indirect_write output - bytecode->native test
FAIL: indirect_write -O3 output - source compiled test
FAIL: indirect_write output - gij test
FAIL: indirect_write -O3 output - bytecode->native test
FAIL: initexc output - source compiled test
FAIL: initexc execution - gij test
FAIL: initexc output - bytecode->native test
FAIL: initexc -O3 output - source compiled test
FAIL: initexc execution - gij test
FAIL: initexc -O3 output - bytecode->native test
FAIL: initfield output - source compiled test
FAIL: initfield output - gij test
FAIL: initfield output - bytecode->native test
FAIL: initfield -O3 output - source compiled test
FAIL: initfield output - gij test
FAIL: initfield -O3 output - bytecode->native test
FAIL: inline output - source compiled test
FAIL: inline output - gij test
FAIL: inline output - bytecode->native test
FAIL: inline -O3 output - source compiled test
FAIL: inline output - gij test
FAIL: inline -O3 output - bytecode->native test
FAIL: inner1 output - source compiled test
FAIL: inner1 output - gij test
FAIL: inner1 output - bytecode->native test
FAIL: inner1 -O3 output - source compiled test
FAIL: inner1 output - gij test
FAIL: inner1 -O3 output - bytecode->native test
FAIL: inner2 output - source compiled test
FAIL: inner2 output - gij test
FAIL: inner2 output - bytecode->native test
FAIL: inner2 -O3 output - source compiled test
FAIL: inner2 output - gij test
FAIL: inner2 -O3 output - bytecode->native test
FAIL: inner3 output - source compiled test
FAIL: inner3 output - gij test
FAIL: inner3 output - bytecode->native test
FAIL: inner3 -O3 output - source compiled test
FAIL: inner3 output - gij test
FAIL: inner3 -O3 output - bytecode->native test
FAIL: inner4 output - source compiled test
FAIL: inner4 output - gij test
FAIL: inner4 output - bytecode->native test
FAIL: inner4 -O3 output - source compiled test
FAIL: inner4 output - gij test
FAIL: inner4 -O3 output - bytecode->native test
FAIL: inner_array output - source compiled test
FAIL: inner_array output - gij test
FAIL: inner_array output - bytecode->native test
FAIL: inner_array -O3 output - source compiled test
FAIL: inner_array output - gij test
FAIL: inner_array -O3 output - bytecode->native test
FAIL: inner_interface output - source compiled test
FAIL: inner_interface output - gij test
FAIL: inner_interface output - bytecode->native test
FAIL: inner_interface -O3 output - source compiled test
FAIL: inner_interface output - gij test
FAIL: inner_interface -O3 output - bytecode->native test
FAIL: instance output - source compiled test
FAIL: instance output - gij test
FAIL: instance output - bytecode->native test
FAIL: instance -O3 output - source compiled test
FAIL: instance output - gij test
FAIL: instance -O3 output - bytecode->native test
FAIL: instinit output - source compiled test
FAIL: instinit output - gij test
FAIL: instinit output - bytecode->native test
FAIL: instinit -O3 output - source compiled test
FAIL: instinit output - gij test
FAIL: instinit -O3 output - bytecode->native test
FAIL: instinit2 output - source compiled test
FAIL: instinit2 execution - gij test
FAIL: instinit2 output - bytecode->native test
FAIL: instinit2 -O3 output - source compiled test
FAIL: instinit2 execution - gij test
FAIL: instinit2 -O3 output - bytecode->native test
FAIL: invoke_from_inner output - source compiled test
FAIL: invoke_from_inner output - gij test
FAIL: invoke_from_inner output - bytecode->native test
FAIL: invoke_from_inner -O3 output - source compiled test
FAIL: invoke_from_inner output - gij test
FAIL: invoke_from_inner -O3 output - bytecode->native test
FAIL: invokethrow execution - source compiled test
FAIL: invokethrow execution - gij test
FAIL: invokethrow execution - bytecode->native test
FAIL: invokethrow -O3 execution - source compiled test
FAIL: invokethrow execution - gij test
FAIL: invokethrow -O3 execution - bytecode->native test
FAIL: klass output - source compiled test
FAIL: klass output - gij test
FAIL: klass output - bytecode->native test
FAIL: klass -O3 output - source compiled test
FAIL: klass output - gij test
FAIL: klass -O3 output - bytecode->native test
FAIL: md5test output - source compiled test
FAIL: md5test output - gij test
FAIL: md5test output - bytecode->native test
FAIL: md5test -O3 output - source compiled test
FAIL: md5test output - gij test
FAIL: md5test -O3 output - bytecode->native test
FAIL: multiple_finit output - source compiled test
FAIL: multiple_finit output - gij test
FAIL: multiple_finit output - bytecode->native test
FAIL: multiple_finit -O3 output - source compiled test
FAIL: multiple_finit output - gij test
FAIL: multiple_finit -O3 output - bytecode->native test
FAIL: negzero output - source compiled test
FAIL: negzero output - gij test
FAIL: negzero output - bytecode->native test
FAIL: negzero -O3 output - source compiled test
FAIL: negzero output - gij test
FAIL: negzero -O3 output - bytecode->native test
FAIL: nested_with_ctor output - source compiled test
FAIL: nested_with_ctor output - gij test
FAIL: nested_with_ctor output - bytecode->native test
FAIL: nested_with_ctor -O3 output - source compiled test
FAIL: nested_with_ctor output - gij test
FAIL: nested_with_ctor -O3 output - bytecode->native test
FAIL: newarray_overflow output - source compiled test
FAIL: newarray_overflow output - gij test
FAIL: newarray_overflow output - bytecode->native test
FAIL: newarray_overflow -O3 output - source compiled test
FAIL: newarray_overflow output - gij test
FAIL: newarray_overflow -O3 output - bytecode->native test
FAIL: override output - source compiled test
FAIL: override output - gij test
FAIL: override output - bytecode->native test
FAIL: override -O3 output - source compiled test
FAIL: override output - gij test
FAIL: override -O3 output - bytecode->native test
FAIL: pr109 output - source compiled test
FAIL: pr109 output - gij test
FAIL: pr109 output - bytecode->native test
FAIL: pr109 -O3 output - source compiled test
FAIL: pr109 output - gij test
FAIL: pr109 -O3 output - bytecode->native test
FAIL: pr13107 output - source compiled test
FAIL: pr13107 output - gij test
FAIL: pr13107 output - bytecode->native test
FAIL: pr13107 -O3 output - source compiled test
FAIL: pr13107 output - gij test
FAIL: pr13107 -O3 output - bytecode->native test
FAIL: pr13107_2 output - source compiled test
FAIL: pr13107_2 output - gij test
FAIL: pr13107_2 output - bytecode->native test
FAIL: pr13107_2 -O3 output - source compiled test
FAIL: pr13107_2 output - gij test
FAIL: pr13107_2 -O3 output - bytecode->native test
FAIL: pr13107_3 output - source compiled test
FAIL: pr13107_3 output - gij test
FAIL: pr13107_3 output - bytecode->native test
FAIL: pr13107_3 -O3 output - source compiled test
FAIL: pr13107_3 output - gij test
FAIL: pr13107_3 -O3 output - bytecode->native test
FAIL: pr133 output - source compiled test
FAIL: pr133 output - gij test
FAIL: pr133 output - bytecode->native test
FAIL: pr133 -O3 output - source compiled test
FAIL: pr133 output - gij test
FAIL: pr133 -O3 output - bytecode->native test
FAIL: pr16789 output - source compiled test
FAIL: pr16789 output - gij test
FAIL: pr16789 output - bytecode->native test
FAIL: pr16789 -O3 output - source compiled test
FAIL: pr16789 output - gij test
FAIL: pr16789 -O3 output - bytecode->native test
FAIL: pr17536 output - source compiled test
FAIL: pr17536 output - gij test
FAIL: pr17536 output - bytecode->native test
FAIL: pr17536 -O3 output - source compiled test
FAIL: pr17536 output - gij test
FAIL: pr17536 -O3 output - bytecode->native test
FAIL: pr179 output - source compiled test
FAIL: pr179 execution - gij test
FAIL: pr179 execution - bytecode->native test
FAIL: pr179 -O3 output - source compiled test
FAIL: pr179 execution - gij test
FAIL: pr179 -O3 execution - bytecode->native test
FAIL: pr184 output - source compiled test
FAIL: pr184 output - gij test
FAIL: pr184 output - bytecode->native test
FAIL: pr184 -O3 output - source compiled test
FAIL: pr184 output - gij test
FAIL: pr184 -O3 output - bytecode->native test
FAIL: pr21785 output - source compiled test
FAIL: pr21785 execution - gij test
FAIL: pr21785 output - bytecode->native test
FAIL: pr21785 -O3 output - source compiled test
FAIL: pr21785 execution - gij test
FAIL: pr21785 -O3 output - bytecode->native test
FAIL: pr21844 output - source compiled test
FAIL: pr21844 output - gij test
FAIL: pr21844 output - bytecode->native test
FAIL: pr21844 -O3 output - source compiled test
FAIL: pr21844 output - gij test
FAIL: pr21844 -O3 output - bytecode->native test
FAIL: pr25676 output - source compiled test
FAIL: pr25676 output - gij test
FAIL: pr25676 output - bytecode->native test
FAIL: pr25676 -O3 output - source compiled test
FAIL: pr25676 output - gij test
FAIL: pr25676 -O3 output - bytecode->native test
FAIL: pr6388 output - source compiled test
FAIL: pr6388 output - gij test
FAIL: pr6388 output - bytecode->native test
FAIL: pr6388 -O3 output - source compiled test
FAIL: pr6388 output - gij test
FAIL: pr6388 -O3 output - bytecode->native test
FAIL: pr83 output - source compiled test
FAIL: pr83 output - gij test
FAIL: pr83 output - bytecode->native test
FAIL: pr83 -O3 output - source compiled test
FAIL: pr83 output - gij test
FAIL: pr83 -O3 output - bytecode->native test
FAIL: pr8415 output - source compiled test
FAIL: pr8415 execution - gij test
FAIL: pr8415 execution - bytecode->native test
FAIL: pr8415 -O3 output - source compiled test
FAIL: pr8415 execution - gij test
FAIL: pr8415 -O3 execution - bytecode->native test
FAIL: pr8676 output - source compiled test
FAIL: pr8676 output - gij test
FAIL: pr8676 output - bytecode->native test
FAIL: pr8676 -O3 output - source compiled test
FAIL: pr8676 output - gij test
FAIL: pr8676 -O3 output - bytecode->native test
FAIL: pr8823 output - source compiled test
FAIL: pr8823 output - gij test
FAIL: pr8823 output - bytecode->native test
FAIL: pr8823 -O3 output - source compiled test
FAIL: pr8823 output - gij test
FAIL: pr8823 -O3 output - bytecode->native test
FAIL: pr8945 output - source compiled test
FAIL: pr8945 output - gij test
FAIL: pr8945 output - bytecode->native test
FAIL: pr8945 -O3 output - source compiled test
FAIL: pr8945 output - gij test
FAIL: pr8945 -O3 output - bytecode->native test
FAIL: private_direct_read output - source compiled test
FAIL: private_direct_read output - gij test
FAIL: private_direct_read output - bytecode->native test
FAIL: private_direct_read -O3 output - source compiled test
FAIL: private_direct_read output - gij test
FAIL: private_direct_read -O3 output - bytecode->native test
FAIL: search_outer output - source compiled test
FAIL: search_outer output - gij test
FAIL: search_outer output - bytecode->native test
FAIL: search_outer -O3 output - source compiled test
FAIL: search_outer output - gij test
FAIL: search_outer -O3 output - bytecode->native test
FAIL: shatest output - source compiled test
FAIL: shatest output - gij test
FAIL: shatest output - bytecode->native test
FAIL: shatest -O3 output - source compiled test
FAIL: shatest output - gij test
FAIL: shatest -O3 output - bytecode->native test
FAIL: stringconst output - gij test
FAIL: stringconst output - bytecode->native test
FAIL: stringconst output - gij test
FAIL: stringconst -O3 output - bytecode->native test
FAIL: stringconst2 output - source compiled test
FAIL: stringconst2 execution - gij test
FAIL: stringconst2 output - bytecode->native test
FAIL: stringconst2 -O3 output - source compiled test
FAIL: stringconst2 execution - gij test
FAIL: stringconst2 -O3 output - bytecode->native test
FAIL: stub output - source compiled test
FAIL: stub output - gij test
FAIL: stub output - bytecode->native test
FAIL: stub -O3 output - source compiled test
FAIL: stub output - gij test
FAIL: stub -O3 output - bytecode->native test
FAIL: test_long output - source compiled test
FAIL: test_long output - gij test
FAIL: test_long output - bytecode->native test
FAIL: test_long -O3 output - source compiled test
FAIL: test_long output - gij test
FAIL: test_long -O3 output - bytecode->native test
FAIL: tmi output - source compiled test
FAIL: tmi output - gij test
FAIL: tmi output - bytecode->native test
FAIL: tmi -O3 output - source compiled test
FAIL: tmi output - gij test
FAIL: tmi -O3 output - bytecode->native test
FAIL: tp output - source compiled test
FAIL: tp output - gij test
FAIL: tp output - bytecode->native test
FAIL: tp -O3 output - source compiled test
FAIL: tp output - gij test
FAIL: tp -O3 output - bytecode->native test
FAIL: update_outer output - source compiled test
FAIL: update_outer output - gij test
FAIL: update_outer output - bytecode->native test
FAIL: update_outer -O3 output - source compiled test
FAIL: update_outer output - gij test
FAIL: update_outer -O3 output - bytecode->native test
FAIL: utf8concat output - source compiled test
FAIL: utf8concat output - gij test
FAIL: utf8concat output - bytecode->native test
FAIL: utf8concat -O3 output - source compiled test
FAIL: utf8concat output - gij test
FAIL: utf8concat -O3 output - bytecode->native test
FAIL: utilTest output - source compiled test
FAIL: utilTest output - gij test
FAIL: utilTest output - bytecode->native test
FAIL: utilTest -O3 output - source compiled test
FAIL: utilTest output - gij test
FAIL: utilTest -O3 output - bytecode->native test
FAIL: verify output - source compiled test
FAIL: verify output - gij test
FAIL: verify output - bytecode->native test
FAIL: verify -O3 output - source compiled test
FAIL: verify output - gij test
FAIL: verify -O3 output - bytecode->native test
FAIL: /vol/gcc/obj/gcc-4.2.0-20060206/10-gcc/i386-pc-solaris2.10/libjava/testsuite/TestEarlyGC.exe execution - /vol/gcc/obj/gcc-4.2.0-20060206/10-gcc/i386-pc-solaris2.10/libjava/testsuite/TestEarlyGC.exe
FAIL: /vol/gcc/obj/gcc-4.2.0-20060206/10-gcc/i386-pc-solaris2.10/libjava/testsuite/TestLeak.exe execution - /vol/gcc/obj/gcc-4.2.0-20060206/10-gcc/i386-pc-solaris2.10/libjava/testsuite/TestLeak.exe
FAIL: /vol/gcc/obj/gcc-4.2.0-20060206/10-gcc/i386-pc-solaris2.10/libjava/testsuite/TestMultiple.exe output - /vol/gcc/obj/gcc-4.2.0-20060206/10-gcc/i386-pc-solaris2.10/libjava/testsuite/TestMultiple.exe
FAIL: /vol/gcc/obj/gcc-4.2.0-20060206/10-gcc/i386-pc-solaris2.10/libjava/testsuite/TestParent.exe output - /vol/gcc/obj/gcc-4.2.0-20060206/10-gcc/i386-pc-solaris2.10/libjava/testsuite/TestParent.exe
FAIL: pr21115 run
=== libjava Summary ===
# of expected passes 2818
# of unexpected failures 1095
# of expected failures 10
# of untested testcases 100
=== libstdc++ tests ===
Running target unix
=== libstdc++ Summary ===
# of expected passes 1433
# of expected failures 6
# of unsupported tests 28
Compiler version: 4.2.0 20060206 (experimental)
Platform: i386-pc-solaris2.10
configure flags: --prefix=/vol/gcc --with-local-prefix=/vol/gcc --disable-nls --disable-multilib --with-gmp-dir=/vol/gnu/obj/gmp-4.1.3 --with-mpfr-dir=/vol/gnu/obj/gmp-4.1.3/mpfr --disable-libmudflap --enable-languages=c,ada,c++,fortran,java,objc
BOOT_CFLAGS=-g -O2