This is the mail archive of the gcc-testresults@gcc.gnu.org mailing list for the GCC project.


Index Nav: [Date Index] [Subject Index] [Author Index] [Thread Index]
Message Nav: [Date Prev] [Date Next] [Thread Prev] [Thread Next]
Other format: [Raw text]

Results for 4.1.1 testsuite on ia64-unknown-linux-gnu


This is a 2-processor, 1.3 GHz Itanium 2 system.
8GB RAM.
OS: Red Hat Advanced Workstation 2.1AW.
Bootstrap compiler is Red Hat's gcc 2.96-112.7.2
kernel: kernel-2.4.18-e.12smp (from Red Hat)
glibc: 2.2.4-29.2 (from Red Hat)
binutils: 2.16.1 (FSF)
All languages were tested.
LAST_UPDATED: Obtained from SVN: tags/gcc_4_1_1_release revision 114100

Native configuration is ia64-unknown-linux-gnu

		=== gcc tests ===


Running target unix
FAIL: gcc.dg/builtin-apply4.c execution test
FAIL: gcc.dg/cleanup-10.c execution test
FAIL: gcc.dg/cleanup-11.c execution test
FAIL: gcc.dg/cleanup-8.c execution test
FAIL: gcc.dg/cleanup-9.c execution test
FAIL: gcc.dg/sibcall-7.c execution test
XPASS: gcc.dg/tree-ssa/loop-1.c scan-assembler-times foo 5
XPASS: gcc.dg/vect/pr16105.c scan-tree-dump-times vectorized 1 loops 1
XPASS: gcc.dg/vect/pr20122.c scan-tree-dump-times vectorized 1 loops 2
XPASS: gcc.dg/vect/vect-105.c scan-tree-dump-times vectorized 1 loops 1
XPASS: gcc.dg/vect/vect-30.c scan-tree-dump-times vectorized 1 loops 2
XPASS: gcc.dg/vect/vect-42.c scan-tree-dump-times vectorized 1 loops 1
XPASS: gcc.dg/vect/vect-43.c scan-tree-dump-times vectorized 1 loops 1
XPASS: gcc.dg/vect/vect-74.c scan-tree-dump-times vectorized 1 loops 1
XPASS: gcc.dg/vect/vect-75.c scan-tree-dump-times vectorized 1 loops 1
XPASS: gcc.dg/vect/vect-8.c scan-tree-dump-times vectorized 1 loops 1

		=== gcc Summary ===

# of expected passes		37194
# of unexpected failures	6
# of unexpected successes	10
# of expected failures		132
# of untested testcases		28
# of unsupported tests		320
/remote/atg2/jbuck/ia64.tmp/411/gcc/xgcc  version 4.1.1

		=== g++ tests ===


Running target unix
XPASS: g++.dg/tree-ssa/pr14814.C scan-tree-dump-times &this 0

		=== g++ Summary ===

# of expected passes		11496
# of unexpected successes	1
# of expected failures		67
# of unsupported tests		104
/remote/atg2/jbuck/ia64.tmp/411/gcc/testsuite/g++/../../g++  version 4.1.1

		=== objc tests ===


Running target unix

		=== objc Summary ===

# of expected passes		1684
# of unsupported tests		23
/remote/atg2/jbuck/ia64.tmp/411/gcc/xgcc  version 4.1.1

		=== libffi tests ===


Running target unix

		=== libffi Summary ===

# of expected passes		228
# of unsupported tests		2
		=== libjava tests ===


Running target unix
FAIL: Array_3 execution - source compiled test
FAIL: Array_3 execution - gij test
FAIL: Array_3 execution - bytecode->native test
FAIL: Array_3 -O3 execution - source compiled test
FAIL: Array_3 execution - gij test
FAIL: Array_3 -O3 execution - bytecode->native test
FAIL: Invoke_1 execution - source compiled test
FAIL: Invoke_1 execution - bytecode->native test
FAIL: Invoke_1 -O3 execution - source compiled test
FAIL: Invoke_1 -O3 execution - bytecode->native test
FAIL: PR218 execution - source compiled test
FAIL: PR218 execution - gij test
FAIL: PR218 execution - bytecode->native test
FAIL: PR218 -O3 execution - source compiled test
FAIL: PR218 execution - gij test
FAIL: PR218 -O3 execution - bytecode->native test
FAIL: Thread_Join execution - gij test
FAIL: Throw_2 execution - source compiled test
FAIL: Throw_2 execution - gij test
FAIL: Throw_2 execution - bytecode->native test
FAIL: Throw_2 -O3 execution - source compiled test
FAIL: Throw_2 execution - gij test
FAIL: Throw_2 -O3 execution - bytecode->native test

		=== libjava Summary ===

# of expected passes		4007
# of unexpected failures	23
# of expected failures		10
# of untested testcases		31
		=== libmudflap tests ===


Running target unix
FAIL: libmudflap.c/pass47-frag.c execution test
FAIL: libmudflap.c/pass47-frag.c execution test
FAIL: libmudflap.c/pass47-frag.c (-static) execution test
FAIL: libmudflap.c/pass47-frag.c (-static) execution test
FAIL: libmudflap.c/pass47-frag.c (-O2) execution test
FAIL: libmudflap.c/pass47-frag.c (-O2) execution test
FAIL: libmudflap.c/pass47-frag.c (-O3) execution test
FAIL: libmudflap.c/pass47-frag.c (-O3) execution test
FAIL: libmudflap.c++/fail24-frag.cxx output pattern test
FAIL: libmudflap.c++/pass27-frag.cxx execution test
FAIL: libmudflap.c++/pass28-frag.cxx execution test
FAIL: libmudflap.c++/pass31-frag.cxx execution test
FAIL: libmudflap.c++/pass41-frag.cxx execution test
FAIL: libmudflap.c++/pass55-frag.cxx execution test
FAIL: libmudflap.c++/pass57-frag.cxx execution test
FAIL: libmudflap.c++/pass58-frag.cxx execution test
FAIL: libmudflap.c++/fail24-frag.cxx (-O) output pattern test
FAIL: libmudflap.c++/pass27-frag.cxx (-O) execution test
FAIL: libmudflap.c++/pass28-frag.cxx (-O) execution test
FAIL: libmudflap.c++/pass31-frag.cxx (-O) execution test
FAIL: libmudflap.c++/pass41-frag.cxx (-O) execution test
FAIL: libmudflap.c++/pass55-frag.cxx (-O) execution test
FAIL: libmudflap.c++/pass57-frag.cxx (-O) execution test
FAIL: libmudflap.c++/pass58-frag.cxx (-O) execution test
FAIL: libmudflap.c++/fail24-frag.cxx (-O2) output pattern test
FAIL: libmudflap.c++/pass27-frag.cxx (-O2) execution test
FAIL: libmudflap.c++/pass28-frag.cxx (-O2) execution test
FAIL: libmudflap.c++/pass31-frag.cxx (-O2) execution test
FAIL: libmudflap.c++/pass41-frag.cxx (-O2) execution test
FAIL: libmudflap.c++/pass55-frag.cxx (-O2) execution test
FAIL: libmudflap.c++/pass57-frag.cxx (-O2) execution test
FAIL: libmudflap.c++/pass58-frag.cxx (-O2) execution test
FAIL: libmudflap.c++/fail24-frag.cxx (-O3) output pattern test
FAIL: libmudflap.c++/pass27-frag.cxx (-O3) execution test
FAIL: libmudflap.c++/pass28-frag.cxx (-O3) execution test
FAIL: libmudflap.c++/pass31-frag.cxx (-O3) execution test
FAIL: libmudflap.c++/pass41-frag.cxx (-O3) execution test
FAIL: libmudflap.c++/pass55-frag.cxx (-O3) execution test
FAIL: libmudflap.c++/pass57-frag.cxx (-O3) execution test
FAIL: libmudflap.c++/pass58-frag.cxx (-O3) execution test
FAIL: ctors-12 execution 
FAIL: ctors-21 execution 
FAIL: ctors-12 execution -static
FAIL: ctors-21 execution -static
FAIL: ctors-12 execution -O2
FAIL: ctors-21 execution -O2
FAIL: ctors-12 execution -O3
FAIL: ctors-21 execution -O3

		=== libmudflap Summary ===

# of expected passes		1751
# of unexpected failures	48
		=== libstdc++ tests ===


Running target unix
XPASS: 26_numerics/cmath/c99_classification_macros_c.cc (test for excess errors)
XPASS: 27_io/fpos/14320-1.cc execution test

		=== libstdc++ Summary ===

# of expected passes		1557
# of unexpected successes	2
# of expected failures		5
# of unsupported tests		26

Compiler version: 4.1.1 
Platform: ia64-unknown-linux-gnu
configure flags: --prefix=/u/jbuck/cvs.ia64/4.1.1 --with-gnu-as --with-as=/u/jbuck/gnu.ia64/bin/as --with-gnu-ld --with-ld=/u/jbuck/gnu.ia64/bin/ld --enable-languages=c,c++,java,objc


Index Nav: [Date Index] [Subject Index] [Author Index] [Thread Index]
Message Nav: [Date Prev] [Date Next] [Thread Prev] [Thread Next]