This is the mail archive of the gcc-testresults@gcc.gnu.org mailing list for the GCC project.


Index Nav: [Date Index] [Subject Index] [Author Index] [Thread Index]
Message Nav: [Date Prev] [Date Next] [Thread Prev] [Thread Next]
Other format: [Raw text]

Results for 4.1.1 testsuite on x86_64-unknown-linux-gnu


Red Hat Enterprise Linux WS release 3
Dual AMD 1.8 GHz Opteron system
kernel: 2.4.21-4.EL (from Red Hat)
glibc: 2.3.2-95.3 (from Red Hat)
binutils: 2.14.90.0.4 20030523 (RH: 2.14.90.0.4-26)

Bootstrap compiler is gcc version 3.2.3 20030502 (Red Hat Linux 3.2.3-20)
All languages were tested.
LAST_UPDATED: Obtained from SVN: tags/gcc_4_1_1_release revision 114100

Native configuration is x86_64-unknown-linux-gnu

		=== gcc tests ===


Running target unix
FAIL: gcc.dg/visibility-11.c scan-assembler memcpy@PLT

		=== gcc Summary ===

# of expected passes		38217
# of unexpected failures	1
# of expected failures		100
# of untested testcases		28
# of unsupported tests		358
/remote/atg2/jbuck/amd64.tmp/411/gcc/xgcc  version 4.1.1

		=== g++ tests ===


Running target unix
XPASS: g++.dg/tree-ssa/pr14814.C scan-tree-dump-times &this 0

		=== g++ Summary ===

# of expected passes		12008
# of unexpected successes	1
# of expected failures		67
# of unsupported tests		95
/remote/atg2/jbuck/amd64.tmp/411/gcc/testsuite/g++/../../g++  version 4.1.1

		=== objc tests ===


Running target unix

		=== objc Summary ===

# of expected passes		1686
# of unsupported tests		22
/remote/atg2/jbuck/amd64.tmp/411/gcc/xgcc  version 4.1.1

		=== libffi tests ===


Running target unix

		=== libffi Summary ===

# of expected passes		228
# of unsupported tests		2
		=== libjava tests ===


Running target unix

		=== libjava Summary ===

# of expected passes		4053
# of expected failures		10
# of untested testcases		8
		=== libmudflap tests ===


Running target unix
FAIL: libmudflap.c++/pass41-frag.cxx (-static) execution test

		=== libmudflap Summary ===

# of expected passes		1798
# of unexpected failures	1
		=== libstdc++ tests ===


Running target unix
XPASS: 26_numerics/cmath/c99_classification_macros_c.cc (test for excess errors)
XPASS: 27_io/fpos/14320-1.cc execution test

		=== libstdc++ Summary ===

# of expected passes		1601
# of unexpected successes	2
# of expected failures		5
# of unsupported tests		4

Compiler version: 4.1.1 
Platform: x86_64-unknown-linux-gnu
configure flags: --prefix=/u/jbuck/cvs.x86_64/4.1.1 --with-gnu-as --with-as=/usr/bin/as --with-gnu-ld --with-ld=/usr/bin/ld --enable-languages=c,c++,java,objc


Index Nav: [Date Index] [Subject Index] [Author Index] [Thread Index]
Message Nav: [Date Prev] [Date Next] [Thread Prev] [Thread Next]