This is the mail archive of the
gcc-testresults@gcc.gnu.org
mailing list for the GCC project.
Results for 4.1.1 testsuite on hppa64-hp-hpux11.00
- From: John David Anglin <dave at hiauly2 dot hia dot nrc dot ca>
- To: dave at hiauly2 dot hia dot nrc dot ca, gcc-testresults at gcc dot gnu dot org
- Date: Wed, 31 May 2006 18:57:44 -0400 (EDT)
- Subject: Results for 4.1.1 testsuite on hppa64-hp-hpux11.00
LAST_UPDATED: Mon May 29 22:11:23 UTC 2006 (revision 114218)
Native configuration is hppa64-hp-hpux11.00
=== g++ tests ===
Running target unix
XPASS: g++.dg/tree-ssa/pr14814.C scan-tree-dump-times &this 0
=== g++ Summary ===
# of expected passes 11370
# of unexpected successes 1
# of expected failures 67
# of unsupported tests 130
/home/gnu/gcc/objdir/gcc/testsuite/g++/../../g++ version 4.1.1
=== gcc tests ===
Running target unix
WARNING: program timed out.
FAIL: gcc.c-torture/compile/20001226-1.c -O1 (test for excess errors)
WARNING: program timed out.
FAIL: gcc.c-torture/compile/20001226-1.c -O2 (test for excess errors)
WARNING: program timed out.
FAIL: gcc.c-torture/compile/20001226-1.c -O3 -fomit-frame-pointer (test for excess errors)
WARNING: program timed out.
FAIL: gcc.c-torture/compile/20001226-1.c -O3 -g (test for excess errors)
WARNING: program timed out.
FAIL: gcc.c-torture/compile/20001226-1.c -Os (test for excess errors)
XPASS: gcc.dg/cpp/cmdlne-dI-M.c scan-file (^|\\\\n)cmdlne-dI-M.*:[^\\\\n]*cmdlne-dI-M.c
XPASS: gcc.dg/cpp/cmdlne-dM-M.c scan-file (^|\\\\n)cmdlne-dM-M[^\\\\n]*:[^\\\\n]*cmdlne-dM-M.c
WARNING: program timed out.
FAIL: gcc.dg/c99-intconst-1.c (test for excess errors)
XPASS: gcc.dg/funcorder.c scan-assembler-not link_error,%r
FAIL: gcc.dg/torture/asm-subreg-1.c -O1 (test for excess errors)
FAIL: gcc.dg/torture/asm-subreg-1.c -O2 (test for excess errors)
FAIL: gcc.dg/torture/asm-subreg-1.c -O3 -fomit-frame-pointer (test for excess errors)
FAIL: gcc.dg/torture/asm-subreg-1.c -O3 -g (test for excess errors)
FAIL: gcc.dg/torture/asm-subreg-1.c -Os (test for excess errors)
=== gcc Summary ===
# of expected passes 36512
# of unexpected failures 11
# of unexpected successes 3
# of expected failures 77
# of untested testcases 28
# of unsupported tests 359
/home/gnu/gcc/objdir/gcc/xgcc version 4.1.1
=== gfortran tests ===
Running target unix
FAIL: gfortran.dg/secnds.f -O0 execution test
FAIL: gfortran.dg/transfer_array_intrinsic_2.f90 -O0 execution test
FAIL: gfortran.dg/transfer_array_intrinsic_2.f90 -O1 execution test
FAIL: gfortran.dg/transfer_array_intrinsic_2.f90 -O2 execution test
FAIL: gfortran.dg/transfer_array_intrinsic_2.f90 -O3 -fomit-frame-pointer execution test
FAIL: gfortran.dg/transfer_array_intrinsic_2.f90 -O3 -fomit-frame-pointer -funroll-loops execution test
FAIL: gfortran.dg/transfer_array_intrinsic_2.f90 -O3 -fomit-frame-pointer -funroll-all-loops -finline-functions execution test
FAIL: gfortran.dg/transfer_array_intrinsic_2.f90 -O3 -g execution test
FAIL: gfortran.dg/transfer_array_intrinsic_2.f90 -Os execution test
=== gfortran Summary ===
# of expected passes 12354
# of unexpected failures 9
# of expected failures 4
# of unsupported tests 82
/home/gnu/gcc/objdir/gcc/testsuite/gfortran/../../gfortran version 4.1.1
=== objc tests ===
Running target unix
=== objc Summary ===
# of expected passes 1684
# of unsupported tests 23
/home/gnu/gcc/objdir/gcc/xgcc version 4.1.1
=== libstdc++ tests ===
Running target unix
=== libstdc++ Summary ===
# of expected passes 2622
# of expected failures 10
# of unsupported tests 145
Compiler version: 4.1.1
Platform: hppa64-hp-hpux11.00
configure flags: --with-gnu-as --with-as=/opt/gnu64/bin/as --with-ld=/usr/ccs/bin/ld --enable-shared --with-local-prefix=/opt/gnu64 --prefix=/opt/gnu64/gcc/gcc-4.1.1 --host=hppa64-hp-hpux11.00 --disable-nls --with-gmp=/opt/gnu64/gcc/gcc-4.1.1 --enable-languages=c,c++,fortran,java,objc