This is the mail archive of the gcc-testresults@gcc.gnu.org mailing list for the GCC project.


Index Nav: [Date Index] [Subject Index] [Author Index] [Thread Index]
Message Nav: [Date Prev] [Date Next] [Thread Prev] [Thread Next]
Other format: [Raw text]

Results for 4.1.1 testsuite on hppa2.0w-hp-hpux11.00


LAST_UPDATED: 
		=== acats tests ===

		=== acats Summary ===
# of expected passes		2317
# of unexpected failures	0
Native configuration is hppa2.0w-hp-hpux11.00

		=== g++ tests ===


Running target unix
FAIL: g++.dg/opt/pr15551.C (test for excess errors)
WARNING: g++.dg/opt/pr15551.C compilation failed to produce executable
XPASS: g++.dg/tree-ssa/pr14814.C scan-tree-dump-times &this 0

		=== g++ Summary ===

# of expected passes		11631
# of unexpected failures	1
# of unexpected successes	1
# of expected failures		67
# of unsupported tests		152
/home/gnu/gcc/objdir/gcc/testsuite/g++/../../g++  version 4.1.1

		=== gcc tests ===


Running target unix
WARNING: program timed out.
FAIL: gcc.c-torture/compile/20001226-1.c  -O2  (test for excess errors)
WARNING: program timed out.
FAIL: gcc.c-torture/compile/20001226-1.c  -O3 -fomit-frame-pointer  (test for excess errors)
WARNING: program timed out.
FAIL: gcc.c-torture/compile/20001226-1.c  -O3 -g  (test for excess errors)
WARNING: program timed out.
FAIL: gcc.c-torture/compile/20001226-1.c  -Os  (test for excess errors)
FAIL: gcc.dg/cpp/_Pragma3.c (test for excess errors)
XPASS: gcc.dg/cpp/cmdlne-dI-M.c scan-file (^|\\\\n)cmdlne-dI-M.*:[^\\\\n]*cmdlne-dI-M.c
XPASS: gcc.dg/cpp/cmdlne-dM-M.c scan-file (^|\\\\n)cmdlne-dM-M[^\\\\n]*:[^\\\\n]*cmdlne-dM-M.c

		=== gcc Summary ===

# of expected passes		36575
# of unexpected failures	5
# of unexpected successes	2
# of expected failures		76
# of untested testcases		28
# of unsupported tests		421
/home/gnu/gcc/objdir/gcc/xgcc  version 4.1.1

		=== gfortran tests ===


Running target unix
FAIL: gfortran.dg/secnds.f  -O0  execution test

		=== gfortran Summary ===

# of expected passes		12362
# of unexpected failures	1
# of expected failures		4
# of unsupported tests		82
/home/gnu/gcc/objdir/gcc/testsuite/gfortran/../../gfortran  version 4.1.1

		=== obj-c++ tests ===


Running target unix
FAIL: obj-c++.dg/cxx-ivars-2.mm execution test
FAIL: obj-c++.dg/encode-8.mm execution test
FAIL: obj-c++.dg/isa-field-1.mm (test for excess errors)
FAIL: obj-c++.dg/lookup-2.mm (test for excess errors)
WARNING: obj-c++.dg/lookup-2.mm compilation failed to produce executable
FAIL: obj-c++.dg/try-catch-2.mm (test for excess errors)
WARNING: obj-c++.dg/try-catch-2.mm compilation failed to produce executable
FAIL: obj-c++.dg/try-catch-9.mm (test for excess errors)
WARNING: obj-c++.dg/try-catch-9.mm compilation failed to produce executable

		=== obj-c++ Summary ===

# of expected passes		423
# of unexpected failures	6
# of unsupported tests		13
/home/gnu/gcc/objdir/gcc/testsuite/obj-c++/../../g++  version 4.1.1

		=== objc tests ===


Running target unix

		=== objc Summary ===

# of expected passes		1684
# of unsupported tests		23
/home/gnu/gcc/objdir/gcc/xgcc  version 4.1.1

		=== libstdc++ tests ===


Running target unix

		=== libstdc++ Summary ===

# of expected passes		2622
# of expected failures		10
# of unsupported tests		145

Compiler version: 4.1.1 
Platform: hppa2.0w-hp-hpux11.00
configure flags: --with-gnu-as --with-as=/opt/gnu/bin/as --enable-shared --with-local-prefix=/opt/gnu --prefix=/opt/gnu/gcc/gcc-4.1.1 --with-gmp=/opt/gnu/gcc/gcc-4.1.1 --enable-debug=no --disable-nls --enable-languages=c,ada,c++,fortran,java,objc,obj-c++


Index Nav: [Date Index] [Subject Index] [Author Index] [Thread Index]
Message Nav: [Date Prev] [Date Next] [Thread Prev] [Thread Next]