This is the mail archive of the mailing list for the GCC project.

Index Nav: [Date Index] [Subject Index] [Author Index] [Thread Index]
Message Nav: [Date Prev] [Date Next] [Thread Prev] [Thread Next]
Other format: [Raw text]

Results for 4.1.1 testsuite on x86_64-unknown-linux-gnu

LAST_UPDATED: Obtained from SVN: tags/gcc_4_1_1_release revision 114100

                === acats tests ===

                === acats Summary ===
# of expected passes            2317
# of unexpected failures        0
Native configuration is x86_64-unknown-linux-gnu

                === gcc tests ===

Running target unix
FAIL: gcc.dg/visibility-11.c scan-assembler memcpy@PLT

                === gcc Summary ===

# of expected passes            38217
# of unexpected failures        1
# of expected failures          100
# of untested testcases         28
# of unsupported tests          358
/home/guerby/tmp/build411/gcc/xgcc  version 4.1.1

                === gfortran tests ===

Running target unix

                === gfortran Summary ===

# of expected passes            12506
# of expected failures          16
# of unsupported tests          16
/home/guerby/tmp/build411/gcc/testsuite/gfortran/../../gfortran  version 4.1.1

                === g++ tests ===

Running target unix
XPASS: g++.dg/tree-ssa/pr14814.C scan-tree-dump-times &this 0
XPASS: g++.old-deja/g++.other/init5.C execution test

                === g++ Summary ===

# of expected passes            12008
# of unexpected successes       2
# of expected failures          66
# of unsupported tests          95
/home/guerby/tmp/build411/gcc/testsuite/g++/../../g++  version 4.1.1

                === objc tests ===

Running target unix

                === objc Summary ===

# of expected passes            1686
# of unsupported tests          22
/home/guerby/tmp/build411/gcc/xgcc  version 4.1.1

                === libffi tests ===

Running target unix

                === libffi Summary ===

# of expected passes            228
# of unsupported tests          2
                === libjava tests ===

Running target unix

                === libjava Summary ===

# of expected passes            4053
# of expected failures          10
# of untested testcases         8
                === libmudflap tests ===

Running target unix
FAIL: libmudflap.c/fail1-frag.c (-static) crash test
FAIL: libmudflap.c/fail10-frag.c (-static) crash test
FAIL: libmudflap.c/fail11-frag.c (-static) crash test
FAIL: libmudflap.c/fail12-frag.c (-static) crash test
FAIL: libmudflap.c/fail13-frag.c (-static) crash test
FAIL: libmudflap.c/fail14-frag.c (-static) crash test
FAIL: libmudflap.c/fail15-frag.c (-static) crash test
FAIL: libmudflap.c/fail16-frag.c (-static) crash test
FAIL: libmudflap.c/fail17-frag.c (-static) crash test
FAIL: libmudflap.c/fail18-frag.c (-static) crash test
FAIL: libmudflap.c/fail19-frag.c (-static) crash test
FAIL: libmudflap.c/fail2-frag.c (-static) crash test
FAIL: libmudflap.c/fail21-frag.c (-static) crash test
FAIL: libmudflap.c/fail22-frag.c (-static) crash test
FAIL: libmudflap.c/fail23-frag.c (-static) crash test
FAIL: libmudflap.c/fail25-frag.c (-static) crash test
FAIL: libmudflap.c/fail27-frag.c (-static) crash test
FAIL: libmudflap.c/fail28-frag.c (-static) crash test
FAIL: libmudflap.c/fail29-frag.c (-static) crash test
FAIL: libmudflap.c/fail3-frag.c (-static) crash test
FAIL: libmudflap.c/fail30-frag.c (-static) crash test
FAIL: libmudflap.c/fail31-frag.c (-static) crash test
FAIL: libmudflap.c/fail32-frag.c (-static) crash test
FAIL: libmudflap.c/fail33-frag.c (-static) crash test
FAIL: libmudflap.c/fail34-frag.c (-static) crash test
FAIL: libmudflap.c/fail35-frag.c (-static) crash test
FAIL: libmudflap.c/fail36-frag.c (-static) crash test
FAIL: libmudflap.c/fail37-frag.c (-static) crash test
FAIL: libmudflap.c/fail38-frag.c (-static) crash test
FAIL: libmudflap.c/fail39-frag.c (-static) crash test
FAIL: libmudflap.c/fail4-frag.c (-static) crash test
FAIL: libmudflap.c/fail40-frag.c (-static) crash test
FAIL: libmudflap.c/fail5-frag.c (-static) crash test
FAIL: libmudflap.c/fail6-frag.c (-static) crash test
FAIL: libmudflap.c/fail7-frag.c (-static) crash test
FAIL: libmudflap.c/fail8-frag.c (-static) crash test
FAIL: libmudflap.c/fail9-frag.c (-static) crash test
FAIL: libmudflap.c/pass36-frag.c (-static) output pattern test
FAIL: libmudflap.c/pass36-frag.c (-static) output pattern test
FAIL: libmudflap.c++/fail24-frag.cxx (-static) crash test

                === libmudflap Summary ===

# of expected passes            1759
# of unexpected failures        40
                === libstdc++ tests ===

Running target unix
FAIL: abi_check
XPASS: 26_numerics/cmath/ (test for excess errors)
XPASS: 27_io/fpos/ execution test

                === libstdc++ Summary ===

# of expected passes            3411
# of unexpected failures        1
# of unexpected successes       2
# of expected failures          11
# of unsupported tests          315

Compiler version: 4.1.1
Platform: x86_64-unknown-linux-gnu
configure flags: --enable-__cxa_atexit --disable-nls --enable-threads=posix --disable-multilib --prefix=/opt/gcc/4.1.1 --enable-languages=c,ada,c++,fortran,java,objc

Index Nav: [Date Index] [Subject Index] [Author Index] [Thread Index]
Message Nav: [Date Prev] [Date Next] [Thread Prev] [Thread Next]