This is the mail archive of the gcc-testresults@gcc.gnu.org mailing list for the GCC project.


Index Nav: [Date Index] [Subject Index] [Author Index] [Thread Index]
Message Nav: [Date Prev] [Date Next] [Thread Prev] [Thread Next]
Other format: [Raw text]

Results for 4.1.2 20060526 (prerelease) [gcc-4_1-branch revision 114129 clean] testsuite on x86_64-unknown-linux-gnu


LAST_UPDATED: Fri May 26 13:30:00 UTC 2006 (revision 114129)

Native configuration is x86_64-unknown-linux-gnu

		=== gcc tests ===


Running target unix/-m32

		=== gcc Summary for unix/-m32 ===

# of expected passes		38338
# of expected failures		101
# of untested testcases		28
# of unsupported tests		255

Running target unix
FAIL: gcc.dg/visibility-11.c scan-assembler memcpy@PLT

		=== gcc Summary for unix ===

# of expected passes		38233
# of unexpected failures	1
# of expected failures		100
# of untested testcases		28
# of unsupported tests		358

		=== gcc Summary ===

# of expected passes		76571
# of unexpected failures	1
# of expected failures		201
# of untested testcases		56
# of unsupported tests		613
/export/build/gnu/gcc-4.1/build-x86_64-linux/gcc/xgcc  version 4.1.2 20060526 (prerelease) [gcc-4_1-branch revision 114129 clean]

		=== gfortran tests ===


Running target unix/-m32

		=== gfortran Summary for unix/-m32 ===

# of expected passes		12525
# of expected failures		13
# of unsupported tests		16

Running target unix

		=== gfortran Summary for unix ===

# of expected passes		12522
# of expected failures		16
# of unsupported tests		16

		=== gfortran Summary ===

# of expected passes		25047
# of expected failures		29
# of unsupported tests		32
/export/build/gnu/gcc-4.1/build-x86_64-linux/gcc/testsuite/gfortran/../../gfortran  version 4.1.2 20060526 (prerelease) [gcc-4_1-branch revision 114129 clean]

		=== g++ tests ===


Running target unix/-m32
XPASS: g++.dg/tree-ssa/pr14814.C scan-tree-dump-times &this 0

		=== g++ Summary for unix/-m32 ===

# of expected passes		12093
# of unexpected successes	1
# of expected failures		67
# of unsupported tests		66

Running target unix
XPASS: g++.dg/tree-ssa/pr14814.C scan-tree-dump-times &this 0

		=== g++ Summary for unix ===

# of expected passes		12008
# of unexpected successes	1
# of expected failures		67
# of unsupported tests		95

		=== g++ Summary ===

# of expected passes		24101
# of unexpected successes	2
# of expected failures		134
# of unsupported tests		161
/export/build/gnu/gcc-4.1/build-x86_64-linux/gcc/testsuite/g++/../../g++  version 4.1.2 20060526 (prerelease) [gcc-4_1-branch revision 114129 clean]

		=== objc tests ===


Running target unix/-m32

		=== objc Summary for unix/-m32 ===

# of expected passes		1686
# of unsupported tests		22

Running target unix

		=== objc Summary for unix ===

# of expected passes		1686
# of unsupported tests		22

		=== objc Summary ===

# of expected passes		3372
# of unsupported tests		44
/export/build/gnu/gcc-4.1/build-x86_64-linux/gcc/xgcc  version 4.1.2 20060526 (prerelease) [gcc-4_1-branch revision 114129 clean]

		=== libffi tests ===


Running target unix/-m32

		=== libffi Summary for unix/-m32 ===

# of expected passes		228
# of unsupported tests		2

Running target unix

		=== libffi Summary for unix ===

# of expected passes		228
# of unsupported tests		2

		=== libffi Summary ===

# of expected passes		456
# of unsupported tests		4
		=== libjava tests ===


Running target unix/-m32
FAIL: SyncTest execution - gij test

		=== libjava Summary for unix/-m32 ===

# of expected passes		4051
# of unexpected failures	1
# of expected failures		10
# of untested testcases		9

Running target unix

		=== libjava Summary for unix ===

# of expected passes		4053
# of expected failures		10
# of untested testcases		8

		=== libjava Summary ===

# of expected passes		8104
# of unexpected failures	1
# of expected failures		20
# of untested testcases		17
		=== libmudflap tests ===


Running target unix/-m32

		=== libmudflap Summary for unix/-m32 ===

# of expected passes		1799

Running target unix

		=== libmudflap Summary for unix ===

# of expected passes		1799

		=== libmudflap Summary ===

# of expected passes		3598
		=== libstdc++ tests ===


Running target unix/-m32
FAIL: 22_locale/messages/members/char/1.cc execution test
FAIL: 22_locale/messages/members/char/2.cc execution test
FAIL: 22_locale/messages/members/char/wrapped_env.cc execution test
FAIL: 22_locale/messages/members/char/wrapped_locale.cc execution test
FAIL: 22_locale/messages_byname/named_equivalence.cc execution test

		=== libstdc++ Summary for unix/-m32 ===

# of expected passes		4029
# of unexpected failures	5
# of expected failures		13
# of unsupported tests		4

Running target unix
FAIL: 22_locale/locale/cons/12438.cc execution test
XPASS: 27_io/fpos/14320-1.cc execution test

		=== libstdc++ Summary for unix ===

# of expected passes		4033
# of unexpected failures	1
# of unexpected successes	1
# of expected failures		12
# of unsupported tests		4

		=== libstdc++ Summary ===

# of expected passes		8062
# of unexpected failures	6
# of unexpected successes	1
# of expected failures		25
# of unsupported tests		8

Compiler version: 4.1.2 20060526 (prerelease) [gcc-4_1-branch revision 114129 clean] 
Platform: x86_64-unknown-linux-gnu
configure flags: --enable-clocale=gnu --with-system-zlib --with-demangler-in-ld --enable-shared --enable-threads=posix --enable-haifa --enable-checking=assert --prefix=/usr/gcc-4.1 --with-local-prefix=/usr/local --enable-languages=c,c++,fortran,java,objc


Index Nav: [Date Index] [Subject Index] [Author Index] [Thread Index]
Message Nav: [Date Prev] [Date Next] [Thread Prev] [Thread Next]