This is the mail archive of the gcc-testresults@gcc.gnu.org mailing list for the GCC project.


Index Nav: [Date Index] [Subject Index] [Author Index] [Thread Index]
Message Nav: [Date Prev] [Date Next] [Thread Prev] [Thread Next]
Other format: [Raw text]

Results for 4.0.4 20060525 (prerelease) testsuite on ia64-redhat-linux-gnu


LAST_UPDATED: Thu May 25 03:55:42 UTC 2006 (revision 114105)

Native configuration is ia64-redhat-linux-gnu

=== gcc tests ===


Running target unix
FAIL: gcc.dg/builtin-apply4.c execution test
FAIL: gcc.dg/sibcall-7.c execution test
XPASS: gcc.dg/tree-ssa/loop-1.c scan-assembler-times foo 5
XPASS: gcc.dg/vect/vect-22.c scan-tree-dump-times vectorized 3 loops 1
XPASS: gcc.dg/vect/vect-44.c scan-tree-dump-times Alignment of access forced using peeling 1
XPASS: gcc.dg/vect/vect-50.c scan-tree-dump-times Alignment of access forced using peeling 1
XPASS: gcc.dg/vect/vect-54.c scan-tree-dump-times Alignment of access forced using peeling 1
XPASS: gcc.dg/vect/vect-58.c scan-tree-dump-times Alignment of access forced using peeling 1

=== gcc Summary ===

# of expected passes 34524
# of unexpected failures 2
# of unexpected successes 6
# of expected failures 125
# of untested testcases 28
# of unsupported tests 485
/home/testbot/bootstrap/003176/bld/gcc/xgcc version 4.0.4 20060525 (prerelease)

=== gfortran tests ===


Running target unix

=== gfortran Summary ===

# of expected passes 8821
# of expected failures 1
# of unsupported tests 17
/home/testbot/bootstrap/003176/bld/gcc/testsuite/gfortran/../../gfortran version 4.0.4 20060525 (prerelease)

=== g++ tests ===


Running target unix
XPASS: g++.old-deja/g++.other/init5.C execution test

=== g++ Summary ===

# of expected passes 10968
# of unexpected successes 1
# of expected failures 69
# of unsupported tests 93
/home/testbot/bootstrap/003176/bld/gcc/testsuite/g++/../../g++ version 4.0.4 20060525 (prerelease)

=== objc tests ===


Running target unix

=== objc Summary ===

# of expected passes 1552
# of unsupported tests 11
/home/testbot/bootstrap/003176/bld/gcc/xgcc version 4.0.4 20060525 (prerelease)

=== libffi tests ===


Running target unix

=== libffi Summary ===

# of expected passes 219
# of unsupported tests 2
=== libjava tests ===


Running target unix

=== libjava Summary ===

# of expected passes 3899
# of expected failures 10
# of untested testcases 8
=== libmudflap tests ===


Running target unix

=== libmudflap Summary ===

# of expected passes 1288
=== libstdc++ tests ===


Running target unix
XPASS: 22_locale/locale/cons/12658_thread-1.cc execution test
XPASS: 26_numerics/cmath/c99_classification_macros_c.cc (test for excess errors)
XPASS: 27_io/fpos/14320-1.cc execution test

=== libstdc++ Summary ===

# of expected passes 3713
# of unexpected successes 3
# of expected failures 11

Compiler version: 4.0.4 20060525 (prerelease)
Platform: ia64-redhat-linux-gnu
configure flags: --prefix=/home/testbot/bootstrap/003176/usr --program-suffix=-40 -enable-shared --enable-threads=posix --enable-checking --with-system-zlib --enable-__cxa_atexit --host=ia64-redhat-linux --enable-languages=c,c++,f95,java,objc


Index Nav: [Date Index] [Subject Index] [Author Index] [Thread Index]
Message Nav: [Date Prev] [Date Next] [Thread Prev] [Thread Next]