This is the mail archive of the gcc-testresults@gcc.gnu.org mailing list for the GCC project.


Index Nav: [Date Index] [Subject Index] [Author Index] [Thread Index]
Message Nav: [Date Prev] [Date Next] [Thread Prev] [Thread Next]
Other format: [Raw text]

Results for 4.2.0 20060520 (experimental) testsuite on hppa2.0w-hp-hpux11.00


LAST_UPDATED: Sat May 20 22:47:34 UTC 2006 (revision 113941)

		=== acats tests ===
FAIL:	c35507m
FAIL:	c954a01
Native configuration is hppa2.0w-hp-hpux11.00

		=== g++ tests ===


Running target unix
FAIL: g++.dg/eh/spbp.C (test for excess errors)
WARNING: g++.dg/eh/spbp.C compilation failed to produce executable
FAIL: g++.dg/other/unused1.C scan-assembler stringz?\\t"class2"
FAIL: g++.dg/other/unused1.C scan-assembler stringz?\\t"printer"
FAIL: g++.dg/tree-ssa/ivopts-1.C scan-tree-dump-not offset: -4B
FAIL: g++.dg/tree-ssa/ivopts-1.C scan-tree-dump-not &x\\[5\\]
FAIL: g++.old-deja/g++.other/init18.C (test for excess errors)
WARNING: g++.old-deja/g++.other/init18.C compilation failed to produce executable
FAIL: g++.old-deja/g++.other/init19.C execution test
FAIL: g++.old-deja/g++.other/init5.C execution test
FAIL: g++.old-deja/g++.other/static14.C (test for excess errors)
FAIL: g++.old-deja/g++.other/static20.C (test for excess errors)

		=== g++ Summary ===

# of expected passes		12069
# of unexpected failures	10
# of expected failures		66
# of unsupported tests		164
/home/gnu/gcc/objdir/gcc/testsuite/g++/../../g++  version 4.2.0 20060520 (experimental)

		=== gcc tests ===


Running target unix
WARNING: program timed out.
FAIL: gcc.c-torture/compile/20001226-1.c  -O2  (test for excess errors)
WARNING: program timed out.
FAIL: gcc.c-torture/compile/20001226-1.c  -O3 -fomit-frame-pointer  (test for excess errors)
WARNING: program timed out.
FAIL: gcc.c-torture/compile/20001226-1.c  -O3 -g  (test for excess errors)
WARNING: program timed out.
FAIL: gcc.c-torture/compile/20001226-1.c  -Os  (test for excess errors)
FAIL: gcc.c-torture/execute/builtin-bitops-1.c execution,  -O3 -fomit-frame-pointer -funroll-loops 
FAIL: gcc.c-torture/execute/builtin-bitops-1.c execution,  -O3 -fomit-frame-pointer -funroll-all-loops -finline-functions 
XPASS: gcc.dg/cpp/cmdlne-dI-M.c scan-file (^|\\\\n)cmdlne-dI-M.*:[^\\\\n]*cmdlne-dI-M.c
XPASS: gcc.dg/cpp/cmdlne-dM-M.c scan-file (^|\\\\n)cmdlne-dM-M[^\\\\n]*:[^\\\\n]*cmdlne-dM-M.c
FAIL: gcc.dg/pr27095.c scan-assembler-not (?n)strlen(.*\\n)+.*strlen
FAIL: gcc.dg/torture/nested-fn-1.c  -O0  scan-assembler-not should_not_appear
FAIL: gcc.dg/torture/pr24626-1.c  -O2  (test for excess errors)
FAIL: gcc.dg/torture/pr24626-1.c  -O3 -fomit-frame-pointer  (test for excess errors)
FAIL: gcc.dg/torture/pr24626-1.c  -O3 -g  (test for excess errors)
FAIL: gcc.dg/torture/pr24626-1.c  -Os  (test for excess errors)
FAIL: gcc.dg/torture/pr24626-2.c  -O2  (test for excess errors)
FAIL: gcc.dg/torture/pr24626-2.c  -O3 -fomit-frame-pointer  (test for excess errors)
FAIL: gcc.dg/torture/pr24626-2.c  -O3 -g  (test for excess errors)
FAIL: gcc.dg/torture/pr24626-3.c  -O2  (test for excess errors)
FAIL: gcc.dg/torture/pr24626-3.c  -O3 -fomit-frame-pointer  (test for excess errors)
FAIL: gcc.dg/torture/pr24626-3.c  -O3 -g  (test for excess errors)
FAIL: gcc.dg/torture/pr24626-3.c  -Os  (test for excess errors)

		=== gcc Summary ===

# of expected passes		37574
# of unexpected failures	19
# of unexpected successes	2
# of expected failures		79
# of untested testcases		28
# of unsupported tests		472
/home/gnu/gcc/objdir/gcc/xgcc  version 4.2.0 20060520 (experimental)

		=== gfortran tests ===


Running target unix
FAIL: gfortran.dg/secnds.f  -O0  execution test
FAIL: gfortran.dg/secnds.f  -O3 -fomit-frame-pointer -funroll-all-loops -finline-functions  execution test

		=== gfortran Summary ===

# of expected passes		12882
# of unexpected failures	2
# of expected failures		6
# of unsupported tests		96
/home/gnu/gcc/objdir/gcc/testsuite/gfortran/../../gfortran  version 4.2.0 20060520 (experimental)

		=== obj-c++ tests ===


Running target unix
FAIL: obj-c++.dg/bitfield-1.mm (test for excess errors)
WARNING: obj-c++.dg/bitfield-1.mm compilation failed to produce executable
FAIL: obj-c++.dg/comp-types-10.mm (test for excess errors)
FAIL: obj-c++.dg/cxx-ivars-2.mm execution test
FAIL: obj-c++.dg/dwarf-2.mm (test for excess errors)
ERROR: obj-c++.dg/dwarf-2.mm: error executing dg-final: couldn't open "dwarf-2.s": no such file or directory
UNRESOLVED: obj-c++.dg/dwarf-2.mm: error executing dg-final: couldn't open "dwarf-2.s": no such file or directory
FAIL: obj-c++.dg/encode-3.mm (test for excess errors)
FAIL: obj-c++.dg/encode-8.mm execution test
FAIL: obj-c++.dg/isa-field-1.mm (test for excess errors)
FAIL: obj-c++.dg/lookup-2.mm (test for excess errors)
WARNING: obj-c++.dg/lookup-2.mm compilation failed to produce executable
FAIL: obj-c++.dg/try-catch-2.mm (test for excess errors)
WARNING: obj-c++.dg/try-catch-2.mm compilation failed to produce executable
FAIL: obj-c++.dg/try-catch-9.mm (test for excess errors)
WARNING: obj-c++.dg/try-catch-9.mm compilation failed to produce executable

		=== obj-c++ Summary ===

# of expected passes		421
# of unexpected failures	10
# of unresolved testcases	1
# of unsupported tests		13
/home/gnu/gcc/objdir/gcc/testsuite/obj-c++/../../g++  version 4.2.0 20060520 (experimental)

		=== objc tests ===


Running target unix
FAIL: objc.dg/bitfield-3.m (test for excess errors)
WARNING: objc.dg/bitfield-3.m compilation failed to produce executable
FAIL: objc.dg/dwarf-1.m (test for excess errors)
ERROR: objc.dg/dwarf-1.m: error executing dg-final: couldn't open "dwarf-1.s": no such file or directory
UNRESOLVED: objc.dg/dwarf-1.m: error executing dg-final: couldn't open "dwarf-1.s": no such file or directory
FAIL: objc.dg/dwarf-2.m (test for excess errors)
ERROR: objc.dg/dwarf-2.m: error executing dg-final: couldn't open "dwarf-2.s": no such file or directory
UNRESOLVED: objc.dg/dwarf-2.m: error executing dg-final: couldn't open "dwarf-2.s": no such file or directory

		=== objc Summary ===

# of expected passes		1746
# of unexpected failures	3
# of expected failures		7
# of unresolved testcases	2
# of unsupported tests		25
/home/gnu/gcc/objdir/gcc/xgcc  version 4.2.0 20060520 (experimental)

		=== libffi tests ===


Running target unix

		=== libffi Summary ===

# of expected passes		1072
# of unsupported tests		8
		=== libgomp tests ===


Running target unix
FAIL: libgomp.c/critical-1.c (test for excess errors)
WARNING: libgomp.c/critical-1.c compilation failed to produce executable
FAIL: libgomp.c/loop-1.c (test for excess errors)
WARNING: libgomp.c/loop-1.c compilation failed to produce executable
FAIL: libgomp.c/loop-2.c (test for excess errors)
WARNING: libgomp.c/loop-2.c compilation failed to produce executable
FAIL: libgomp.c/ordered-1.c (test for excess errors)
WARNING: libgomp.c/ordered-1.c compilation failed to produce executable
FAIL: libgomp.c/ordered-2.c (test for excess errors)
WARNING: libgomp.c/ordered-2.c compilation failed to produce executable
FAIL: libgomp.c/sections-1.c (test for excess errors)
WARNING: libgomp.c/sections-1.c compilation failed to produce executable
FAIL: libgomp.c/single-1.c (test for excess errors)
WARNING: libgomp.c/single-1.c compilation failed to produce executable

		=== libgomp Summary ===

# of expected passes		1232
# of unexpected failures	7
# of unsupported tests		111
		=== libjava tests ===


Running target unix
FAIL: LargeFile execution - source compiled test
FAIL: LargeFile execution - gij test
FAIL: LargeFile execution - bytecode->native test
FAIL: LargeFile execution - gij test
FAIL: LargeFile -findirect-dispatch execution - bytecode->native test
FAIL: LargeFile -O3 execution - source compiled test
FAIL: LargeFile execution - gij test
FAIL: LargeFile -O3 execution - bytecode->native test
FAIL: LargeFile execution - gij test
FAIL: LargeFile -O3 -findirect-dispatch execution - bytecode->native test
FAIL: PR18699 execution - source compiled test
FAIL: PR18699 execution - gij test
FAIL: PR18699 execution - bytecode->native test
FAIL: PR18699 execution - gij test
FAIL: PR18699 -findirect-dispatch execution - bytecode->native test
FAIL: PR18699 -O3 execution - source compiled test
FAIL: PR18699 execution - gij test
FAIL: PR18699 -O3 execution - bytecode->native test
FAIL: PR18699 execution - gij test
FAIL: PR18699 -O3 -findirect-dispatch execution - bytecode->native test
FAIL: Process_1 execution - source compiled test
FAIL: Process_1 execution - gij test
FAIL: Process_1 execution - bytecode->native test
FAIL: Process_1 execution - gij test
FAIL: Process_1 -findirect-dispatch execution - bytecode->native test
FAIL: Process_1 -O3 execution - source compiled test
FAIL: Process_1 execution - gij test
FAIL: Process_1 -O3 execution - bytecode->native test
FAIL: Process_1 execution - gij test
FAIL: Process_1 -O3 -findirect-dispatch execution - bytecode->native test
FAIL: Process_2 execution - source compiled test
FAIL: Process_2 execution - gij test
FAIL: Process_2 execution - bytecode->native test
FAIL: Process_2 execution - gij test
FAIL: Process_2 -findirect-dispatch execution - bytecode->native test
FAIL: Process_2 -O3 execution - source compiled test
FAIL: Process_2 execution - gij test
FAIL: Process_2 -O3 execution - bytecode->native test
FAIL: Process_2 execution - gij test
FAIL: Process_2 -O3 -findirect-dispatch execution - bytecode->native test
FAIL: Process_3 execution - source compiled test
FAIL: Process_3 execution - gij test
FAIL: Process_3 execution - bytecode->native test
FAIL: Process_3 execution - gij test
FAIL: Process_3 -findirect-dispatch execution - bytecode->native test
FAIL: Process_3 -O3 execution - source compiled test
FAIL: Process_3 execution - gij test
FAIL: Process_3 -O3 execution - bytecode->native test
FAIL: Process_3 execution - gij test
FAIL: Process_3 -O3 -findirect-dispatch execution - bytecode->native test
FAIL: Process_4 execution - source compiled test
FAIL: Process_4 execution - gij test
FAIL: Process_4 execution - bytecode->native test
FAIL: Process_4 execution - gij test
FAIL: Process_4 -findirect-dispatch execution - bytecode->native test
FAIL: Process_4 -O3 execution - source compiled test
FAIL: Process_4 execution - gij test
FAIL: Process_4 -O3 execution - bytecode->native test
FAIL: Process_4 execution - gij test
FAIL: Process_4 -O3 -findirect-dispatch execution - bytecode->native test
FAIL: Process_5 execution - source compiled test
FAIL: Process_5 execution - gij test
FAIL: Process_5 execution - bytecode->native test
FAIL: Process_5 execution - gij test
FAIL: Process_5 -findirect-dispatch execution - bytecode->native test
FAIL: Process_5 -O3 execution - source compiled test
FAIL: Process_5 execution - gij test
FAIL: Process_5 -O3 execution - bytecode->native test
FAIL: Process_5 execution - gij test
FAIL: Process_5 -O3 -findirect-dispatch execution - bytecode->native test
FAIL: Process_6 execution - source compiled test
FAIL: Process_6 execution - gij test
FAIL: Process_6 execution - bytecode->native test
FAIL: Process_6 execution - gij test
FAIL: Process_6 -findirect-dispatch execution - bytecode->native test
FAIL: Process_6 -O3 execution - source compiled test
FAIL: Process_6 execution - gij test
FAIL: Process_6 -O3 execution - bytecode->native test
FAIL: Process_6 execution - gij test
FAIL: Process_6 -O3 -findirect-dispatch execution - bytecode->native test
FAIL: Thread_HoldsLock output - source compiled test
FAIL: Thread_HoldsLock output - gij test
FAIL: Thread_HoldsLock output - bytecode->native test
FAIL: Thread_HoldsLock output - gij test
FAIL: Thread_HoldsLock -findirect-dispatch output - bytecode->native test
FAIL: Thread_HoldsLock -O3 output - source compiled test
FAIL: Thread_HoldsLock output - gij test
FAIL: Thread_HoldsLock -O3 output - bytecode->native test
FAIL: Thread_HoldsLock output - gij test
FAIL: Thread_HoldsLock -O3 -findirect-dispatch output - bytecode->native test
FAIL: pr16789 output - source compiled test
FAIL: pr16789 output - gij test
FAIL: pr16789 output - bytecode->native test
FAIL: pr16789 output - gij test
FAIL: pr16789 -findirect-dispatch output - bytecode->native test
FAIL: pr16789 -O3 output - source compiled test
FAIL: pr16789 output - gij test
FAIL: pr16789 -O3 output - bytecode->native test
FAIL: pr16789 output - gij test
FAIL: pr16789 -O3 -findirect-dispatch output - bytecode->native test

		=== libjava Summary ===

# of expected passes		6422
# of unexpected failures	100
# of expected failures		12
# of untested testcases		288
		=== libstdc++ tests ===


Running target unix

		=== libstdc++ Summary ===

# of expected passes		2738
# of expected failures		10
# of unsupported tests		145

Compiler version: 4.2.0 20060520 (experimental) 
Platform: hppa2.0w-hp-hpux11.00
configure flags: --with-gnu-as --with-as=/opt/gnu/bin/as --enable-shared --with-local-prefix=/opt/gnu --prefix=/opt/gnu/gcc/gcc-4.2.0 --with-gmp=/opt/gnu/gcc/gcc-4.2.0 --enable-debug=no --disable-nls --enable-languages=c,ada,c++,fortran,java,objc,obj-c++


Index Nav: [Date Index] [Subject Index] [Author Index] [Thread Index]
Message Nav: [Date Prev] [Date Next] [Thread Prev] [Thread Next]