This is the mail archive of the gcc-testresults@gcc.gnu.org mailing list for the GCC project.


Index Nav: [Date Index] [Subject Index] [Author Index] [Thread Index]
Message Nav: [Date Prev] [Date Next] [Thread Prev] [Thread Next]
Other format: [Raw text]

Results for 4.1.1 20060524 (prerelease) testsuite on hppa2.0w-hp-hpux11.11


LAST_UPDATED: Wed May 24 07:15:26 UTC 2006 (/branches/gcc-4_1-branch revision 114040)

Native configuration is hppa2.0w-hp-hpux11.11

		=== g++ tests ===


Running target unix
XPASS: g++.dg/tree-ssa/pr14814.C scan-tree-dump-times &this 0

		=== g++ Summary ===

# of expected passes		11633
# of unexpected successes	1
# of expected failures		67
# of unsupported tests		152
/scratch/gcc/nightly-2006-05-24-4.1/hppa2.0w-hp-hpux11.11/build_gcc/install/bin/c++  version 4.1.1 20060524 (prerelease)

		=== gcc tests ===


Running target unix

		=== gcc Summary ===

# of expected passes		36580
# of expected failures		78
# of untested testcases		28
# of unsupported tests		421
/scratch/gcc/nightly-2006-05-24-4.1/hppa2.0w-hp-hpux11.11/build_gcc/install/bin/gcc  version 4.1.1 20060524 (prerelease)

		=== libstdc++ tests ===


Running target unix
FAIL: 26_numerics/cmath/c99_classification_macros_c.cc (test for excess errors)

		=== libstdc++ Summary ===

# of expected passes		3383
# of unexpected failures	1
# of expected failures		12
# of unsupported tests		329

Compiler version: 4.1.1 20060524 (prerelease) 
Platform: hppa2.0w-hp-hpux11.11
configure flags: --disable-nls --build=hppa2.0w-hp-hpux11.11 --host=hppa2.0w-hp-hpux11.11 --target=hppa2.0w-hp-hpux11.11 --enable-languages=c,c++ --enable-shared --enable-threads --disable-libmudflap --disable-libssp --disable-libgomp --disable-libstdcxx-pch --with-gnu-as --with-as=/scratch/gcc/nightly-2006-05-24-4.1/hppa2.0w-hp-hpux11.11/build_gcc/install/bin/as --without-gnu-ld --with-ld=/usr/ccs/bin/ld --prefix=/scratch/gcc/nightly-2006-05-24-4.1/hppa2.0w-hp-hpux11.11/build_gcc/install --with-bugurl=http://gcc.gnu.org/bugs.html


Index Nav: [Date Index] [Subject Index] [Author Index] [Thread Index]
Message Nav: [Date Prev] [Date Next] [Thread Prev] [Thread Next]