This is the mail archive of the gcc-testresults@gcc.gnu.org mailing list for the GCC project.


Index Nav: [Date Index] [Subject Index] [Author Index] [Thread Index]
Message Nav: [Date Prev] [Date Next] [Thread Prev] [Thread Next]
Other format: [Raw text]

Results for 4.0.4 20060507 (prerelease) (Debian 4.0.3-3) testsuite on m68k-unknown-linux-gnu


LAST_UPDATED: Sun May  7 07:45:40 UTC 2006 (revision 113594)

Native configuration is m68k-unknown-linux-gnu

		=== g++ tests ===


Running target unix
FAIL: g++.dg/abi/bitfield4.C execution test
FAIL: g++.dg/eh/omit-frame-pointer2.C execution test
FAIL: g++.dg/eh/registers1.C execution test
FAIL: g++.dg/ext/visibility/noPLT.C scan-assembler-not methodEv@PLT
FAIL: g++.dg/opt/eh2.C execution test
FAIL: g++.dg/template/incomplete2.C (test for excess errors)
FAIL: g++.old-deja/g++.eh/ia64-1.C execution test
XPASS: g++.old-deja/g++.other/init5.C execution test

		=== g++ Summary ===

# of expected passes		11365
# of unexpected failures	7
# of unexpected successes	1
# of expected failures		69
# of unsupported tests		95
/build/buildd/gcc-4.0-4.0.3/build/gcc/testsuite/g++/../../g++  version 4.0.4 20060507 (prerelease) (Debian 4.0.3-3)

		=== gcc tests ===


Running target unix
WARNING: program timed out.
FAIL: gcc.c-torture/compile/20001226-1.c  -O1  (test for excess errors)
WARNING: program timed out.
FAIL: gcc.c-torture/compile/20001226-1.c  -O2  (test for excess errors)
WARNING: program timed out.
FAIL: gcc.c-torture/compile/20001226-1.c  -O3 -fomit-frame-pointer  (test for excess errors)
WARNING: program timed out.
FAIL: gcc.c-torture/compile/20001226-1.c  -O3 -g  (test for excess errors)
WARNING: program timed out.
FAIL: gcc.c-torture/compile/20001226-1.c  -Os  (test for excess errors)
FAIL: gcc.c-torture/compile/switch-1.c  -O0  (test for excess errors)
FAIL: gcc.c-torture/compile/switch-1.c  -O1  (test for excess errors)
FAIL: gcc.c-torture/compile/switch-1.c  -O2  (test for excess errors)
FAIL: gcc.c-torture/compile/switch-1.c  -O3 -fomit-frame-pointer  (test for excess errors)
FAIL: gcc.c-torture/compile/switch-1.c  -O3 -g  (test for excess errors)
FAIL: gcc.c-torture/compile/switch-1.c  -Os  (test for excess errors)
FAIL: gcc.c-torture/execute/20020418-1.c execution,  -O1 
FAIL: gcc.c-torture/execute/20020418-1.c execution,  -O2 
FAIL: gcc.c-torture/execute/20020418-1.c execution,  -Os 
FAIL: gcc.c-torture/execute/loop-2f.c execution,  -O0 
FAIL: gcc.c-torture/execute/loop-2f.c execution,  -O1 
FAIL: gcc.c-torture/execute/loop-2f.c execution,  -O2 
FAIL: gcc.c-torture/execute/loop-2f.c execution,  -O3 -fomit-frame-pointer 
FAIL: gcc.c-torture/execute/loop-2f.c execution,  -O3 -fomit-frame-pointer -funroll-loops 
FAIL: gcc.c-torture/execute/loop-2f.c execution,  -O3 -fomit-frame-pointer -funroll-all-loops -finline-functions 
FAIL: gcc.c-torture/execute/loop-2f.c execution,  -O3 -g 
FAIL: gcc.c-torture/execute/loop-2f.c execution,  -Os 
FAIL: gcc.c-torture/execute/loop-2g.c execution,  -O0 
FAIL: gcc.c-torture/execute/loop-2g.c execution,  -O1 
FAIL: gcc.c-torture/execute/loop-2g.c execution,  -O2 
FAIL: gcc.c-torture/execute/loop-2g.c execution,  -O3 -fomit-frame-pointer 
FAIL: gcc.c-torture/execute/loop-2g.c execution,  -O3 -fomit-frame-pointer -funroll-loops 
FAIL: gcc.c-torture/execute/loop-2g.c execution,  -O3 -fomit-frame-pointer -funroll-all-loops -finline-functions 
FAIL: gcc.c-torture/execute/loop-2g.c execution,  -O3 -g 
FAIL: gcc.c-torture/execute/loop-2g.c execution,  -Os 
FAIL: gcc.c-torture/execute/pr17377.c execution,  -O3 -fomit-frame-pointer 
FAIL: gcc.c-torture/execute/ieee/copysign1.c execution,  -O0 
FAIL: gcc.c-torture/execute/ieee/copysign1.c execution,  -O1 
FAIL: gcc.c-torture/execute/ieee/copysign1.c execution,  -O2 
FAIL: gcc.c-torture/execute/ieee/copysign1.c execution,  -O3 -fomit-frame-pointer 
FAIL: gcc.c-torture/execute/ieee/copysign1.c execution,  -O3 -fomit-frame-pointer -funroll-loops 
FAIL: gcc.c-torture/execute/ieee/copysign1.c execution,  -O3 -fomit-frame-pointer -funroll-all-loops -finline-functions 
FAIL: gcc.c-torture/execute/ieee/copysign1.c execution,  -O3 -g 
FAIL: gcc.c-torture/execute/ieee/copysign1.c execution,  -Os 
FAIL: gcc.c-torture/execute/ieee/copysign2.c execution,  -O0 
FAIL: gcc.c-torture/execute/ieee/copysign2.c execution,  -O1 
FAIL: gcc.c-torture/execute/ieee/copysign2.c execution,  -O2 
FAIL: gcc.c-torture/execute/ieee/copysign2.c execution,  -O3 -fomit-frame-pointer 
FAIL: gcc.c-torture/execute/ieee/copysign2.c execution,  -O3 -fomit-frame-pointer -funroll-loops 
FAIL: gcc.c-torture/execute/ieee/copysign2.c execution,  -O3 -fomit-frame-pointer -funroll-all-loops -finline-functions 
FAIL: gcc.c-torture/execute/ieee/copysign2.c execution,  -O3 -g 
FAIL: gcc.c-torture/execute/ieee/copysign2.c execution,  -Os 
FAIL: gcc.c-torture/execute/ieee/mul-subnormal-single-1.c execution,  -O0 
FAIL: gcc.c-torture/execute/ieee/mul-subnormal-single-1.c execution,  -O1 
FAIL: gcc.c-torture/execute/ieee/mul-subnormal-single-1.c execution,  -O2 
FAIL: gcc.c-torture/execute/ieee/mul-subnormal-single-1.c execution,  -O3 -fomit-frame-pointer 
FAIL: gcc.c-torture/execute/ieee/mul-subnormal-single-1.c execution,  -O3 -fomit-frame-pointer -funroll-loops 
FAIL: gcc.c-torture/execute/ieee/mul-subnormal-single-1.c execution,  -O3 -fomit-frame-pointer -funroll-all-loops -finline-functions 
FAIL: gcc.c-torture/execute/ieee/mul-subnormal-single-1.c execution,  -O3 -g 
FAIL: gcc.c-torture/execute/ieee/mul-subnormal-single-1.c execution,  -Os 
FAIL: gcc.dg/bitfld-3.c execution test
FAIL: gcc.dg/bitfld-4.c execution test
FAIL: gcc.dg/cleanup-10.c execution test
FAIL: gcc.dg/cleanup-11.c execution test
FAIL: gcc.dg/cleanup-8.c execution test
FAIL: gcc.dg/cleanup-9.c execution test
FAIL: gcc.dg/fold-cond-1.c scan-tree-dump-times \\(g \\| h\\) != 0 1
FAIL: gcc.dg/pack-test-1.c (test for excess errors)
FAIL: gcc.dg/pr18628.c (test for excess errors)
FAIL: gcc.dg/pr19340.c (test for excess errors)
XPASS: gcc.dg/tree-ssa/20040204-1.c scan-tree-dump-times link_error 0

		=== gcc Summary ===

# of expected passes		34563
# of unexpected failures	65
# of unexpected successes	1
# of expected failures		70
# of untested testcases		28
# of unsupported tests		507
/build/buildd/gcc-4.0-4.0.3/build/gcc/xgcc  version 4.0.4 20060507 (prerelease) (Debian 4.0.3-3)

		=== gfortran tests ===


Running target unix
FAIL: gfortran.dg/common_5.f  -O   (test for warnings, line 6)
FAIL: gfortran.fortran-torture/execute/intrinsic_associated_2.f90 compilation,  -O0 

		=== gfortran Summary ===

# of expected passes		8818
# of unexpected failures	2
# of expected failures		1
# of untested testcases		1
# of unsupported tests		17
/build/buildd/gcc-4.0-4.0.3/build/gcc/testsuite/gfortran/../../gfortran  version 4.0.4 20060507 (prerelease) (Debian 4.0.3-3)

		=== objc tests ===


Running target unix

		=== objc Summary ===

# of expected passes		1554
# of unsupported tests		10
/build/buildd/gcc-4.0-4.0.3/build/gcc/xgcc  version 4.0.4 20060507 (prerelease) (Debian 4.0.3-3)

		=== treelang tests ===


Running target unix

		=== treelang Summary ===

# of expected passes		48
		=== libffi tests ===


Running target unix
FAIL: libffi.call/closure_fn0.c (test for excess errors)
WARNING: libffi.call/closure_fn0.c compilation failed to produce executable
FAIL: libffi.call/closure_fn1.c (test for excess errors)
WARNING: libffi.call/closure_fn1.c compilation failed to produce executable
FAIL: libffi.call/closure_fn2.c (test for excess errors)
WARNING: libffi.call/closure_fn2.c compilation failed to produce executable
FAIL: libffi.call/closure_fn3.c (test for excess errors)
WARNING: libffi.call/closure_fn3.c compilation failed to produce executable
FAIL: libffi.call/closure_fn4.c (test for excess errors)
WARNING: libffi.call/closure_fn4.c compilation failed to produce executable
FAIL: libffi.call/closure_fn5.c (test for excess errors)
WARNING: libffi.call/closure_fn5.c compilation failed to produce executable
FAIL: libffi.call/cls_12byte.c (test for excess errors)
WARNING: libffi.call/cls_12byte.c compilation failed to produce executable
FAIL: libffi.call/cls_16byte.c (test for excess errors)
WARNING: libffi.call/cls_16byte.c compilation failed to produce executable
FAIL: libffi.call/cls_18byte.c (test for excess errors)
WARNING: libffi.call/cls_18byte.c compilation failed to produce executable
FAIL: libffi.call/cls_19byte.c (test for excess errors)
WARNING: libffi.call/cls_19byte.c compilation failed to produce executable
FAIL: libffi.call/cls_1_1byte.c (test for excess errors)
WARNING: libffi.call/cls_1_1byte.c compilation failed to produce executable
FAIL: libffi.call/cls_20byte.c (test for excess errors)
WARNING: libffi.call/cls_20byte.c compilation failed to produce executable
FAIL: libffi.call/cls_20byte1.c (test for excess errors)
WARNING: libffi.call/cls_20byte1.c compilation failed to produce executable
FAIL: libffi.call/cls_24byte.c (test for excess errors)
WARNING: libffi.call/cls_24byte.c compilation failed to produce executable
FAIL: libffi.call/cls_2byte.c (test for excess errors)
WARNING: libffi.call/cls_2byte.c compilation failed to produce executable
FAIL: libffi.call/cls_3_1byte.c (test for excess errors)
WARNING: libffi.call/cls_3_1byte.c compilation failed to produce executable
FAIL: libffi.call/cls_3byte1.c (test for excess errors)
WARNING: libffi.call/cls_3byte1.c compilation failed to produce executable
FAIL: libffi.call/cls_3byte2.c (test for excess errors)
WARNING: libffi.call/cls_3byte2.c compilation failed to produce executable
FAIL: libffi.call/cls_4_1byte.c (test for excess errors)
WARNING: libffi.call/cls_4_1byte.c compilation failed to produce executable
FAIL: libffi.call/cls_4byte.c (test for excess errors)
WARNING: libffi.call/cls_4byte.c compilation failed to produce executable
FAIL: libffi.call/cls_5byte.c (test for excess errors)
WARNING: libffi.call/cls_5byte.c compilation failed to produce executable
FAIL: libffi.call/cls_64byte.c (test for excess errors)
WARNING: libffi.call/cls_64byte.c compilation failed to produce executable
FAIL: libffi.call/cls_6byte.c (test for excess errors)
WARNING: libffi.call/cls_6byte.c compilation failed to produce executable
FAIL: libffi.call/cls_7byte.c (test for excess errors)
WARNING: libffi.call/cls_7byte.c compilation failed to produce executable
FAIL: libffi.call/cls_8byte.c (test for excess errors)
WARNING: libffi.call/cls_8byte.c compilation failed to produce executable
FAIL: libffi.call/cls_9byte1.c (test for excess errors)
WARNING: libffi.call/cls_9byte1.c compilation failed to produce executable
FAIL: libffi.call/cls_9byte2.c (test for excess errors)
WARNING: libffi.call/cls_9byte2.c compilation failed to produce executable
FAIL: libffi.call/cls_align_double.c (test for excess errors)
WARNING: libffi.call/cls_align_double.c compilation failed to produce executable
FAIL: libffi.call/cls_align_float.c (test for excess errors)
WARNING: libffi.call/cls_align_float.c compilation failed to produce executable
FAIL: libffi.call/cls_align_longdouble.c (test for excess errors)
WARNING: libffi.call/cls_align_longdouble.c compilation failed to produce executable
FAIL: libffi.call/cls_align_pointer.c (test for excess errors)
WARNING: libffi.call/cls_align_pointer.c compilation failed to produce executable
FAIL: libffi.call/cls_align_sint16.c (test for excess errors)
WARNING: libffi.call/cls_align_sint16.c compilation failed to produce executable
FAIL: libffi.call/cls_align_sint32.c (test for excess errors)
WARNING: libffi.call/cls_align_sint32.c compilation failed to produce executable
FAIL: libffi.call/cls_align_sint64.c (test for excess errors)
WARNING: libffi.call/cls_align_sint64.c compilation failed to produce executable
FAIL: libffi.call/cls_align_uint16.c (test for excess errors)
WARNING: libffi.call/cls_align_uint16.c compilation failed to produce executable
FAIL: libffi.call/cls_align_uint32.c (test for excess errors)
WARNING: libffi.call/cls_align_uint32.c compilation failed to produce executable
FAIL: libffi.call/cls_align_uint64.c (test for excess errors)
WARNING: libffi.call/cls_align_uint64.c compilation failed to produce executable
FAIL: libffi.call/cls_double.c (test for excess errors)
WARNING: libffi.call/cls_double.c compilation failed to produce executable
FAIL: libffi.call/cls_float.c (test for excess errors)
WARNING: libffi.call/cls_float.c compilation failed to produce executable
FAIL: libffi.call/cls_multi_schar.c (test for excess errors)
WARNING: libffi.call/cls_multi_schar.c compilation failed to produce executable
FAIL: libffi.call/cls_multi_sshort.c (test for excess errors)
WARNING: libffi.call/cls_multi_sshort.c compilation failed to produce executable
FAIL: libffi.call/cls_multi_sshortchar.c (test for excess errors)
WARNING: libffi.call/cls_multi_sshortchar.c compilation failed to produce executable
FAIL: libffi.call/cls_multi_uchar.c (test for excess errors)
WARNING: libffi.call/cls_multi_uchar.c compilation failed to produce executable
FAIL: libffi.call/cls_multi_ushort.c (test for excess errors)
WARNING: libffi.call/cls_multi_ushort.c compilation failed to produce executable
FAIL: libffi.call/cls_multi_ushortchar.c (test for excess errors)
WARNING: libffi.call/cls_multi_ushortchar.c compilation failed to produce executable
FAIL: libffi.call/cls_schar.c (test for excess errors)
WARNING: libffi.call/cls_schar.c compilation failed to produce executable
FAIL: libffi.call/cls_sint.c (test for excess errors)
WARNING: libffi.call/cls_sint.c compilation failed to produce executable
FAIL: libffi.call/cls_sshort.c (test for excess errors)
WARNING: libffi.call/cls_sshort.c compilation failed to produce executable
FAIL: libffi.call/cls_uchar.c (test for excess errors)
WARNING: libffi.call/cls_uchar.c compilation failed to produce executable
FAIL: libffi.call/cls_uint.c (test for excess errors)
WARNING: libffi.call/cls_uint.c compilation failed to produce executable
FAIL: libffi.call/cls_ulonglong.c (test for excess errors)
WARNING: libffi.call/cls_ulonglong.c compilation failed to produce executable
FAIL: libffi.call/cls_ushort.c (test for excess errors)
WARNING: libffi.call/cls_ushort.c compilation failed to produce executable
FAIL: libffi.call/nested_struct.c (test for excess errors)
WARNING: libffi.call/nested_struct.c compilation failed to produce executable
FAIL: libffi.call/nested_struct1.c (test for excess errors)
WARNING: libffi.call/nested_struct1.c compilation failed to produce executable
FAIL: libffi.call/nested_struct2.c (test for excess errors)
WARNING: libffi.call/nested_struct2.c compilation failed to produce executable
FAIL: libffi.call/nested_struct3.c (test for excess errors)
WARNING: libffi.call/nested_struct3.c compilation failed to produce executable
FAIL: libffi.call/problem1.c (test for excess errors)
WARNING: libffi.call/problem1.c compilation failed to produce executable
FAIL: libffi.special/unwindtest.cc  -shared-libgcc -lstdc++ (test for excess errors)
WARNING: libffi.special/unwindtest.cc  -shared-libgcc -lstdc++ compilation failed to produce executable

		=== libffi Summary ===

# of expected passes		45
# of unexpected failures	58
# of unsupported tests		2
		=== libmudflap tests ===


Running target unix
WARNING: program timed out.
FAIL: libmudflap.c/heap-scalestress.c execution test
FAIL: libmudflap.c/heap-scalestress.c output pattern test
WARNING: program timed out.
FAIL: libmudflap.c/heap-scalestress.c (-static) execution test
FAIL: libmudflap.c/heap-scalestress.c (-static) output pattern test
WARNING: program timed out.
FAIL: libmudflap.c/heap-scalestress.c (-O2) execution test
FAIL: libmudflap.c/heap-scalestress.c (-O2) output pattern test
WARNING: program timed out.
FAIL: libmudflap.c/heap-scalestress.c (-O3) execution test
FAIL: libmudflap.c/heap-scalestress.c (-O3) output pattern test
WARNING: program timed out.
FAIL: libmudflap.cth/pass39-frag.c execution test
FAIL: libmudflap.cth/pass39-frag.c output pattern test
WARNING: program timed out.
FAIL: libmudflap.cth/pass39-frag.c (rerun 1) execution test
FAIL: libmudflap.cth/pass39-frag.c (rerun 1) output pattern test
WARNING: program timed out.
FAIL: libmudflap.cth/pass39-frag.c (rerun 2) execution test
FAIL: libmudflap.cth/pass39-frag.c (rerun 2) output pattern test
WARNING: program timed out.
FAIL: libmudflap.cth/pass39-frag.c (rerun 3) execution test
FAIL: libmudflap.cth/pass39-frag.c (rerun 3) output pattern test
WARNING: program timed out.
FAIL: libmudflap.cth/pass39-frag.c (rerun 4) execution test
FAIL: libmudflap.cth/pass39-frag.c (rerun 4) output pattern test
WARNING: program timed out.
FAIL: libmudflap.cth/pass39-frag.c (rerun 5) execution test
FAIL: libmudflap.cth/pass39-frag.c (rerun 5) output pattern test
WARNING: program timed out.
FAIL: libmudflap.cth/pass39-frag.c (rerun 6) execution test
FAIL: libmudflap.cth/pass39-frag.c (rerun 6) output pattern test
WARNING: program timed out.
FAIL: libmudflap.cth/pass39-frag.c (rerun 7) execution test
FAIL: libmudflap.cth/pass39-frag.c (rerun 7) output pattern test
WARNING: program timed out.
FAIL: libmudflap.cth/pass39-frag.c (rerun 8) execution test
FAIL: libmudflap.cth/pass39-frag.c (rerun 8) output pattern test
WARNING: program timed out.
FAIL: libmudflap.cth/pass39-frag.c (rerun 9) execution test
FAIL: libmudflap.cth/pass39-frag.c (rerun 9) output pattern test
WARNING: program timed out.
FAIL: libmudflap.cth/pass39-frag.c (rerun 10) execution test
FAIL: libmudflap.cth/pass39-frag.c (rerun 10) output pattern test
WARNING: program timed out.
FAIL: libmudflap.cth/pass39-frag.c (rerun 11) execution test
FAIL: libmudflap.cth/pass39-frag.c (rerun 11) output pattern test
WARNING: program timed out.
FAIL: libmudflap.cth/pass39-frag.c (rerun 12) execution test
FAIL: libmudflap.cth/pass39-frag.c (rerun 12) output pattern test
WARNING: program timed out.
FAIL: libmudflap.cth/pass39-frag.c (rerun 13) execution test
FAIL: libmudflap.cth/pass39-frag.c (rerun 13) output pattern test
WARNING: program timed out.
FAIL: libmudflap.cth/pass39-frag.c (rerun 14) execution test
FAIL: libmudflap.cth/pass39-frag.c (rerun 14) output pattern test
WARNING: program timed out.
FAIL: libmudflap.cth/pass39-frag.c (rerun 15) execution test
FAIL: libmudflap.cth/pass39-frag.c (rerun 15) output pattern test
WARNING: program timed out.
FAIL: libmudflap.cth/pass39-frag.c (rerun 16) execution test
FAIL: libmudflap.cth/pass39-frag.c (rerun 16) output pattern test
WARNING: program timed out.
FAIL: libmudflap.cth/pass39-frag.c (rerun 17) execution test
FAIL: libmudflap.cth/pass39-frag.c (rerun 17) output pattern test
WARNING: program timed out.
FAIL: libmudflap.cth/pass39-frag.c (rerun 18) execution test
FAIL: libmudflap.cth/pass39-frag.c (rerun 18) output pattern test
WARNING: program timed out.
FAIL: libmudflap.cth/pass39-frag.c (rerun 19) execution test
FAIL: libmudflap.cth/pass39-frag.c (rerun 19) output pattern test
WARNING: program timed out.
FAIL: libmudflap.cth/pass40-frag.c execution test
FAIL: libmudflap.cth/pass40-frag.c output pattern test
WARNING: program timed out.
FAIL: libmudflap.cth/pass39-frag.c (-static -DSTATIC) execution test
FAIL: libmudflap.cth/pass39-frag.c (-static -DSTATIC) output pattern test
WARNING: program timed out.
FAIL: libmudflap.cth/pass39-frag.c (-static -DSTATIC) (rerun 1) execution test
FAIL: libmudflap.cth/pass39-frag.c (-static -DSTATIC) (rerun 1) output pattern test
WARNING: program timed out.
FAIL: libmudflap.cth/pass39-frag.c (-static -DSTATIC) (rerun 2) execution test
FAIL: libmudflap.cth/pass39-frag.c (-static -DSTATIC) (rerun 2) output pattern test
WARNING: program timed out.
FAIL: libmudflap.cth/pass39-frag.c (-static -DSTATIC) (rerun 3) execution test
FAIL: libmudflap.cth/pass39-frag.c (-static -DSTATIC) (rerun 3) output pattern test
WARNING: program timed out.
FAIL: libmudflap.cth/pass40-frag.c (-static -DSTATIC) execution test
FAIL: libmudflap.cth/pass40-frag.c (-static -DSTATIC) output pattern test
WARNING: program timed out.
FAIL: libmudflap.cth/pass39-frag.c (-O2) execution test
FAIL: libmudflap.cth/pass39-frag.c (-O2) output pattern test
WARNING: program timed out.
FAIL: libmudflap.cth/pass39-frag.c (-O2) (rerun 1) execution test
FAIL: libmudflap.cth/pass39-frag.c (-O2) (rerun 1) output pattern test
WARNING: program timed out.
FAIL: libmudflap.cth/pass39-frag.c (-O2) (rerun 2) execution test
FAIL: libmudflap.cth/pass39-frag.c (-O2) (rerun 2) output pattern test
WARNING: program timed out.
FAIL: libmudflap.cth/pass39-frag.c (-O2) (rerun 3) execution test
FAIL: libmudflap.cth/pass39-frag.c (-O2) (rerun 3) output pattern test
WARNING: program timed out.
FAIL: libmudflap.cth/pass39-frag.c (-O2) (rerun 4) execution test
FAIL: libmudflap.cth/pass39-frag.c (-O2) (rerun 4) output pattern test
WARNING: program timed out.
FAIL: libmudflap.cth/pass39-frag.c (-O2) (rerun 5) execution test
FAIL: libmudflap.cth/pass39-frag.c (-O2) (rerun 5) output pattern test
WARNING: program timed out.
FAIL: libmudflap.cth/pass39-frag.c (-O2) (rerun 6) execution test
FAIL: libmudflap.cth/pass39-frag.c (-O2) (rerun 6) output pattern test
WARNING: program timed out.
FAIL: libmudflap.cth/pass39-frag.c (-O2) (rerun 7) execution test
FAIL: libmudflap.cth/pass39-frag.c (-O2) (rerun 7) output pattern test
WARNING: program timed out.
FAIL: libmudflap.cth/pass39-frag.c (-O2) (rerun 8) execution test
FAIL: libmudflap.cth/pass39-frag.c (-O2) (rerun 8) output pattern test
WARNING: program timed out.
FAIL: libmudflap.cth/pass39-frag.c (-O2) (rerun 9) execution test
FAIL: libmudflap.cth/pass39-frag.c (-O2) (rerun 9) output pattern test
WARNING: program timed out.
FAIL: libmudflap.cth/pass39-frag.c (-O2) (rerun 10) execution test
FAIL: libmudflap.cth/pass39-frag.c (-O2) (rerun 10) output pattern test
WARNING: program timed out.
FAIL: libmudflap.cth/pass39-frag.c (-O2) (rerun 11) execution test
FAIL: libmudflap.cth/pass39-frag.c (-O2) (rerun 11) output pattern test
WARNING: program timed out.
FAIL: libmudflap.cth/pass39-frag.c (-O2) (rerun 12) execution test
FAIL: libmudflap.cth/pass39-frag.c (-O2) (rerun 12) output pattern test
WARNING: program timed out.
FAIL: libmudflap.cth/pass39-frag.c (-O2) (rerun 13) execution test
FAIL: libmudflap.cth/pass39-frag.c (-O2) (rerun 13) output pattern test
WARNING: program timed out.
FAIL: libmudflap.cth/pass39-frag.c (-O2) (rerun 14) execution test
FAIL: libmudflap.cth/pass39-frag.c (-O2) (rerun 14) output pattern test
WARNING: program timed out.
FAIL: libmudflap.cth/pass39-frag.c (-O2) (rerun 15) execution test
FAIL: libmudflap.cth/pass39-frag.c (-O2) (rerun 15) output pattern test
WARNING: program timed out.
FAIL: libmudflap.cth/pass39-frag.c (-O2) (rerun 16) execution test
FAIL: libmudflap.cth/pass39-frag.c (-O2) (rerun 16) output pattern test
WARNING: program timed out.
FAIL: libmudflap.cth/pass39-frag.c (-O2) (rerun 17) execution test
FAIL: libmudflap.cth/pass39-frag.c (-O2) (rerun 17) output pattern test
WARNING: program timed out.
FAIL: libmudflap.cth/pass39-frag.c (-O2) (rerun 18) execution test
FAIL: libmudflap.cth/pass39-frag.c (-O2) (rerun 18) output pattern test
WARNING: program timed out.
FAIL: libmudflap.cth/pass39-frag.c (-O2) (rerun 19) execution test
FAIL: libmudflap.cth/pass39-frag.c (-O2) (rerun 19) output pattern test
WARNING: program timed out.
FAIL: libmudflap.cth/pass40-frag.c (-O2) execution test
FAIL: libmudflap.cth/pass40-frag.c (-O2) output pattern test
WARNING: program timed out.
FAIL: libmudflap.cth/pass39-frag.c (-O3) execution test
FAIL: libmudflap.cth/pass39-frag.c (-O3) output pattern test
WARNING: program timed out.
FAIL: libmudflap.cth/pass39-frag.c (-O3) (rerun 1) execution test
FAIL: libmudflap.cth/pass39-frag.c (-O3) (rerun 1) output pattern test
WARNING: program timed out.
FAIL: libmudflap.cth/pass39-frag.c (-O3) (rerun 2) execution test
FAIL: libmudflap.cth/pass39-frag.c (-O3) (rerun 2) output pattern test
WARNING: program timed out.
FAIL: libmudflap.cth/pass39-frag.c (-O3) (rerun 3) execution test
FAIL: libmudflap.cth/pass39-frag.c (-O3) (rerun 3) output pattern test
WARNING: program timed out.
FAIL: libmudflap.cth/pass39-frag.c (-O3) (rerun 4) execution test
FAIL: libmudflap.cth/pass39-frag.c (-O3) (rerun 4) output pattern test
WARNING: program timed out.
FAIL: libmudflap.cth/pass39-frag.c (-O3) (rerun 5) execution test
FAIL: libmudflap.cth/pass39-frag.c (-O3) (rerun 5) output pattern test
WARNING: program timed out.
FAIL: libmudflap.cth/pass39-frag.c (-O3) (rerun 6) execution test
FAIL: libmudflap.cth/pass39-frag.c (-O3) (rerun 6) output pattern test
WARNING: program timed out.
FAIL: libmudflap.cth/pass39-frag.c (-O3) (rerun 7) execution test
FAIL: libmudflap.cth/pass39-frag.c (-O3) (rerun 7) output pattern test
WARNING: program timed out.
FAIL: libmudflap.cth/pass39-frag.c (-O3) (rerun 8) execution test
FAIL: libmudflap.cth/pass39-frag.c (-O3) (rerun 8) output pattern test
WARNING: program timed out.
FAIL: libmudflap.cth/pass39-frag.c (-O3) (rerun 9) execution test
FAIL: libmudflap.cth/pass39-frag.c (-O3) (rerun 9) output pattern test
WARNING: program timed out.
FAIL: libmudflap.cth/pass39-frag.c (-O3) (rerun 10) execution test
FAIL: libmudflap.cth/pass39-frag.c (-O3) (rerun 10) output pattern test
WARNING: program timed out.
FAIL: libmudflap.cth/pass39-frag.c (-O3) (rerun 11) execution test
FAIL: libmudflap.cth/pass39-frag.c (-O3) (rerun 11) output pattern test
WARNING: program timed out.
FAIL: libmudflap.cth/pass39-frag.c (-O3) (rerun 12) execution test
FAIL: libmudflap.cth/pass39-frag.c (-O3) (rerun 12) output pattern test
WARNING: program timed out.
FAIL: libmudflap.cth/pass39-frag.c (-O3) (rerun 13) execution test
FAIL: libmudflap.cth/pass39-frag.c (-O3) (rerun 13) output pattern test
WARNING: program timed out.
FAIL: libmudflap.cth/pass39-frag.c (-O3) (rerun 14) execution test
FAIL: libmudflap.cth/pass39-frag.c (-O3) (rerun 14) output pattern test
WARNING: program timed out.
FAIL: libmudflap.cth/pass39-frag.c (-O3) (rerun 15) execution test
FAIL: libmudflap.cth/pass39-frag.c (-O3) (rerun 15) output pattern test
WARNING: program timed out.
FAIL: libmudflap.cth/pass39-frag.c (-O3) (rerun 16) execution test
FAIL: libmudflap.cth/pass39-frag.c (-O3) (rerun 16) output pattern test
WARNING: program timed out.
FAIL: libmudflap.cth/pass39-frag.c (-O3) (rerun 17) execution test
FAIL: libmudflap.cth/pass39-frag.c (-O3) (rerun 17) output pattern test
WARNING: program timed out.
FAIL: libmudflap.cth/pass39-frag.c (-O3) (rerun 18) execution test
FAIL: libmudflap.cth/pass39-frag.c (-O3) (rerun 18) output pattern test
WARNING: program timed out.
FAIL: libmudflap.cth/pass39-frag.c (-O3) (rerun 19) execution test
FAIL: libmudflap.cth/pass39-frag.c (-O3) (rerun 19) output pattern test
WARNING: program timed out.
FAIL: libmudflap.cth/pass40-frag.c (-O3) execution test
FAIL: libmudflap.cth/pass40-frag.c (-O3) output pattern test

		=== libmudflap Summary ===

# of expected passes		1144
# of unexpected failures	144
		=== libstdc++ tests ===


Running target unix
WARNING: program timed out.
ERROR: tcl error sourcing /build/buildd/gcc-4.0-4.0.3/src/libstdc++-v3/testsuite/libstdc++-abi/abi.exp.
ERROR: could not compile testsuite_abi.cc
WARNING: program timed out.
ERROR: tcl error sourcing /build/buildd/gcc-4.0-4.0.3/src/libstdc++-v3/testsuite/libstdc++-dg/normal.exp.
ERROR: could not compile testsuite_abi.cc

		=== libstdc++ Summary ===


Compiler version: 4.0.4 20060507 (prerelease) (Debian 4.0.3-3) 
Platform: m68k-unknown-linux-gnu
configure flags: -v --prefix=/usr --enable-shared --with-system-zlib --libexecdir=/usr/lib --without-included-gettext --enable-threads=posix --enable-nls --program-suffix=-4.0 --enable-__cxa_atexit --enable-clocale=gnu --enable-libstdcxx-debug --enable-java-awt=gtk --enable-gtk-cairo --with-java-home=/usr/lib/jvm/java-1.4.2-gcj-4.0-1.4.2.0/jre --enable-mpfr --disable-werror --enable-checking=release m68k-linux-gnu --enable-languages=c,c++,f95,java,objc,treelang
BOOT_CFLAGS=-O2


Build Dependencies:
Desired=Unknown/Install/Remove/Purge/Hold
| Status=Not/Installed/Config-files/Unpacked/Failed-config/Half-installed
|/ Err?=(none)/Hold/Reinst-required/X=both-problems (Status,Err: uppercase=bad)
||/ Name           Version             Description
+++-==============-===================-==============================================
ii  binutils       2.16.1cvs20060413-1 The GNU assembler, linker and binary utilities


Patches that Debian applied in this version:

svn-updates:
  CVS updates from the 4.0 branch upto 20060507.

gcc-version:
  Add package identification to the gcc version string

gcc-textdomain:
  Set gettext's domain and textdomain to the versioned package name.

rename-info-files:
  Allow transformations on info file names. Reference the
  transformed info file names in the texinfo files.

libstdc++-pic:
  Build and install libstdc++_pic.a library.

libstdc++-doclink:
  adjust hrefs to point to the local documentation

amd64-specs:
  On x86-64 use 64bits mode assembly except with -m32.

gccbug:
  Use sensible-editor instead of vi as fallback editor

gccbug-posix:
  Make gccbug POSIX compliant (patch by David Weinehall)
  http://www.opengroup.org/onlinepubs/009695399/utilities/test.html

boehm-gc-nocheck:
  Disable running the boehm-gc testsuite. Hangs the buildd at least on hppa.

acats-expect:
  Run the ACATS testsuite using expect

fastjar-version:
  Append GCC version to the fastjar version string.

libstdc++-doxygen:
  libstdc++ doxygen docs: Set SHORT_NAMES to YES

arm-bigendian:

pr19877:
  Proposed patch to fix PR19877 (libgcj configury)

323016:
  Apply proposed patch for http://bugs.debian.org/323016

classpath-20050618:
  - update classpath awt, swing and xml parser for HTML support in swing.
  taken from classpath CVS HEAD 2005-06-18.
  - updates for gnu.xml and javax.swing.text.html.

classmap-path:
  Search classmap.db in /var/lib/gcj-4.0 (omitting the subminor version).

xml-update-20050930:
  classpath xml-update from 20050930

gcc-m68k-update:
  2005-07-24  Andreas Schwab  <schwab@suse.de>
  
  	* config/m68k/m68k.md ("extendqidi2"): When source is an address
  	register use a word move.  Correct operand of ext.w in 68000 code.

libjava-awt-name:
  2005-05-12  Thomas Fitzsimmons  <fitzsim@redhat.com>
  
  	* Makefile.am (cond_gtk_gcjawt_ltlibrary): Rename libjawt.la
  	libgcjawt.la.

libjava-awt-peer-gtk:
  Fix a segfault on architectures where the size of a pointer is
  greater than the size of an integer, such as ia64.

libjava-dlsearch-path:
  Add /usr/lib/gcj-4.0 to the dlsearch path.

libjava-streamserializer:
  Fix Ubuntu #12744, bug in StreamSerializer, seen with eclipse-3.1

libjava-saxdriver-fix:
  Fix bug lin SAXDriver, needeed for eclipse's AntCompletionProcessor

libjava-xml-transform:
  Fix bug in xml transformer, needed to fix eclipse's handling of its configuration files

arm-libffi:
  Add closure support to libffi for arm

arm-gij:
  Enable gij interpreter on arm

pr13212:
  Work around PR 13121
  http://gcc.gnu.org/ml/java-patches/2006-q1/msg00181.html

pr26557:
  PR middle-end/26557 (ice-on-vaild-code, regression), gcc-4_0-branch

pr27334:
  * Makefile.in (s-macro_list): Conform to POSIX rules in single quoted strings

proto-dep:
  Fix parallel make (building unprotoize)

hppa-cbranch:
  Fix for PR target/26743 (hppa)
  Backport from gcc trunk 2006-04-12 by tausq@debian.org

hppa-cbranch2:
  Fix for PR target/26743 (hppa)
  Backport from gcc trunk 2006-04-12 by tausq@debian.org

m32r-pie:
  Author: Kazuhiro Inaoka
  Status: in CVS 4.1-branch
  PIE Support

disable-libgcj:
  Do not build the java runtime (from this source package)

link-libs:

cpu-default-i486:
  set default 32bit ix86 architecture to i486

reporting:
  Add Debian URL for bug reporting isntructions.

gcc-ice-hack:
  2004-01-23  Jakub Jelinek  <jakub@redhat.com>
  
  	* system.h (ICE_EXIT_CODE): Define.
  	* gcc.c (execute): Don't free first string early, but at the end
  	of the function.  Call retry_ice if compiler exited with
  	ICE_EXIT_CODE.
  	(retry_ice): New function.
  	* diagnostic.c (diagnostic_count_diagnostic,
  	diagnostic_action_after_output, error_recursion): Exit with
  	ICE_EXIT_CODE instead of FATAL_EXIT_CODE.

Counting all warnings,
there are 85 warnings in stage3 of this bootstrap.

Number of warnings per file:
     22 ./auto-host.h
     12 treelang/lex.c
     11 gengtype-lex.c
     11 gcc/tsystem.h
     11 gcc/defaults.h
      6 gcc/config/m68k/m68k.md
      4 gcc/libgcc2.c
      2 gcc/objc/lang-specs.h
      2 gcc/gcc.c
      2 gcc/cp/decl.c
      1 gcc/treelang/parse.y
      1 gcc/java/jvspec.c

Number of warning types:
     22 this is the location of the previous definition
     22 no previous prototype for `???'
     11 `HAVE_DECL_GETOPT' redefined
     11 `DEFAULT_USE_CXA_ATEXIT' redefined
      5 string length `???' is greater than the length `???' ISO C89 compilers are required to support
      4 source missing a mode?
      2 operand 1 missing mode?
      2 old-style function definition
      2 function declaration isn't a prototype
      1 this function may return with or without a value
      1 control may reach end of non-void function `???' being inlined
      1 comparison between signed and unsigned
      1 `???' with no value, in function returning non-void


Index Nav: [Date Index] [Subject Index] [Author Index] [Thread Index]
Message Nav: [Date Prev] [Date Next] [Thread Prev] [Thread Next]