This is the mail archive of the
gcc-testresults@gcc.gnu.org
mailing list for the GCC project.
Results for 4.1.1 20060517 (prerelease) testsuite on sparc64-unknown-linux-gnu
- From: "David S. Miller" <davem at sunset dot davemloft dot net>
- To: gcc-testresults at gcc dot gnu dot org
- Date: Sun, 21 May 2006 19:47:04 -0700
- Subject: Results for 4.1.1 20060517 (prerelease) testsuite on sparc64-unknown-linux-gnu
LAST_UPDATED: Obtained from SVN: branches/gcc-4_1-branch revision 113871
Native configuration is sparc64-unknown-linux-gnu
=== g++ tests ===
Running target unix
XPASS: g++.dg/tree-ssa/pr14814.C scan-tree-dump-times &this 0
FAIL: g++.dg/tls/static-1.C execution test
=== g++ Summary ===
# of expected passes 11965
# of unexpected failures 1
# of unexpected successes 1
# of expected failures 67
# of unsupported tests 118
/home/davem/src/GCC/4.1.1-RC1/build-sparc64-linux/gcc/testsuite/g++/../../g++ version 4.1.1 20060517 (prerelease)
=== gcc tests ===
Running target unix
FAIL: gcc.dg/tls/opt-11.c execution test
FAIL: gcc.dg/tls/pr24428-2.c execution test
FAIL: gcc.dg/tls/pr24428.c execution test
XPASS: gcc.dg/vect/pr20122.c scan-tree-dump-times vectorized 1 loops 2
XPASS: gcc.dg/vect/vect-105.c scan-tree-dump-times vectorized 1 loops 1
XPASS: gcc.dg/vect/vect-75.c scan-tree-dump-times vectorized 1 loops 1
=== gcc Summary ===
# of expected passes 37576
# of unexpected failures 3
# of unexpected successes 3
# of expected failures 108
# of untested testcases 28
# of unsupported tests 376
/home/davem/src/GCC/4.1.1-RC1/build-sparc64-linux/gcc/xgcc version 4.1.1 20060517 (prerelease)
=== objc tests ===
Running target unix
=== objc Summary ===
# of expected passes 1686
# of unsupported tests 22
/home/davem/src/GCC/4.1.1-RC1/build-sparc64-linux/gcc/xgcc version 4.1.1 20060517 (prerelease)
=== libffi tests ===
Running target unix
=== libffi Summary ===
# of expected passes 228
# of unsupported tests 2
=== libjava tests ===
Running target unix
FAIL: Array_3 execution - source compiled test
FAIL: Array_3 execution - gij test
FAIL: Array_3 execution - bytecode->native test
FAIL: Array_3 -O3 execution - source compiled test
FAIL: Array_3 execution - gij test
FAIL: Array_3 -O3 execution - bytecode->native test
FAIL: Invoke_1 execution - source compiled test
FAIL: Invoke_1 execution - bytecode->native test
FAIL: Invoke_1 -O3 execution - source compiled test
FAIL: Invoke_1 -O3 execution - bytecode->native test
FAIL: PR218 execution - gij test
FAIL: PR218 execution - gij test
WARNING: program timed out.
FAIL: /home/davem/src/GCC/4.1.1-RC1/build-sparc64-linux/sparc64-unknown-linux-gnu/libjava/testsuite/TestLeak.exe execution - /home/davem/src/GCC/4.1.1-RC1/build-sparc64-linux/sparc64-unknown-linux-gnu/libjava/testsuite/TestLeak.exe
=== libjava Summary ===
# of expected passes 4027
# of unexpected failures 13
# of expected failures 10
# of untested testcases 21
=== libmudflap tests ===
Running target unix
FAIL: libmudflap.c/pass54-frag.c execution test
FAIL: libmudflap.c/pass54-frag.c execution test
FAIL: libmudflap.c/pass54-frag.c (-static) execution test
FAIL: libmudflap.c/pass54-frag.c (-static) execution test
=== libmudflap Summary ===
# of expected passes 1795
# of unexpected failures 4
=== libstdc++ tests ===
Running target unix
FAIL: abi_check
XPASS: 26_numerics/cmath/c99_classification_macros_c.cc (test for excess errors)
FAIL: 27_io/basic_filebuf/close/char/4879.cc execution test
FAIL: 27_io/basic_filebuf/close/char/9964.cc execution test
FAIL: 27_io/basic_filebuf/seekoff/char/26777.cc execution test
FAIL: 27_io/basic_filebuf/underflow/char/10097.cc execution test
XPASS: 27_io/fpos/14320-1.cc execution test
FAIL: 27_io/objects/char/7.cc execution test
FAIL: 27_io/objects/char/9661-1.cc execution test
FAIL: 27_io/objects/wchar_t/7.cc execution test
FAIL: 27_io/objects/wchar_t/9661-1.cc execution test
=== libstdc++ Summary ===
# of expected passes 3395
# of unexpected failures 9
# of unexpected successes 2
# of expected failures 11
# of unsupported tests 319
Compiler version: 4.1.1 20060517 (prerelease)
Platform: sparc64-unknown-linux-gnu
configure flags: --prefix=/usr/local --enable-languages=c,c++,java,objc