This is the mail archive of the gcc-testresults@gcc.gnu.org mailing list for the GCC project.


Index Nav: [Date Index] [Subject Index] [Author Index] [Thread Index]
Message Nav: [Date Prev] [Date Next] [Thread Prev] [Thread Next]
Other format: [Raw text]

Results for 4.1.1 20060520 (prerelease) testsuite on ia64-hp-hpux11.23


LAST_UPDATED: Sat May 20 07:15:27 UTC 2006 (/branches/gcc-4_1-branch revision 113923)

Native configuration is ia64-hp-hpux11.23

		=== g++ tests ===


Running target unix/-milp32
XPASS: g++.dg/other/packed1.C execution test
XPASS: g++.dg/tree-ssa/pr14814.C scan-tree-dump-times &this 0
FAIL: g++.dg/warn/weak1.C (test for excess errors)
WARNING: g++.dg/warn/weak1.C compilation failed to produce executable

		=== g++ Summary ===

# of expected passes		11489
# of unexpected failures	1
# of unexpected successes	2
# of expected failures		71
# of unsupported tests		113
/scratch/gcc/nightly-2006-05-20-4.1/ia64-hp-hpux11.23/build_gcc/install/bin/c++  version 4.1.1 20060520 (prerelease)

		=== gcc tests ===


Running target unix/-milp32
FAIL: gcc.dg/attr-weakref-1.c (test for excess errors)
WARNING: gcc.dg/attr-weakref-1.c compilation failed to produce executable
FAIL: gcc.dg/builtin-apply4.c execution test
FAIL: gcc.dg/sibcall-7.c execution test
XPASS: gcc.dg/vect/pr16105.c scan-tree-dump-times vectorized 1 loops 1
XPASS: gcc.dg/vect/pr20122.c scan-tree-dump-times vectorized 1 loops 2
XPASS: gcc.dg/vect/vect-105.c scan-tree-dump-times vectorized 1 loops 1
XPASS: gcc.dg/vect/vect-30.c scan-tree-dump-times vectorized 1 loops 2
XPASS: gcc.dg/vect/vect-42.c scan-tree-dump-times vectorized 1 loops 1
XPASS: gcc.dg/vect/vect-43.c scan-tree-dump-times vectorized 1 loops 1
XPASS: gcc.dg/vect/vect-74.c scan-tree-dump-times vectorized 1 loops 1
XPASS: gcc.dg/vect/vect-75.c scan-tree-dump-times vectorized 1 loops 1
XPASS: gcc.dg/vect/vect-8.c scan-tree-dump-times vectorized 1 loops 1

		=== gcc Summary ===

# of expected passes		37155
# of unexpected failures	3
# of unexpected successes	9
# of expected failures		133
# of untested testcases		28
# of unsupported tests		340
/scratch/gcc/nightly-2006-05-20-4.1/ia64-hp-hpux11.23/build_gcc/install/bin/gcc  version 4.1.1 20060520 (prerelease)

		=== libstdc++ tests ===


Running target unix/-milp32

		=== libstdc++ Summary ===

# of expected passes		2632
# of expected failures		10
# of unsupported tests		159
		=== g++ tests ===


Running target unix/-mlp64
XPASS: g++.dg/other/packed1.C execution test
XPASS: g++.dg/tree-ssa/pr14814.C scan-tree-dump-times &this 0
FAIL: g++.dg/warn/weak1.C (test for excess errors)
WARNING: g++.dg/warn/weak1.C compilation failed to produce executable

		=== g++ Summary ===

# of expected passes		11457
# of unexpected failures	1
# of unexpected successes	2
# of expected failures		71
# of unsupported tests		115
/scratch/gcc/nightly-2006-05-20-4.1/ia64-hp-hpux11.23/build_gcc/install/bin/c++  version 4.1.1 20060520 (prerelease)

		=== gcc tests ===


Running target unix/-mlp64
FAIL: gcc.dg/attr-weakref-1.c (test for excess errors)
WARNING: gcc.dg/attr-weakref-1.c compilation failed to produce executable
FAIL: gcc.dg/builtin-apply4.c execution test
FAIL: gcc.dg/sibcall-7.c execution test
XPASS: gcc.dg/vect/pr16105.c scan-tree-dump-times vectorized 1 loops 1
XPASS: gcc.dg/vect/pr20122.c scan-tree-dump-times vectorized 1 loops 2
XPASS: gcc.dg/vect/vect-105.c scan-tree-dump-times vectorized 1 loops 1
XPASS: gcc.dg/vect/vect-30.c scan-tree-dump-times vectorized 1 loops 2
XPASS: gcc.dg/vect/vect-42.c scan-tree-dump-times vectorized 1 loops 1
XPASS: gcc.dg/vect/vect-43.c scan-tree-dump-times vectorized 1 loops 1
XPASS: gcc.dg/vect/vect-74.c scan-tree-dump-times vectorized 1 loops 1
XPASS: gcc.dg/vect/vect-75.c scan-tree-dump-times vectorized 1 loops 1
XPASS: gcc.dg/vect/vect-8.c scan-tree-dump-times vectorized 1 loops 1

		=== gcc Summary ===

# of expected passes		37155
# of unexpected failures	3
# of unexpected successes	9
# of expected failures		133
# of untested testcases		28
# of unsupported tests		341
/scratch/gcc/nightly-2006-05-20-4.1/ia64-hp-hpux11.23/build_gcc/install/bin/gcc  version 4.1.1 20060520 (prerelease)

		=== libstdc++ tests ===


Running target unix/-mlp64

		=== libstdc++ Summary ===

# of expected passes		2632
# of expected failures		10
# of unsupported tests		159

Compiler version: 4.1.1 20060520 (prerelease) 
Platform: ia64-hp-hpux11.23
configure flags: --disable-nls --build=ia64-hp-hpux11.23 --host=ia64-hp-hpux11.23 --target=ia64-hp-hpux11.23 --enable-languages=c,c++ --enable-shared --enable-threads --disable-libmudflap --disable-libssp --disable-libgomp --disable-libstdcxx-pch --with-gnu-as --with-as=/scratch/gcc/nightly-2006-05-20-4.1/ia64-hp-hpux11.23/build_gcc/install/bin/as --without-gnu-ld --with-ld=/usr/ccs/bin/ld --prefix=/scratch/gcc/nightly-2006-05-20-4.1/ia64-hp-hpux11.23/build_gcc/install --with-bugurl=http://gcc.gnu.org/bugs.html


Index Nav: [Date Index] [Subject Index] [Author Index] [Thread Index]
Message Nav: [Date Prev] [Date Next] [Thread Prev] [Thread Next]