This is the mail archive of the gcc-testresults@gcc.gnu.org mailing list for the GCC project.


Index Nav: [Date Index] [Subject Index] [Author Index] [Thread Index]
Message Nav: [Date Prev] [Date Next] [Thread Prev] [Thread Next]
Other format: [Raw text]

Results for 4.1.1 20060517 (prelease) testsuite on i686-pc-linux-gnu (Debian)


LAST_UPDATED: Obtained from SVN: branches/gcc-4_1-branch revision 113871

		=== gcc tests ===

Schedule of variations:
    unix

FAIL: gcc.dg/cleanup-10.c execution test
FAIL: gcc.dg/cleanup-11.c execution test
FAIL: gcc.dg/cleanup-8.c execution test
FAIL: gcc.dg/cleanup-9.c execution test
FAIL: gcc.dg/vect/pr20122.c scan-tree-dump-times vectorized 1 loops 2

		=== gcc Summary ===

# of expected passes		38357
# of unexpected failures	5
# of expected failures		101
# of untested testcases		28
# of unsupported tests		243


		=== g++ tests ===

Schedule of variations:
    unix

XPASS: g++.dg/tree-ssa/pr14814.C scan-tree-dump-times &this 0

		=== g++ Summary ===

# of expected passes		12093
# of unexpected successes	1
# of expected failures		67
# of unsupported tests		66


		=== gfortran tests ===

Schedule of variations:
    unix

		=== gfortran Summary ===

# of expected passes		12509
# of expected failures		13
# of unsupported tests		16


		=== objc tests ===

Schedule of variations:
    unix

		=== objc Summary ===

# of expected passes		1686
# of unsupported tests		22


		=== libstdc++ tests ===

Schedule of variations:
    unix

FAIL: abi_check
XPASS: 26_numerics/cmath/c99_classification_macros_c.cc (test for excess errors)

		=== libstdc++ Summary ===

# of expected passes		3403
# of unexpected failures	1
# of unexpected successes	1
# of expected failures		12
# of unsupported tests		319


		=== libmudflap tests ===

Schedule of variations:
    unix


		=== libmudflap Summary ===

# of expected passes		1799


		=== libffi tests ===

Schedule of variations:
    unix

		=== libffi Summary ===

# of expected passes		228
# of unsupported tests		2


		=== libjava tests ===

Schedule of variations:
    unix


		=== libjava Summary ===

# of expected passes		4053
# of expected failures		10
# of untested testcases		8


Environment:

gcc version 4.2.0 20060419 (experimental)
binutils 2.16.91 20060413 Debian GNU/Linux
Linux 2.6.16-1-686 i686
libc6 2.3.6-7

Compiler configuration:
Using built-in specs.
Target: i686-pc-linux-gnu
Configured with: ../gcc-4.1.1-20060517/configure
Thread model: posix
gcc version 4.1.1 20060517 (prerelease)

-- 
Martin Michlmayr
http://www.cyrius.com/


Index Nav: [Date Index] [Subject Index] [Author Index] [Thread Index]
Message Nav: [Date Prev] [Date Next] [Thread Prev] [Thread Next]